NOAA Reports


Report for 2020 03






                            MONTHLY CLIMATOLOGICAL SUMMARY for JAN. 2020

NAME: THE FARM   CITY: Calabash STATE: North Carolina
ELEV: 44 Feet LAT: 033:55:28.7554 LONG: -0078:34:10.7426

                            TEMPERATURE ( F), RAIN (in.), WIND SPEED (mph)

                                               HEAT     COOL           AVG
      MEAN                                     DEG      DEG            WIND                      DOM
DAY   TEMP    HIGH   TIME     LOW    TIME      DAYS     DAYS    RAIN   SPEED   HIGH    TIME      DIR
--------------------------------------------------------------------------------------------------------
01    46.4   059.2   14:28    38.8   07:31     18.5     00.0   00.00   001     015    08:16      NW
02    49.5   061.2   12:36    38.6   02:13     15.4     00.0   00.00   001     012    00:00      SW
03    67.3   073.3   12:15    60.1   00:01     00.0     02.3   00.00   006     024    23:24     SSW
04    63.7   069.7   04:19    49.3   00:00     01.3     00.0   00.24   004     035    23:24     WSW
05    44.9   056.3   14:47    36.0   00:00     20.0     00.0   00.00   003     022    00:47     WSW
06    44.8   062.4   14:59    34.5   07:38     20.1     00.0   00.00   001     010    13:41      SW
07    39.3   065.0   13:03    24.5   00:00     25.6     00.0   00.33   002     028    11:45     SSE
08    25.6   035.5   14:10    17.0   00:00     39.4     00.0   00.00   002     015    10:49      NW
09    26.3   041.8   15:44    14.1   07:08     38.6     00.0   00.00   001     013    11:40      N 
10    39.6   055.9   14:38    22.3   00:07     25.3     00.0   00.05   001     009    13:29      NE
11    57.6   070.4   13:22    45.5   07:15     07.4     00.0   00.01   001     014    22:56      S 
12    60.0   071.4   14:49    49.5   07:52     05.0     00.0   00.00   002     013    15:36      S 
13    53.7   077.5   12:59    38.6   23:58     11.3     00.0   00.07   003     016    16:16      W 
14    37.3   040.7   14:17    29.8   00:00     27.6     00.0   00.01   003     016    05:37     NNW
15    37.5   049.4   14:47    27.6   07:41     27.5     00.0   00.00   001     013    14:24     NNW
16    43.4   057.9   13:49    33.5   00:00     21.6     00.0   00.00   001     012    15:49      SE
17    42.3   058.2   13:12    29.5   07:00     22.7     00.0   00.01   001     013    13:47      E 
18    46.4   059.7   12:45    35.6   06:25     18.6     00.0   00.05   001     010    12:00     ENE
19    55.4   065.6   14:09    40.3   00:03     09.6     00.0   00.00   003     021    23:43     ESE
20    53.5   066.0   02:45    35.5   23:47     11.5     00.0   00.20   005     026    03:34      SW
21    30.6   037.9   14:51    22.0   23:45     34.3     00.0   00.00   003     025    09:04     NNW
22    32.6   046.8   14:57    21.3   02:02     32.3     00.0   00.00   002     014    11:31      N 
23    53.4   066.6   14:09    31.2   03:22     11.5     00.0   00.00   004     022    22:48      E 
24    60.5   070.1   14:46    46.7   21:58     04.4     00.0   00.77   006     028    08:00      S 
25    43.1   053.6   14:44    33.2   07:49     21.9     00.0   00.00   002     016    11:49      NW
26    39.9   057.0   13:27    26.8   07:36     25.1     00.0   00.00   001     016    12:06      S 
27    38.9   050.4   14:05    28.2   06:02     26.1     00.0   00.00   000     006    18:43      S 
28    43.6   053.3   15:14    32.5   00:00     21.3     00.0   00.00   002     013    10:58     NNE
29    46.7   059.3   12:08    32.2   01:38     18.3     00.0   00.01   002     018    15:02      S 
30    39.0   049.0   13:21    31.1   07:29     25.9     00.0   00.00   002     013    13:30      NW
31    34.6   048.3   13:58    25.7   07:12     30.3     00.0   00.00   002     015    14:42     ENE
--------------------------------------------------------------------------------------------------------
45.1 (45.5)   77.5  day 13     14.1  day 09   618.2    002.3   01.94   02.2     035   day 24      SW
Min <=  86: 31
Min <=  23: 5
Max Rain: 0.77 ON 24-01-20
Days of Rain: 11 (> .008in) 4 (> .08in) 0 (> 0.8in)