NOAA Reports


Report for 2020 02






                            YEARLY CLIMATOLOGICAL SUMMARY for Dec 2019

NAME: THE FARM   CITY: Calabash STATE: North Carolina
ELEV: 44 Feet LAT: 033:55:28.7554 LONG: -0078:34:10.7426

                            TEMPERATURE ( F), RAIN (in.), WIND SPEED (mph)

                                                 HEAT     COOL           AVG
      MEAN                                       DEG      DEG            WIND                        DOM
MTH   TEMP    HIGH   TIME      LOW     TIME      DAYS     DAYS   RAIN    SPEED    HIGH    TIME       DIR
--------------------------------------------------------------------------------------------------------
01    46.8   074.8   13:32    21.3   02:02    0564.7    0002.1   01.91    02.2     028    23:57      N 
02    53.9   080.1   13:23    27.3   04:53    0290.7    0001.8   01.54    02.5     024    23:57     NNE
03    54.4   078.6   14:57    27.3   06:22    0326.0    0005.9   03.71    03.2     029    23:55      NE
04    64.2   085.2   13:51    33.3   07:13    0098.6    0076.4   05.07    03.4     040    23:57      E 
05    75.0   100.8   13:26    45.3   06:34    0005.2    0316.4   01.26    02.6     025    23:56     ESE
06    77.7   094.2   14:42    54.9   06:07    0000.0    0380.7   08.46    02.4     025    23:57     ESE
07    80.2   095.9   13:13    62.3   06:45    0000.0    0394.6   09.29    02.2     029    23:57      SE
08    79.4   096.5   13:47    66.2   06:22    0000.0    0447.3   11.45    01.8     020    23:51      SE
09    76.3   092.6   13:14    55.9   07:12    0000.0    0325.6   08.84    02.8     097    23:57      SE
10    69.3   092.6   14:34    44.7   07:19    0029.7    0154.6   06.04    01.9     029    23:54     ESE
11    51.2   078.1   13:32    29.7   06:59    0413.0    0000.0   04.45    02.2     036    23:57     ESE
12    51.5   076.0   11:39    24.0   07:28    0425.7    0003.5   05.60    02.7     028    23:57     ESE
--------------------------------------------------------------------------------------------------------
      64.9    100.8            21.3            2153.6     2108.8   67.62     2.5     97              ESE

Max >=  90.0: 103
Max <=  32.0: 0
Min <=  32.0: 354
Min <=   0.0: 0
Max >=  90.0: 103
Max <=  32.0: 0
Min <=  32.0: 354
Min <=   0.0: 0
Max <= 23.0: 0
Min <=  23.0: 2
Max <=  14.0: 0
Min <=  14.0: 0
Max <=   5.0: 0
Min <=   0.0: 0
Max <=  -4.0: 0
Min <=  -4.0: 0
Max <= -13.0: 0
Min <= -13.0: 0
Max Rain: 0.00 ON 31-01-20
Days of Rain: 142 (> .008in) 84 (> .08in) 21 (> 0.8in)