NOAA Reports


Report for 2000 Jan
MONTHLY CLIMATOLOGICAL SUMMARY for JAN. 2000

NAME: Sunset Beach   CITY: Sunset Beach (Mainland) STATE: North Carolina
ELEV: 52 LAT: 033:54:59 LONG: 0078:29:50

                            TEMPERATURE ( °F), RAIN (in.), WIND SPEED (mph)

                                               HEAT     COOL           AVG
      MEAN                                     DEG      DEG            WIND                       DOM
DAY   TEMP    HIGH   TIME     LOW    TIME      DAYS     DAYS    RAIN   SPEED    HIGH    TIME      DIR
----------------------------------------------------------------------------------------------------------------------------------------------------------
01    50.3    63.5   14:30    39.8   00:00     14.6     00.0   00.00   01.2     20.7    14:00     WSW
02    33.4    37.8   01:29    29.1   05:30     31.6     00.0   00.00   01.5     18.4    15:00      NW
03    28.7    38.6   15:30    18.3   00:00     36.3     00.0   00.00   01.3     16.1    10:00     NNE
04    29.9    45.2   14:30    14.4   07:30     35.1     00.0   00.00   00.3     06.9    15:00      SW
05    40.6    55.9   14:00    19.5   01:00     24.4     00.0   00.09   00.4     10.3    15:00      S 
06    51.0    66.0   13:00    39.7   06:00     13.9     00.0   00.00   00.5     11.5    14:30     SSE
07    53.3    70.3   13:30    40.1   08:00     11.7     00.0   00.00   00.4     09.2    15:30     SSW
08    59.2    72.4   15:00    47.1   00:30     05.7     00.0   00.00   00.5     11.5    14:00      S 
09    60.5    71.6   15:30    50.4   03:29     04.4     00.0   00.00   00.7     11.5    16:00      SW
10    61.9    69.0   15:00    55.5   07:30     03.0     00.0   00.24   00.4     10.3    13:30     SSE
11    62.9    66.7   15:00    59.0   20:00     02.1     00.0   00.92   01.8     16.1    17:00      SW
12    58.7    62.3   15:00    53.2   00:00     06.2     00.0   00.24   00.3     09.2    22:30     ENE
13    51.9    57.2   16:30    47.4   00:00     13.0     00.0   00.00   00.5     10.3    05:30      NE
14    44.4    55.2   16:00    35.7   08:00     20.5     00.0   00.00   01.0     17.3    14:30     WSW
15    37.0    51.3   15:00    26.3   08:00     27.9     00.0   00.00   00.8     16.1    15:00     WNW
16    35.1    45.1   15:00    23.2   08:00     29.8     00.0   00.08   00.3     09.2    12:00      E 
17    43.6    54.4   16:00    36.1   00:30     21.4     00.0   01.28   01.6     16.1    06:30     ENE
18    40.8    47.3   16:30    36.3   00:00     24.1     00.0   00.00   00.2     06.9    07:00     NNW
19    39.8    44.4   14:00    33.4   04:00     25.1     00.0   01.03   00.8     11.5    22:30     NNE
20    34.4    40.9   14:30    25.7   00:00     30.5     00.0   00.01   01.1     14.9    14:30     NNW
21    32.4    42.8   16:00    20.6   08:00     32.6     00.0   00.00   01.4     11.5    14:30      E 
22    45.6    65.1   14:30    32.0   07:30     19.4     00.0   00.00   00.6     09.2    17:00     SSE
23    49.0    57.6   14:00    41.2   23:30     16.0     00.0   00.05   00.5     10.3    15:30      S 
24    46.5    57.6   13:00    37.8   20:30     18.5     00.0   00.00   00.9     17.3    15:00      W 
25    33.4    42.8   16:00    26.6   22:00     31.6     00.0   00.00   01.0     12.7    12:00     NNE
26    38.0    45.3   17:30    30.5   00:30     26.9     00.0   00.13   00.0     06.9    11:30      NW
27    40.7    56.0   15:30    29.3   00:00     24.3     00.0   00.00   00.7     11.5    13:30      N 
28    38.1    53.0   15:00    28.3   08:00     26.9     00.0   00.01   00.6     11.5    11:00     NNW
29    49.8    60.7   15:00    33.3   00:30     15.2     00.0   00.00   02.1     18.4    15:00      SW
30    55.5    66.8   13:00    39.7   21:30     09.5     00.0   00.12   01.9     20.7    07:30     WSW
31    46.7    58.0   13:30    35.1   07:30     18.3     00.0   00.00   01.5     12.7    11:00     ENE
----------------------------------------------------------------------------------------------------------------------------------------------------------
44.9 (45.2)   72.4  day 08     14.4  day 04   620.2    000.0   04.20   00.9     20.7   day 30     WSW
Min <=  86: 31
Min <=  23: 4
Max Rain: 1.28 ON 17-01-10
Days of Rain: 12 (> .008in) 9 (> .08in) 3 (> 0.8in)