NOAA Reports


Report for 2000 Sep
MONTHLY CLIMATOLOGICAL SUMMARY for SEP. 2000

NAME: Sunset Beach   CITY: Sunset Beach (Mainland) STATE: North Carolina
ELEV: 52 LAT: 033:54:59 LONG: 0078:29:50

                            TEMPERATURE ( F), RAIN (in.), WIND SPEED (mph)

                                               HEAT     COOL           AVG
      MEAN                                     DEG      DEG            WIND                       DOM
DAY   TEMP    HIGH   TIME     LOW    TIME      DAYS     DAYS    RAIN   SPEED    HIGH    TIME      DIR
----------------------------------------------------------------------------------------------------------------------------------------------------------
01    80.0    84.5   13:00    71.2   00:00     00.0     15.1   01.04   00.0     01.1    13:00     ESE
02    73.9    84.4   00:30    71.0   02:00     00.0     08.9   00.39   00.0     09.2    00:30     ENE
03    67.3    72.3   11:30    61.1   22:00     00.0     02.4   00.00   00.0     00.0    00:00     ENE
04    62.2    65.3   19:00    57.9   08:30     02.7     00.0   00.00   00.0     00.0    00:00     ENE
05    67.9    78.3   16:00    60.6   08:30     00.0     02.9   00.00   00.0     00.0    00:00     ENE
06    69.3    77.3   18:00    62.1   04:30     00.0     04.3   00.00   00.0     00.0    00:00     ENE
07    72.7    84.3   14:00    61.6   08:00     00.0     07.7   00.00   00.0     01.1    14:00      E 
08    75.8    92.4   15:00    61.3   08:30     00.0     10.9   00.00   00.0     00.0    00:00     ESE
09    76.2    92.5   11:30    63.1   08:30     00.0     11.3   00.00   00.0     00.0    00:00     ESE
10    75.6    92.2   11:30    62.7   08:00     00.0     10.7   00.00   00.0     01.1    09:00     ESE
11    77.9    96.7   12:00    62.6   08:00     00.0     12.9   00.00   00.0     04.6    20:30     ESE
12    75.5    87.2   12:30    65.7   00:00     00.0     10.5   00.00   00.0     00.0    00:00      N 
13    63.2    76.3   16:00    48.4   08:00     01.7     00.0   00.00   00.0     00.0    00:00      N 
14    58.9    70.2   18:30    45.0   08:30     06.0     00.0   00.00   00.0     01.1    17:00     NNE
15    60.1    67.9   15:00    52.7   03:30     04.8     00.0   00.82   00.0     00.0    00:00     ESE
16    71.7    84.3   16:00    62.2   03:30     00.0     06.8   00.19   00.0     00.0    00:00     ESE
17    76.7    85.9   15:30    63.7   08:30     00.0     11.8   00.00   00.0     01.1    19:30     NNE
18    74.9    82.3   15:30    70.7   00:00     00.0     09.9   00.00   00.0     00.0    00:00     ENE
19    67.1    70.2   00:30    63.3   18:00     00.0     02.2   01.12   00.0     00.0    00:00     ENE
20    70.3    85.5   16:00    63.4   01:00     00.0     05.4   00.85   00.0     01.1    13:30      E 
21    78.1    91.5   16:30    66.5   07:00     00.0     13.2   00.00   00.0     00.0    00:00     ESE
22    75.5    84.4   15:00    69.9   00:00     00.0     10.6   00.57   00.0     00.0    00:00     ESE
23    59.8    67.7   12:30    55.5   00:00     05.1     00.0   00.00   00.0     00.0    00:00     ESE
24    59.4    69.2   16:30    48.7   09:00     05.5     00.0   00.00   00.0     00.0    00:00     ESE
25    60.4    75.7   16:30    47.0   07:00     04.5     00.0   00.00   00.0     00.0    00:00     ESE
26    59.1    70.0   17:00    48.4   05:00     05.8     00.0   00.00   00.0     00.0    00:00     ESE
27    62.5    83.6   15:00    53.3   07:30     02.5     00.0   00.00   00.0     02.3    15:00     ENE
----------------------------------------------------------------------------------------------------------------------------------------------------------
69.3 (70.2)   96.7  day 11     45.0  day 14   038.7    157.5   04.76   00.0     09.2   day 27      E 
Max >=  86: 6
Min <=  86: 27
Max Rain: 1.12 ON 19-09-10
Days of Rain: 7 (> .008in) 7 (> .08in) 4 (> 0.8in)