NOAA Reports


Report for 2001 Mar
MONTHLY CLIMATOLOGICAL SUMMARY for MAR. 2001

NAME: Sunset Beach   CITY: Sunset Beach (Mainland) STATE: North Carolina
ELEV: 52 LAT: 033:54:59 LONG: 0078:29:50

                            TEMPERATURE ( F), RAIN (in.), WIND SPEED (mph)

                                               HEAT     COOL           AVG
      MEAN                                     DEG      DEG            WIND                       DOM
DAY   TEMP    HIGH   TIME     LOW    TIME      DAYS     DAYS    RAIN   SPEED    HIGH    TIME      DIR
----------------------------------------------------------------------------------------------------------------------------------------------------------
01    50.3    62.7   16:00    37.5   08:00     14.7     00.0   00.00   00.4     08.1    13:30     ENE
02    58.1    73.5   15:00    41.3   01:29     06.9     00.0   00.00   00.6     09.2    13:30      SE
03    50.9    57.2   00:30    49.0   23:30     14.0     00.0   00.53   00.6     05.8    15:00     ENE
04    50.0    51.8   16:00    48.7   00:00     14.9     00.0   00.33   00.7     09.2    04:30     ENE
05    47.2    55.7   14:30    35.4   00:00     17.8     00.0   00.03   02.1     12.7    17:30     ESE
06    36.1    62.5   01:29    28.5   07:30     28.9     00.0   00.00   02.5     19.6    10:00     ESE
07    41.1    62.5   12:30    32.4   08:00     23.8     00.0   00.00   01.7     11.5    16:30      E 
08    33.1    33.6   23:29    32.6   00:00     31.8     00.0   00.00   00.0     02.3    23:29     SSE
09    42.3    57.5   15:30    24.2   07:00     22.7     00.0   00.00   00.9     10.3    18:30     WSW
10    47.8    59.9   15:30    34.4   08:30     17.1     00.0   00.00   01.2     11.5    21:30      SW
11    41.6    62.6   08:30    24.5   08:00     23.3     00.0   00.00   00.9     10.3    11:30     ENE
12    46.3    64.6   17:00    26.1   07:00     18.6     00.0   00.00   01.0     10.3    10:30      W 
13    53.3    66.6   14:30    38.6   04:00     11.6     00.0   00.22   01.3     16.1    17:00      W 
14    64.9    74.2   15:00    53.4   00:00     00.1     00.0   00.00   02.5     14.9    17:30      W 
15    56.8    70.5   14:00    40.2   05:30     08.2     00.0   00.00   00.8     11.5    14:30     WSW
16    50.9    53.7   16:30    48.5   00:00     14.1     00.0   00.81   00.5     11.5    04:30     ESE
17    47.1    52.6   18:30    41.5   00:00     17.8     00.0   00.02   00.7     10.3    11:30     NNE
18    51.4    63.9   14:30    38.9   08:00     13.5     00.0   00.01   01.0     11.5    15:00      E 
19    46.4    56.7   15:30    34.3   00:00     18.6     00.0   00.00   01.7     11.5    16:30      E 
20    45.8    57.2   15:30    29.3   08:00     19.2     00.0   00.00   01.6     12.7    13:30      E 
21    42.7    46.2   22:30    37.3   11:00     22.3     00.0   01.15   03.9     25.3    20:00      E 
22    45.9    62.5   02:00    43.3   00:00     19.1     00.0   00.37   00.6     12.7    00:30     ENE
23    51.1    64.4   14:30    35.7   07:00     13.8     00.0   00.00   01.2     12.7    16:30     ESE
24    53.6    67.6   17:00    34.1   07:30     11.3     00.0   00.00   01.0     10.3    14:30     ESE
25    56.1    73.2   15:00    34.4   06:30     08.9     00.0   00.00   01.2     12.7    18:59     WSW
26    49.4    62.5   09:00    42.9   07:30     15.6     00.0   00.00   01.4     11.5    10:00     ENE
27    45.2    62.5   15:00    34.0   00:00     19.7     00.0   00.00   01.5     14.9    09:30     ESE
28    39.3    49.7   14:30    27.0   07:30     25.7     00.0   00.00   01.0     10.3    11:00     ENE
29    43.6    62.5   04:00    24.8   07:00     21.3     00.0   00.00   01.1     16.1    16:30      E 
30    43.4    62.5   11:30    40.7   07:30     21.6     00.0   01.65   01.2     14.9    18:59     ENE
31    52.3    65.2   15:30    43.1   06:00     12.6     00.0   00.00   00.8     10.3    13:00      W 
----------------------------------------------------------------------------------------------------------------------------------------------------------
47.9 (48.6)   74.2  day 14     24.2  day 09   529.4    000.0   05.14   01.2     25.3   day 21      E 
Min <=  86: 31
Max Rain: 1.65 ON 30-03-10
Days of Rain: 10 (> .008in) 7 (> .08in) 3 (> 0.8in)