NOAA Reports


Report for 2001 Jun
MONTHLY CLIMATOLOGICAL SUMMARY for JUN. 2001

NAME: Sunset Beach   CITY: Sunset Beach (Mainland) STATE: North Carolina
ELEV: 52 LAT: 033:54:59 LONG: 0078:29:50

                            TEMPERATURE ( F), RAIN (in.), WIND SPEED (mph)

                                               HEAT     COOL           AVG
      MEAN                                     DEG      DEG            WIND                       DOM
DAY   TEMP    HIGH   TIME     LOW    TIME      DAYS     DAYS    RAIN   SPEED    HIGH    TIME      DIR
----------------------------------------------------------------------------------------------------------------------------------------------------------
01    68.7    72.9   13:30    64.0   07:30     00.0     03.8   00.25   00.3     05.8    21:30     NNW
02    70.7    79.5   17:30    63.2   04:30     00.0     05.8   00.00   00.8     11.5    10:30      W 
03    74.1    83.2   18:00    59.1   07:30     00.0     09.1   00.00   00.9     09.2    16:30     WSW
04    75.3    86.7   17:00    62.4   08:00     00.0     10.3   00.01   00.6     11.5    18:30      W 
05    81.5    89.6   14:30    69.3   07:30     00.0     16.6   00.00   00.7     73.6    00:33      W 
06    79.5    90.1   15:00    66.4   07:30     00.0     14.5   00.00   00.2     04.6    16:00      E 
07    76.9    84.2   13:30    71.5   07:00     00.0     12.0   00.00   00.7     11.5    15:30      W 
08    72.0    78.1   16:00    62.7   14:00     00.0     07.0   00.14   00.1     06.9    16:00      NW
09    71.6    78.5   18:30    65.3   08:00     00.0     06.7   00.00   00.4     04.6    19:00      NW
10    72.7    83.7   14:00    60.2   07:00     00.0     07.7   00.00   00.5     08.1    14:00     NNE
11    75.3    86.7   16:00    62.4   07:30     00.0     10.3   00.00   00.0     06.9    15:30      NW
12    76.0    84.5   16:00    62.7   22:30     00.0     11.1   00.00   00.6     11.5    15:00      NW
13    75.3    86.6   14:30    69.2   00:00     00.0     10.4   01.70   00.8     13.8    15:30     ENE
14    76.4    89.3   16:30    62.7   04:00     00.0     11.5   00.14   00.7     14.9    20:00     ENE
15    76.7    88.1   16:30    66.8   07:00     00.0     11.8   00.17   00.1     10.3    19:30     ESE
16    76.4    86.7   14:30    67.2   07:00     00.0     11.4   00.12   00.5     06.9    21:00     SSE
17    77.8    88.3   16:00    66.1   07:30     00.0     12.9   00.00   00.9     11.5    15:00      E 
18    76.5    86.4   17:30    60.6   07:30     00.0     11.5   00.00   00.6     10.3    12:00     ENE
19    78.2    86.3   14:00    63.8   07:30     00.0     13.3   00.00   00.1     08.1    15:00      N 
20    77.4    88.5   15:00    65.4   07:30     00.0     12.5   00.00   00.5     08.1    16:00      W 
21    78.2    89.1   15:30    64.8   07:30     00.0     13.2   00.00   00.6     09.2    18:30     WSW
22    72.9    87.7   13:30    62.7   08:00     00.0     07.9   01.87   00.6     11.5    16:00     WSW
23    72.3    81.5   17:00    65.4   06:00     00.0     07.4   00.00   00.4     08.1    01:00      W 
24    73.1    81.6   15:30    63.0   06:30     00.0     08.2   00.00   00.9     11.5    12:00     ENE
25    70.6    78.9   17:30    61.9   06:30     00.0     05.7   01.40   01.0     11.5    17:00     ENE
26    72.0    81.9   14:30    65.9   03:30     00.0     07.0   00.14   00.7     17.3    18:00     ENE
27    78.3    86.4   16:00    63.7   07:30     00.0     13.4   00.01   00.0     06.9    17:30      N 
28    76.9    88.4   15:30    67.4   08:00     00.0     12.0   00.45   00.1     17.3    19:30      W 
29    76.8    86.6   15:30    66.8   06:00     00.0     11.9   00.00   00.6     09.2    19:00     WNW
30    78.6    87.0   15:00    62.8   22:30     00.0     13.6   00.00   00.3     10.3    21:00      W 
----------------------------------------------------------------------------------------------------------------------------------------------------------
75.3 (74.7)   90.1  day 06     59.1  day 03   000.0    310.6   06.41   00.5     73.6   day 29      NW
Max >=  86: 18
Min <=  86: 30
Max Rain: 1.87 ON 22-06-10
Days of Rain: 12 (> .008in) 10 (> .08in) 3 (> 0.8in)