NOAA Reports


Report for 2001 Jul
MONTHLY CLIMATOLOGICAL SUMMARY for JUL. 2001

NAME: Sunset Beach   CITY: Sunset Beach (Mainland) STATE: North Carolina
ELEV: 52 LAT: 033:54:59 LONG: 0078:29:50

                            TEMPERATURE ( F), RAIN (in.), WIND SPEED (mph)

                                               HEAT     COOL           AVG
      MEAN                                     DEG      DEG            WIND                       DOM
DAY   TEMP    HIGH   TIME     LOW    TIME      DAYS     DAYS    RAIN   SPEED    HIGH    TIME      DIR
----------------------------------------------------------------------------------------------------------------------------------------------------------
01    77.1    85.6   18:00    62.8   02:30     00.0     12.2   00.00   00.5     08.1    18:00      W 
02    79.0    87.1   13:30    68.8   07:30     00.0     14.1   00.01   00.9     10.3    00:00      NE
03    75.3    82.7   17:00    69.4   08:00     00.0     10.4   00.01   01.1     09.2    22:30      W 
04    76.2    86.9   15:30    69.5   00:00     00.0     11.3   01.39   00.8     09.2    20:00      W 
05    74.7    85.5   18:00    67.5   06:30     00.0     09.7   00.22   00.4     10.3    21:00     WNW
06    75.8    85.9   15:00    64.9   07:30     00.0     10.9   00.01   00.4     06.9    20:00      E 
07    73.9    82.9   16:30    62.9   08:30     00.0     09.0   00.00   00.8     11.5    12:00     NNW
08    72.6    75.7   20:30    70.4   05:30     00.0     07.7   00.40   00.3     05.8    16:00      NW
09    77.0    87.4   14:30    68.0   06:30     00.0     12.1   00.00   00.4     08.1    14:00     WSW
10    80.0    90.4   16:00    69.4   07:30     00.0     15.0   00.00   00.0     03.5    16:30      W 
11    82.0    92.3   15:30    70.9   07:30     00.0     17.0   00.00   00.0     04.6    14:00      W 
12    78.3    85.1   16:30    67.8   07:00     00.0     13.3   00.00   00.5     08.1    13:00     ENE
13    70.6    75.7   18:00    65.1   09:30     00.0     05.7   00.17   00.7     09.2    16:00     NNE
14    72.5    82.5   15:00    58.9   07:30     00.0     07.6   00.00   00.0     08.1    15:00     ENE
15    72.6    83.6   17:00    59.2   07:30     00.0     07.7   00.00   00.0     06.9    14:00      E 
16    73.6    86.2   15:00    58.8   07:30     00.0     08.6   00.00   00.0     05.8    14:30      E 
17    76.5    87.1   17:00    63.0   04:30     00.0     11.5   00.00   00.0     06.9    18:30     NNW
18    78.3    89.2   14:00    68.9   07:30     00.0     13.4   00.16   00.1     06.9    22:00      SW
19    76.8    86.6   15:00    68.7   07:30     00.0     11.9   00.51   00.4     06.9    15:00      E 
20    75.3    83.0   14:30    67.5   00:00     00.0     10.4   00.52   01.1     11.5    14:30     ENE
21    72.1    81.5   17:00    62.2   07:30     00.0     07.1   00.00   00.6     11.5    13:30      NE
22    71.6    84.5   15:00    57.1   07:30     00.0     06.7   00.00   00.0     09.2    17:30     NNE
23    73.6    86.5   17:00    62.3   06:30     00.0     08.6   00.09   00.5     09.2    18:29     NNE
24    75.9    84.6   14:30    73.5   03:00     00.0     11.0   00.95   00.5     19.6    15:00      W 
25    74.6    80.0   14:00    70.9   06:00     00.0     09.7   00.23   01.6     14.9    21:00      W 
26    76.0    84.8   18:00    69.9   07:30     00.0     11.1   00.19   01.0     09.2    17:30      W 
27    72.8    77.4   01:00    69.0   00:00     00.0     07.8   00.01   00.6     11.5    10:00      NE
28    71.8    77.9   16:30    63.1   02:30     00.0     06.9   00.00   00.4     06.9    16:30      NE
29    73.7    80.1   19:30    68.4   04:30     00.0     08.8   00.06   00.3     05.8    16:30      NW
30    74.1    81.5   16:30    67.0   07:00     00.0     09.2   00.00   00.9     09.2    12:30     ENE
31    76.1    84.2   17:00    63.3   07:30     00.0     11.2   00.00   00.4     06.9    17:00     NNE
----------------------------------------------------------------------------------------------------------------------------------------------------------
75.2 (75.1)   92.3  day 11     57.1  day 22   000.0    317.4   04.95   00.5     19.6   day 09     NNW
Max >=  86: 10
Min <=  86: 31
Max Rain: 1.39 ON 4-07-10
Days of Rain: 16 (> .008in) 11 (> .08in) 2 (> 0.8in)