NOAA Reports


Report for 2002 Jun
MONTHLY CLIMATOLOGICAL SUMMARY for JUN. 2002

NAME: Sunset Beach   CITY: Sunset Beach (Mainland) STATE: North Carolina
ELEV: 52 LAT: 033:54:59 LONG: 0078:29:50

                            TEMPERATURE ( F), RAIN (in.), WIND SPEED (mph)

                                               HEAT     COOL           AVG
      MEAN                                     DEG      DEG            WIND                       DOM
DAY   TEMP    HIGH   TIME     LOW    TIME      DAYS     DAYS    RAIN   SPEED    HIGH    TIME      DIR
----------------------------------------------------------------------------------------------------------------------------------------------------------
01    78.8    94.3   16:30    64.6   07:00     00.0     13.8   00.00   01.0     19.6    19:30      NW
02    80.9    95.4   17:00    65.0   07:30     00.0     15.9   00.00   01.7     19.6    18:30     NNW
03    82.5    98.4   18:00    71.3   07:00     00.0     17.6   00.00   00.9     12.7    17:00      SE
04    82.2    98.8   17:00    66.8   07:00     00.0     17.2   00.00   01.3     13.8    16:30     SSE
05    84.2    97.8   16:30    72.8   08:30     00.0     19.2   00.00   01.3     11.5    17:30     SSE
06    79.4    89.4   16:30    68.4   20:30     00.0     14.4   01.24   01.9     26.4    19:30      W 
07    73.9    84.9   19:00    67.2   07:30     00.0     08.9   00.01   01.7     16.1    17:00     ENE
08    70.6    85.8   18:00    57.9   07:30     00.0     05.7   00.00   01.3     17.3    16:30     ESE
09    70.8    94.2   19:00    51.9   07:30     00.0     05.9   00.00   00.7     11.5    00:30      SE
10    75.1    97.8   18:00    53.8   07:00     00.0     10.1   00.00   00.9     13.8    15:00     SSE
11    77.1    97.2   18:00    56.9   07:30     00.0     12.2   00.00   00.1     12.7    15:00     SSE
12    81.8    97.2   18:00    66.8   08:00     00.0     16.9   00.00   01.2     13.8    13:30     NNW
13    81.9    98.4   18:30    65.6   07:30     00.0     17.0   00.00   01.1     11.5    23:30      NW
14    78.6    89.7   17:30    71.2   04:00     00.0     13.7   00.00   01.6     16.1    19:00      N 
15    75.1    86.5   18:00    63.8   07:00     00.0     10.1   00.00   02.3     17.3    14:30     NNW
16    72.2    89.6   18:00    53.6   07:00     00.0     07.3   00.00   01.1     12.7    13:00      N 
17    76.0    91.9   18:30    63.0   07:30     00.0     11.0   00.00   01.1     12.7    17:30      N 
18    75.1    89.9   17:00    61.5   07:30     00.0     10.2   00.00   01.6     14.9    20:30      SE
19    77.2    94.1   18:00    61.5   07:30     00.0     12.2   00.00   01.1     17.3    14:00      SE
20    79.6    91.3   17:30    64.1   07:00     00.0     14.7   00.00   02.1     21.9    14:30      SE
21    76.7    92.2   19:00    61.0   06:30     00.0     11.8   00.00   01.6     19.6    12:00     ESE
22    75.0    86.3   16:30    66.0   06:00     00.0     10.0   00.02   01.8     19.6    15:00      E 
23    77.6    93.1   16:00    68.2   06:00     00.0     12.7   00.01   01.8     20.7    19:00     SSE
24    79.7    98.6   18:00    66.2   07:30     00.0     14.8   00.00   01.1     14.9    18:30     SSE
25    80.3    96.7   18:30    67.4   07:30     00.0     15.4   00.00   02.2     18.4    19:00     SSE
26    78.0    90.4   17:30    73.0   00:00     00.0     13.0   00.10   01.2     16.1    18:30     SSE
27    79.7    95.6   16:30    72.0   06:30     00.0     14.7   00.02   01.8     19.6    19:30      S 
28    80.0    90.5   17:00    71.4   02:00     00.0     15.1   00.00   01.9     23.0    13:00      NW
29    81.9    96.0   17:30    70.0   07:00     00.0     16.9   00.00   01.2     14.9    12:30     NNE
30    80.9    96.1   18:30    67.7   06:30     00.0     16.0   00.00   00.9     12.7    19:00      SE
----------------------------------------------------------------------------------------------------------------------------------------------------------
78.1 (79.1)   98.8  day 04     51.9  day 09   000.0    394.5   01.40   01.4     26.5   day 25     ESE
Max >=  86: 28
Min <=  86: 30
Max Rain: 1.24 ON 6-06-10
Days of Rain: 6 (> .008in) 2 (> .08in) 1 (> 0.8in)