NOAA Reports


Report for 2002 Jul
 MONTHLY CLIMATOLOGICAL SUMMARY for JUL. 2002

NAME: Sunset Beach   CITY: Sunset Beach (Mainland) STATE: North Carolina
ELEV: 52 LAT: 033:54:59 LONG: 0078:29:50

                            TEMPERATURE ( F), RAIN (in.), WIND SPEED (mph)

                                               HEAT     COOL           AVG
      MEAN                                     DEG      DEG            WIND                       DOM
DAY   TEMP    HIGH   TIME     LOW    TIME      DAYS     DAYS    RAIN   SPEED    HIGH    TIME      DIR
----------------------------------------------------------------------------------------------------------------------------------------------------------
01    81.2    96.7   16:30    66.1   02:30     00.0     16.3   00.00   01.1     17.3    18:00      SE
02    81.7    100.4   17:00    68.7   07:30     00.0     16.7   01.07   01.2     16.1    22:00     ENE
03    79.4    96.9   16:30    69.5   07:30     00.0     14.4   00.05   01.0     12.7    19:30      N 
04    78.8    93.8   15:00    67.6   07:00     00.0     13.8   00.65   00.7     27.6    15:30     WNW
05    83.5    101.1   18:30    66.2   07:30     00.0     18.6   00.00   01.2     18.4    15:00     NNW
06    84.4    98.7   18:29    73.8   00:00     00.0     19.5   00.00   01.6     16.1    05:30     NNE
07    82.3    98.3   18:00    67.2   07:00     00.0     17.4   00.00   01.4     12.7    15:00      NW
08    82.0    95.2   16:00    66.2   09:00     00.0     17.1   00.21   01.5     21.9    17:30      NW
09    72.2    80.0   00:30    66.2   06:30     00.0     07.3   00.00   01.6     21.9    14:30     NNE
10    74.4    85.1   18:00    66.2   11:30     00.0     09.4   00.18   01.7     11.5    16:30      NE
11    80.3    89.3   18:00    73.1   00:03     00.0     15.3   01.52   02.3     12.7    22:00      N 
12    79.1    93.6   18:00    66.2   07:00     00.0     14.2   00.00   00.8     09.2    15:30      N 
13    82.1    94.1   18:30    71.0   08:00     00.0     17.2   00.00   01.4     13.8    10:30      N 
14    81.2    95.4   18:29    67.7   07:00     00.0     16.3   00.00   01.0     12.7    10:30      N 
15    83.1    96.9   16:00    66.2   01:30     00.0     18.1   00.00   00.6     11.5    18:00     NNW
16    83.9    96.7   19:00    70.9   07:30     00.0     19.0   00.00   01.3     13.8    15:30      N 
17    81.5    94.2   18:30    71.2   08:00     00.0     16.6   00.00   01.3     17.3    14:00      N 
18    82.7    99.4   18:00    68.9   07:30     00.0     17.7   00.00   00.9     11.5    19:30      SE
19    78.6    95.9   17:00    67.9   07:30     00.0     13.7   00.03   01.4     24.1    17:30      SE
20    80.0    92.0   19:00    70.0   07:30     00.0     15.1   00.00   01.0     11.5    14:30      W 
21    77.7    94.4   18:00    70.6   07:00     00.0     12.7   00.67   00.9     16.1    18:30      SE
22    77.0    86.0   20:00    71.3   05:00     00.0     12.0   00.02   01.0     10.3    00:00     ENE
23    80.5    92.9   18:00    71.7   08:00     00.0     15.6   00.12   01.2     13.8    16:30     NNW
24    82.9    96.3   17:00    73.8   06:00     00.0     17.9   00.00   01.2     11.5    18:30     NNW
25    83.6    99.1   14:30    71.4   07:30     00.0     18.6   00.00   01.4     16.1    15:30      N 
26    83.1    95.6   16:30    70.6   07:30     00.0     18.1   00.00   02.0     18.4    10:30      N 
----------------------------------------------------------------------------------------------------------------------------------------------------------
80.7 (81.9)   101.1  day 05     66.1  day 01   000.0    408.6   04.52   01.3     27.6   day 10     N
Max >=  86: 24
Min <=  86: 26
Max Rain: 1.52 ON 11-07-10
Days of Rain: 10 (> .008in) 6 (> .08in) 1 (> 0.8in)