NOAA Reports


Report for 2003 Feb
MONTHLY CLIMATOLOGICAL SUMMARY for FEB. 2003

NAME: Sunset Beach   CITY: Sunset Beach (Mainland) STATE: North Carolina
ELEV: 52 LAT: 033:54:59 LONG: 0078:29:50

                            TEMPERATURE ( F), RAIN (in.), WIND SPEED (mph)

                                               HEAT     COOL           AVG
      MEAN                                     DEG      DEG            WIND                       DOM
DAY   TEMP    HIGH   TIME     LOW    TIME      DAYS     DAYS    RAIN   SPEED    HIGH    TIME      DIR
----------------------------------------------------------------------------------------------------------------------------------------------------------
01    42.7    55.2   17:00    32.6   00:00     22.2     00.0   00.01   02.2     19.6    16:30     NNW
02    45.2    68.9   16:30    26.9   08:30     19.7     00.0   00.00   00.9     11.5    15:00      S 
03    61.1    72.8   17:00    46.0   09:00     03.8     00.0   00.00   02.5     17.3    16:00     SSW
04    54.3    61.3   07:00    36.8   00:00     10.6     00.0   00.24   05.0     25.3    08:00     NNW
05    41.0    66.8   02:00    32.3   08:30     23.9     00.0   00.00   02.0     16.1    14:00      N 
06    37.5    47.1   14:30    29.7   02:30     27.5     00.0   00.43   01.5     11.5    17:00      NE
07    36.5    66.8   18:46    27.8   19:16     28.5     00.0   00.12   02.6     19.6    15:30     NNW
08    39.1    55.9   17:00    29.1   02:30     25.8     00.0   00.00   01.2     11.5    11:00     SSE
09    40.2    51.4   17:00    35.7   04:00     24.7     00.0   00.20   02.7     32.2    17:30     NNW
10    41.5    56.5   17:00    24.5   08:30     23.4     00.0   00.00   02.0     14.9    16:00      W 
11    46.5    66.8   08:00    37.0   00:00     18.4     00.0   00.00   04.8     31.1    16:30     NNW
12    41.5    56.6   16:30    22.6   08:00     23.4     00.0   00.00   02.5     19.6    17:00     NNW
13    39.6    51.2   14:00    29.0   06:00     25.3     00.0   00.21   00.5     11.5    14:30     WNW
14    50.6    66.9   02:30    37.8   00:00     14.3     00.0   00.06   02.6     17.3    18:00     SSW
15    29.4    37.7   00:30    22.8   23:30     35.5     00.0   00.02   03.7     23.0    18:00     NNE
16    31.1    34.1   22:00    23.1   00:31     33.9     00.0   00.09   01.5     19.6    10:00     NNE
17    38.8    52.5   17:00    32.9   02:00     26.2     00.0   00.84   01.1     08.1    20:00     ESE
18    41.3    53.4   16:30    31.3   06:00     23.6     00.0   00.09   01.1     12.7    14:00     SSE
19    47.5    60.6   16:30    41.9   03:00     17.5     00.0   00.03   00.8     08.1    17:00     ESE
20    45.2    51.7   15:30    37.3   05:30     19.7     00.0   00.06   00.7     11.5    18:00     NNE
21    52.9    64.0   00:00    45.8   05:30     12.0     00.0   00.80   02.7     26.4    11:30     SSE
22    46.8    63.4   00:30    32.5   00:00     18.1     00.0   00.01   06.2     33.4    12:29      NW
23    47.7    69.4   17:00    28.0   05:30     17.3     00.0   00.00   01.6     19.6    11:30     WNW
24    45.7    55.4   15:30    35.1   07:00     19.2     00.0   00.00   01.6     14.9    10:30     NNE
25    39.9    43.8   18:29    36.5   16:30     25.0     00.0   00.87   01.0     11.5    06:00     ESE
----------------------------------------------------------------------------------------------------------------------------------------------------------
43.4 (44.9)   72.8  day 03     22.6  day 12   539.5    000.0   04.09   02.2     33.4   day 22     NNW
Min <=  86: 25
Min <=  23: 2
Max Rain: 0.87 ON 25-02-10
Days of Rain: 16 (> .008in) 10 (> .08in) 3 (> 0.8in)