NOAA Reports


Report for 2003 Mar
MONTHLY CLIMATOLOGICAL SUMMARY for MAR. 2003

NAME: Sunset Beach   CITY: Sunset Beach (Mainland) STATE: North Carolina
ELEV: 52 LAT: 033:54:59 LONG: 0078:29:50

                            TEMPERATURE ( F), RAIN (in.), WIND SPEED (mph)

                                               HEAT     COOL           AVG
      MEAN                                     DEG      DEG            WIND                       DOM
DAY   TEMP    HIGH   TIME     LOW    TIME      DAYS     DAYS    RAIN   SPEED    HIGH    TIME      DIR
----------------------------------------------------------------------------------------------------------------------------------------------------------
01    45.3    67.1   09:30    41.0   08:00     19.7     00.0   00.34   01.5     09.2    20:30     ENE
02    49.6    64.0   17:30    43.4   08:00     15.3     00.0   00.03   02.9     18.4    00:00     NNW
03    44.4    58.6   16:00    32.1   08:30     20.5     00.0   00.00   01.8     18.4    00:30     NNW
04    48.1    66.3   16:30    30.1   07:30     16.8     00.0   00.00   02.1     14.9    16:00     SSE
05    55.4    67.1   18:30    48.5   07:00     09.5     00.0   00.15   01.5     12.7    00:34      NW
06    58.2    63.5   17:00    53.6   00:00     06.7     00.0   01.25   02.2     14.9    23:00      NW
07    43.8    67.1   06:30    33.2   00:00     21.1     00.0   00.00   01.4     16.1    05:00      SE
08    47.1    72.1   16:00    26.9   08:00     17.9     00.0   00.00   01.4     12.7    16:00     SSE
09    59.5    75.8   17:00    45.2   02:30     05.5     00.0   00.00   01.7     17.3    13:00      N 
10    50.3    67.1   07:00    36.5   08:00     14.7     00.0   00.00   01.1     13.8    14:30      N 
11    46.8    65.7   17:30    34.1   04:30     18.2     00.0   00.00   01.4     11.5    12:30     NNE
12    54.3    79.1   17:00    33.1   07:00     10.7     00.0   00.00   01.4     14.9    13:30     ESE
13    60.4    77.8   17:00    45.8   07:30     04.5     00.0   00.22   01.6     24.1    20:30      S 
14    55.1    61.2   14:30    50.1   00:00     09.8     00.0   00.01   02.7     19.6    10:00     SSE
15    47.5    49.5   14:00    45.7   07:30     17.4     00.0   00.49   02.3     14.9    11:00     NNE
16    53.5    58.2   17:00    47.1   00:30     11.5     00.0   00.95   02.0     11.5    03:00     NNE
17    59.9    65.2   15:00    54.9   07:30     05.1     00.0   00.01   00.7     11.5    13:00     ENE
18    59.2    65.0   16:00    56.7   08:00     05.7     00.0   00.07   00.8     12.7    14:00     NNE
19    54.5    59.1   13:30    47.9   00:00     10.5     00.0   00.40   02.1     19.6    00:00      SE
20    45.2    47.3   00:30    42.6   09:30     19.8     00.0   01.55   02.9     19.6    09:00     NNE
21    58.5    75.3   16:30    46.3   00:30     06.4     00.0   00.01   01.9     18.4    17:30      W 
22    58.8    81.1   23:00    43.0   07:00     06.2     00.0   00.00   00.9     16.1    12:00      N 
23    65.0    80.8   16:30    57.1   00:00     00.0     00.1   00.01   02.1     27.6    17:30     WNW
24    61.3    72.3   15:30    51.9   07:30     03.7     00.0   00.00   02.4     17.3    10:00      SE
25    63.2    73.6   15:00    53.1   07:30     01.7     00.0   00.11   02.3     18.4    12:30      SE
26    69.6    83.3   16:00    62.5   00:00     00.0     04.6   00.02   02.3     13.8    14:30      S 
27    41.9    61.9   00:30    36.2   12:00     23.1     00.0   00.93   04.7     25.3    10:00      N 
28    43.9    50.8   00:40    34.0   00:00     21.0     00.0   00.00   02.2     19.6    00:40     NNW
----------------------------------------------------------------------------------------------------------------------------------------------------------
53.6 (55.5)   83.3  day 26     26.9  day 08   322.9    004.7   06.35   01.9     27.6   day 05      NE
Min <=  86: 28
Max Rain: 1.55 ON 20-03-10
Days of Rain: 17 (> .008in) 9 (> .08in) 4 (> 0.8in)