NOAA Reports


Report for 2003 Jul
MONTHLY CLIMATOLOGICAL SUMMARY for JUL. 2003

NAME: Sunset Beach   CITY: Sunset Beach (Mainland) STATE: North Carolina
ELEV: 52 LAT: 033:54:59 LONG: 0078:29:50

                            TEMPERATURE ( F), RAIN (in.), WIND SPEED (mph)

                                               HEAT     COOL           AVG
      MEAN                                     DEG      DEG            WIND                       DOM
DAY   TEMP    HIGH   TIME     LOW    TIME      DAYS     DAYS    RAIN   SPEED    HIGH    TIME      DIR
----------------------------------------------------------------------------------------------------------------------------------------------------------
01    71.7    76.2   15:30    67.2   00:00     00.0     06.8   00.27   00.6     08.1    00:00      S 
02    69.7    78.7   15:00    65.5   07:00     00.0     04.8   01.43   02.4     18.4    05:30      SE
03    76.3    90.0   18:00    65.1   07:30     00.0     11.3   00.00   01.6     14.9    14:00     NNW
04    79.6    96.1   16:30    64.6   07:00     00.0     14.7   00.00   00.6     11.5    18:30      W 
05    80.4    91.1   18:00    71.0   07:00     00.0     15.5   00.00   01.4     11.5    20:30     WSW
06    78.8    88.4   15:00    74.2   06:30     00.0     13.9   00.04   01.4     81.7    00:33      NW
07    82.0    95.7   17:30    69.0   01:30     00.0     17.1   00.00   01.2     11.5    16:00     NNW
08    80.6    93.9   17:00    71.5   07:00     00.0     15.6   00.00   01.4     26.4    20:00     NNW
09    77.5    91.4   16:00    68.4   07:30     00.0     12.6   00.00   01.6     16.1    17:00     WNW
10    76.7    92.3   17:00    67.9   18:30     00.0     11.7   00.94   02.3     26.4    18:00     WSW
11    80.4    94.5   18:00    65.3   07:30     00.0     15.5   00.02   00.5     09.2    13:30     SSE
12    72.3    87.6   17:00    66.1   04:00     00.0     07.3   01.07   01.7     11.5    23:00      SE
13    73.6    87.7   16:00    67.1   02:30     00.0     08.7   00.01   00.9     08.1    16:30     SSE
14    79.9    96.0   17:00    69.1   03:00     00.0     14.9   00.00   01.1     11.5    22:30     WNW
15    81.0    95.1   18:00    70.8   22:00     00.0     16.1   00.01   01.4     17.3    11:30      NE
16    83.8    93.6   17:00    70.5   00:00     00.0     18.8   00.97   02.2     19.6    22:00     SSE
17    76.3    93.0   18:30    69.1   04:00     00.0     11.4   00.00   00.9     25.3    20:00     SSE
18    77.6    93.0   18:00    65.9   06:30     00.0     12.6   00.00   01.2     11.5    14:30     SSE
19    78.5    92.1   17:00    68.8   05:30     00.0     13.6   00.50   01.1     24.1    21:00     SSE
20    77.0    89.6   15:30    70.0   00:30     00.0     12.0   00.07   02.0     17.3    19:00      S 
21    72.1    80.7   15:30    68.0   00:00     00.0     07.2   00.11   01.3     14.9    20:00      S 
22    74.4    89.4   19:00    62.3   07:30     00.0     09.5   00.00   00.9     09.2    17:00      N 
23    76.5    92.3   18:30    62.8   07:00     00.0     11.6   00.00   00.6     11.5    15:30      SE
24    76.5    94.8   17:00    66.6   05:30     00.0     11.6   00.32   00.7     11.5    20:30     SSE
25    78.8    95.6   18:30    66.8   07:30     00.0     13.9   00.00   00.8     80.5    00:33     SSE
26    78.5    94.8   17:30    70.6   00:00     00.0     13.6   01.07   01.2     23.0    19:00      N 
27    76.3    86.9   16:30    69.5   00:00     00.0     11.4   00.00   01.4     11.5    20:00      NE
----------------------------------------------------------------------------------------------------------------------------------------------------------
77.3 (79.3)   96.1  day 04     62.3  day 22   000.0    333.6   07.03   01.3     81.7   day 06     SSE
Max >=  86: 24
Min <=  86: 27
Max Rain: 1.43 ON 2-07-10
Days of Rain: 14 (> .008in) 9 (> .08in) 5 (> 0.8in)