NOAA Reports


Report for 2004 Oct
MONTHLY CLIMATOLOGICAL SUMMARY for OCT. 2004

NAME: Sunset Beach   CITY: Sunset Beach (Mainland) STATE: North Carolina
ELEV: 52 LAT: 033:54:59 LONG: 0078:29:50

                            TEMPERATURE ( F), RAIN (in.), WIND SPEED (mph)

                                                 HEAT     COOL           AVG
      MEAN                                       DEG      DEG            WIND                        DOM
DAY   TEMP    HIGH   TIME      LOW     TIME      DAYS     DAYS   RAIN    SPEED    HIGH    TIME       DIR
----------------------------------------------------------------------------------------------------------------------------------------------------------
01    71.5    81.4   18:00    48.4   00:59     00.0     06.6   00.00   00.5     06.9    13:00      E 
02    71.3    80.2   16:00    63.8   23:30     00.0     06.4   00.13   00.5     26.4    18:00     WNW
03    66.6    76.3   13:30    59.7   05:00     00.0     01.7   00.33   00.4     08.1    14:00     ESE
04    67.2    80.3   17:00    58.2   00:00     00.0     02.3   01.01   00.9     11.5    09:00     NNW
05    63.9    77.1   15:30    52.3   07:00     01.1     00.0   00.01   00.6     13.8    13:30      E 
06    60.9    68.4   18:00    56.9   06:00     04.0     00.0   00.00   00.6     08.1    17:00     ENE
07    62.3    77.5   17:00    48.2   09:00     02.6     00.0   00.00   00.6     11.5    12:30     ENE
08    60.7    78.2   16:00    46.0   06:30     04.3     00.0   00.32   00.5     10.3    17:00     ENE
09    63.3    76.3   16:30    52.9   07:30     01.7     00.0   00.00   00.3     08.1    14:30      NE
10    66.3    81.7   15:30    53.7   08:30     00.0     01.3   00.00   00.9     12.7    13:30     NNE
11    62.6    74.3   17:30    54.8   08:30     02.3     00.0   00.00   00.8     11.5    12:00      NE
12    63.7    98.0   00:32    52.1   05:00     01.2     00.0   00.00   00.7     12.7    13:30      SE
13    69.3    78.0   16:00    64.2   08:30     00.0     04.4   00.49   01.4     13.8    00:00     SSE
14    63.3    73.2   16:30    54.8   09:00     01.7     00.0   00.00   01.1     13.8    00:30     WNW
15    59.1    66.3   16:00    48.3   00:00     05.9     00.0   00.00   02.7     19.6    16:00      NW
16    55.4    70.9   17:00    41.1   08:00     09.6     00.0   01.28   01.9     19.6    16:30     WNW
17    52.9    72.0   18:00    36.0   08:30     12.0     00.0   00.00   00.7     10.3    14:30      NW
18    61.8    74.6   16:00    47.3   00:30     03.1     00.0   00.00   00.7     11.5    15:30     SSE
19    68.2    74.1   13:00    62.1   01:30     00.0     03.2   00.00   00.9     11.5    14:30     SSE
20    66.7    75.8   15:30    61.0   00:00     00.0     01.8   02.01   00.6     13.8    16:00     NNE
21    61.0    65.3   18:00    57.3   08:30     03.9     00.0   00.00   00.5     10.3    13:00      NE
22    60.7    66.1   16:30    58.2   00:00     04.2     00.0   00.00   00.5     08.1    16:30     ENE
23    56.7    61.1   16:00    53.2   08:30     08.2     00.0   00.00   00.4     05.8    15:30     ESE
24    57.8    61.8   22:00    53.3   08:30     07.1     00.0   00.14   00.6     11.5    12:30      S 
25    63.9    77.1   17:00    55.3   00:00     01.0     00.0   00.00   00.4     10.3    14:00     ESE
26    58.8    62.4   16:00    52.9   02:30     06.2     00.0   00.02   00.2     05.8    13:30     ESE
27    62.2    65.1   18:00    60.0   03:30     02.8     00.0   00.01   00.4     06.9    12:30      SE
28    60.3    62.8   00:30    58.1   13:00     04.6     00.0   00.36   00.2     06.9    14:00     ESE
29    60.9    65.0   00:00    57.0   06:30     04.1     00.0   00.39   00.4     08.1    11:00     ESE
30    71.4    81.0   16:00    64.5   02:30     00.0     06.5   00.00   01.4     17.3    15:30      S 
31    70.9    85.3   16:00    57.8   07:30     00.0     06.0   00.00   00.8     10.3    17:00     WSW
----------------------------------------------------------------------------------------------------------------------------------------------------------
63.3 (64.1)   98.0  day 12     36.0  day 17   091.5    040.1   05.54   00.7     26.5   day 15      E 
Max >=  86: 1
Min <=  86: 31
Max Rain: 0.49 ON 13-10-10
Days of Rain: 11 (> .008in) 6 (> .08in) 0 (> 0.8in)