NOAA Reports


Report for 2005 Jan
MONTHLY CLIMATOLOGICAL SUMMARY for JAN. 2005

NAME: Sunset Beach   CITY: Sunset Beach (Mainland) STATE: North Carolina
ELEV: 52 LAT: 033:54:59 LONG: 0078:29:50

                            TEMPERATURE ( F), RAIN (in.), WIND SPEED (mph)

                                                 HEAT     COOL           AVG
      MEAN                                       DEG      DEG            WIND                        DOM
DAY   TEMP    HIGH   TIME      LOW     TIME      DAYS     DAYS   RAIN    SPEED    HIGH    TIME       DIR
----------------------------------------------------------------------------------------------------------------------------------------------------------
01    53.7    71.5   16:30    38.6   08:00     11.2     00.0   00.00   00.4     05.8    15:30     ESE
02    52.8    67.9   16:30    39.2   08:30     12.1     00.0   00.00   00.3     10.3    13:00     SSE
03    54.5    70.0   15:30    39.4   07:30     10.4     00.0   00.00   00.8     11.5    16:30     SSE
04    64.8    76.7   16:30    55.1   09:00     00.2     00.0   00.00   00.8     11.5    01:00      S 
05    63.3    70.2   16:00    57.5   07:30     01.7     00.0   00.00   01.5     17.3    14:30      SW
06    62.1    67.9   16:00    55.7   05:00     02.8     00.0   00.00   02.7     19.6    10:30      S 
07    56.3    66.0   16:00    44.0   08:30     08.6     00.0   00.00   00.5     06.9    16:30      SE
08    59.9    66.3   13:30    51.8   00:00     05.0     00.0   00.00   01.8     44.9    00:32      N 
09    48.8    59.6   16:00    39.8   00:00     16.1     00.0   00.00   00.5     10.3    11:00     ENE
10    47.2    68.8   16:30    34.5   06:00     17.7     00.0   00.01   00.3     06.9    15:30     NNE
11    49.8    64.2   16:30    39.2   08:00     15.1     00.0   00.00   00.7     11.5    13:30     ESE
12    57.0    72.6   15:30    41.6   05:00     07.9     00.0   00.00   01.2     12.7    15:30     SSE
13    66.9    73.8   16:00    59.5   01:00     00.0     01.9   00.00   04.0     25.3    22:30      SE
14    49.6    69.4   00:30    39.7   00:00     15.4     00.0   00.05   05.7     28.8    12:00      N 
15    38.4    45.0   15:30    32.1   06:00     26.5     00.0   00.00   02.1     19.6    11:30      N 
16    39.3    50.3   15:00    32.6   09:30     25.6     00.0   00.00   03.5     24.1    00:00      N 
17    28.9    35.4   15:00    23.0   08:30     36.0     00.0   00.00   04.4     20.7    10:30     NNW
18    23.9    56.0   07:30    16.3   00:00     41.1     00.0   00.00   02.2     17.3    11:30      N 
19    25.8    36.4   17:00    12.7   06:29     39.2     00.0   00.00   01.2     17.3    14:30     WSW
20    35.3    44.6   16:30    19.2   06:29     29.6     00.0   00.00   00.3     06.9    15:30      SE
21    38.2    44.7   12:00    32.6   00:00     26.7     00.0   00.00   00.9     13.8    13:30     ENE
22    32.7    56.1   12:00    29.2   11:40     32.2     00.0   00.03   01.7     33.4    00:00      SE
23    25.7    34.4   00:30    19.5   00:00     39.3     00.0   00.00   08.1     33.4    02:00      NW
24    31.5    56.2   23:30    12.2   08:30     33.4     00.0   00.00   01.2     13.8    14:00     SSW
25    39.2    59.2   16:00    21.1   06:30     25.7     00.0   00.00   00.7     11.5    17:30     SSE
26    49.2    68.4   16:30    31.1   03:00     15.8     00.0   00.02   01.3     18.4    19:30      NW
27    41.9    56.3   12:00    31.3   00:00     23.1     00.0   00.00   02.9     21.9    11:30      N 
28    29.1    35.3   17:00    22.3   08:30     35.8     00.0   00.00   01.2     19.6    12:00      NE
29    27.0    29.0   23:30    25.7   15:30     37.9     00.0   00.56   01.6     11.5    18:00      N 
30    35.5    46.8   17:30    29.1   00:30     29.4     00.0   00.09   01.2     19.6    15:00     NNW
31    40.0    56.3   07:30    28.2   07:10     24.9     00.0   00.00   01.2     17.3    10:30     NNE
----------------------------------------------------------------------------------------------------------------------------------------------------------
44.1 (45.6)   76.7  day 04     12.2  day 24   646.5    001.9   00.00   01.8     44.9   day 08      N 
Max <=  32: 1
Min <=  86: 31
Min <=  23: 8
Max Rain: 0.56 ON 29-01-10
Days of Rain: 6 (> .008in) 2 (> .08in) 0 (> 0.8in)