NOAA Reports


Report for 2005 Nov
MONTHLY CLIMATOLOGICAL SUMMARY for NOV. 2005

NAME: Sunset Beach   CITY: Sunset Beach (Mainland) STATE: North Carolina
ELEV: 52 LAT: 033:54:59 LONG: 0078:29:50

                            TEMPERATURE ( F), RAIN (in.), WIND SPEED (mph)

                                                 HEAT     COOL           AVG
      MEAN                                       DEG      DEG            WIND                        DOM
DAY   TEMP    HIGH   TIME      LOW     TIME      DAYS     DAYS   RAIN    SPEED    HIGH    TIME       DIR
----------------------------------------------------------------------------------------------------------------------------------------------------------
01    52.1    72.8   15:00    34.9   06:00     12.8     00.0   00.00   00.7     12.7    16:00      W 
02    53.3    68.6   15:30    38.3   00:00     11.6     00.0   00.00   01.3     16.1    10:00     NNE
03    49.5    71.5   15:30    31.6   07:30     15.4     00.0   00.00   00.8     13.8    14:30     WNW
04    55.1    76.5   15:30    33.9   07:30     09.8     00.0   00.00   01.2     18.4    11:00      W 
05    59.2    77.2   15:30    44.6   07:30     05.7     00.0   00.00   00.7     11.5    15:30      W 
06    61.9    78.2   16:00    45.5   06:30     03.0     00.0   00.00   01.2     17.3    10:30     WSW
07    62.0    76.3   15:00    47.7   00:00     03.0     00.0   00.31   00.4     08.1    15:00      NW
08    58.6    80.3   14:30    41.0   07:30     06.4     00.0   00.00   00.5     11.5    15:00      W 
09    68.8    81.8   14:30    49.5   08:00     00.0     03.9   00.00   01.9     19.6    15:30      W 
10    57.3    68.3   00:30    38.9   00:00     07.7     00.0   00.02   02.0     24.1    11:00      N 
11    44.0    64.5   15:30    28.5   08:00     20.9     00.0   00.00   00.8     10.3    16:00     NNW
12    46.5    68.0   15:30    30.0   07:30     18.4     00.0   00.00   00.6     11.5    15:30     WSW
13    52.4    73.3   15:30    34.3   06:00     12.5     00.0   00.00   00.6     19.6    14:00     WSW
14    67.3    78.3   14:30    51.3   08:00     00.0     02.3   00.00   01.5     42.5    00:32     SSW
15    66.7    73.9   16:30    57.2   04:30     00.0     01.7   00.11   02.0     19.6    14:00      S 
16    68.3    77.5   14:30    51.1   00:00     00.0     03.4   00.01   03.5     21.9    13:30      W 
17    42.8    57.1   19:00    33.6   00:00     22.1     00.0   00.00   01.7     18.4    12:30     NNE
18    34.6    47.0   15:30    24.4   08:30     30.4     00.0   00.00   00.8     11.5    10:30      N 
19    37.5    56.1   15:30    21.6   07:30     27.5     00.0   00.00   00.6     10.3    14:00      S 
20    47.9    57.1   08:00    35.0   00:30     17.0     00.0   00.00   00.0     05.8    08:00      SE
21    51.9    57.0   16:00    48.6   04:30     13.1     00.0   01.33   01.9     12.7    22:30     ENE
22    44.7    51.9   00:30    33.3   00:00     20.2     00.0   00.37   02.6     21.9    12:30     NNW
23    39.9    56.9   23:00    28.0   07:30     25.0     00.0   00.01   01.4     13.8    21:00      W 
24    53.8    66.1   16:00    44.4   01:29     11.2     00.0   00.00   03.4     24.1    16:30     WNW
25    38.7    47.8   00:30    27.2   00:00     26.2     00.0   00.00   01.2     11.5    13:00      E 
26    35.6    56.9   11:00    23.7   08:00     29.4     00.0   00.00   00.3     06.9    10:50      SE
27    39.3    44.1   14:00    29.8   04:30     25.7     00.0   00.02   00.7     10.3    11:30     ESE
28    54.4    66.1   22:30    43.6   01:16     10.5     00.0   00.16   01.2     16.1    19:30      SE
29    63.4    72.9   13:00    44.8   00:00     01.6     00.0   00.35   03.5     21.9    17:00     SSW
30    45.5    58.6   15:30    35.9   06:30     19.4     00.0   00.00   01.0     11.5    11:30     NNE
----------------------------------------------------------------------------------------------------------------------------------------------------------
51.8 (51.9)   81.8  day 09     21.6  day 19   406.3    011.3   02.34   01.3     42.6   day 14      W 
Min <=  86: 30
Min <=  23: 1
Max Rain: 1.23 ON 21-11-10
Days of Rain: 10 (> .008in) 4 (> .08in) 1 (> 0.8in)