NOAA Reports


Report for 2006 Jul
MONTHLY CLIMATOLOGICAL SUMMARY for JUL. 2006

NAME: Sunset Beach   CITY: Sunset Beach (Mainland) STATE: North Carolina
ELEV: 52 LAT: 033:54:59 LONG: 0078:29:50

                            TEMPERATURE ( F), RAIN (in.), WIND SPEED (mph)

                                                 HEAT     COOL           AVG
      MEAN                                       DEG      DEG            WIND                        DOM
DAY   TEMP    HIGH   TIME      LOW     TIME      DAYS     DAYS   RAIN    SPEED    HIGH    TIME       DIR
----------------------------------------------------------------------------------------------------------------------------------------------------------
01    76.2    83.7   16:30    68.3   04:00     00.0     11.2   00.00   00.7     10.3    16:00      SE
02    76.3    84.6   15:30    69.7   06:00     00.0     11.4   00.00   00.4     06.9    16:00      NW
03    75.7    83.7   15:20    58.4   15:30     00.0     10.8   02.01   00.4     08.1    13:30      E 
04    78.5    91.0   19:00    58.4   07:00     00.0     13.6   01.02   01.3     26.4    20:00      S 
05    78.6    94.6   17:00    67.2   06:30     00.0     13.7   00.07   01.1     21.9    20:00     NNW
06    81.9    95.1   17:30    69.3   07:30     00.0     17.0   00.00   01.0     11.5    16:30      NW
07    82.3    92.6   18:30    72.3   07:30     00.0     17.4   00.00   01.5     16.1    11:30      NW
08    80.7    93.0   18:30    67.1   07:30     00.0     15.8   00.00   00.9     11.5    18:00     NNW
09    83.1    96.2   19:00    58.4   15:00     00.0     18.2   00.00   00.6     10.3    16:30     NNW
10    82.7    96.7   18:00    69.9   07:30     00.0     17.8   00.00   01.5     20.7    21:00      N 
11    81.5    94.3   17:00    69.3   07:00     00.0     16.5   00.00   01.3     17.3    21:00     NNE
12    78.7    91.1   16:00    70.0   07:00     00.0     13.8   00.91   01.0     12.7    15:30      SE
13    80.4    92.9   17:00    70.9   07:00     00.0     15.4   00.18   01.2     12.7    19:00      NW
14    83.6    96.0   17:30    70.8   07:30     00.0     18.7   00.00   02.2     18.4    15:30      NW
15    78.2    86.3   19:00    66.8   07:30     00.0     13.3   00.00   02.2     18.4    14:30      NW
16    73.9    87.4   16:30    57.0   07:30     00.0     08.9   00.00   01.2     12.7    16:00      NW
17    75.7    90.1   17:30    58.4   01:30     00.0     10.7   02.74   01.5     19.6    19:00      SE
18    73.8    85.9   17:00    66.6   05:00     00.0     08.9   00.04   00.9     11.5    16:30      NE
19    77.5    90.0   17:00    63.4   07:00     00.0     12.6   00.00   01.2     11.5    11:00      N 
20    77.2    90.5   18:30    58.4   23:00     00.0     12.2   00.00   01.1     11.5    17:00     NNW
21    78.4    93.8   17:00    64.5   07:30     00.0     13.5   00.00   00.7     11.5    15:30     NNE
22    78.7    92.8   16:00    58.4   02:30     00.0     13.7   00.01   00.8     18.4    18:00      W 
23    81.6    93.7   19:00    70.0   07:00     00.0     16.7   00.00   01.1     11.5    18:30     NNW
24    80.9    92.9   17:30    68.9   07:30     00.0     15.9   00.00   01.2     12.7    17:30     NNE
25    77.9    89.6   16:30    58.4   19:30     00.0     12.9   00.00   01.6     13.8    09:30     NNE
26    77.4    90.2   16:30    58.4   22:30     00.0     12.5   00.02   00.6     10.3    17:30      NE
27    75.3    86.6   15:30    69.3   07:00     00.0     10.3   02.65   01.3     16.1    18:30      E 
28    77.9    88.4   17:00    70.6   07:30     00.0     12.9   00.00   00.6     11.5    22:00     ESE
29    74.9    85.5   15:30    71.6   07:00     00.0     10.0   01.03   00.5     23.2    00:33      E 
30    79.4    90.2   18:00    72.0   06:00     00.0     14.4   00.00   02.3     13.8    19:30      SE
31    79.9    94.2   18:00    70.2   05:30     00.0     15.0   00.00   00.8     13.8    21:00     ESE
----------------------------------------------------------------------------------------------------------------------------------------------------------
78.7 (78.3)   96.7  day 10     57.0  day 16   000.0    425.7   10.65   01.1     26.4   day 04      N 
Max >=  86: 26
Min <=  86: 31
Max Rain: 2.74 ON 17-07-10
Days of Rain: 11 (> .008in) 4 (> .08in) 3 (> 0.8in)