NOAA Reports


Report for 2008 Feb
 MONTHLY CLIMATOLOGICAL SUMMARY for FEB. 2008

NAME: Sunset Beach   CITY: Sunset Beach (Mainland) STATE: North Carolina
ELEV: 52 LAT: 033:54:59 LONG: 0078:29:50

                            TEMPERATURE ( F), RAIN (in.), WIND SPEED (mph)

                                                 HEAT     COOL           AVG
      MEAN                                       DEG      DEG            WIND                        DOM
DAY   TEMP    HIGH   TIME      LOW     TIME      DAYS     DAYS   RAIN    SPEED    HIGH    TIME       DIR
----------------------------------------------------------------------------------------------------------------------------------------------------------
01    56.8    63.6   10:00    48.6   02:30     08.1     00.0   00.42   02.3     26.4    14:30      SW
02    44.8    56.3   13:30    32.2   07:30     20.1     00.0   00.00   00.4     11.5    14:30     SSE
03    47.4    67.5   14:30    35.1   06:00     17.5     00.0   00.00   00.4     09.2    15:00      S 
04    57.2    66.8   14:00    46.8   00:30     07.7     00.0   00.00   00.6     09.2    22:30     SSW
05    61.5    70.5   15:00    57.8   23:00     03.5     00.0   00.00   01.2     11.5    21:00      SW
06    63.1    68.3   14:00    58.6   00:30     01.8     00.0   00.00   02.9     24.1    15:30      SW
07    58.5    67.9   13:30    42.9   23:30     06.5     00.0   00.00   01.4     18.4    00:30      SW
08    50.3    64.7   15:30    39.4   00:00     14.6     00.0   00.00   00.6     12.7    13:30      W 
09    51.6    66.5   13:30    36.3   05:00     13.3     00.0   00.00   01.3     13.8    17:00     WSW
10    54.9    67.2   15:00    37.0   05:30     10.1     00.0   00.00   01.6     20.7    13:30      SW
11    42.0    53.4   00:30    31.9   23:30     23.0     00.0   00.00   01.0     13.8    14:30     ESE
12    54.7    67.5   15:00    32.5   00:30     10.3     00.0   00.09   02.5     19.6    15:00      SE
13    59.6    63.5   14:00    51.3   00:00     05.3     00.0   00.22   02.3     16.1    23:00      SW
14    42.5    53.4   15:30    32.4   00:00     22.4     00.0   00.01   01.0     12.7    04:00      NW
15    44.7    60.4   13:30    30.2   05:00     20.2     00.0   00.00   00.5     11.5    11:30     SSW
16    52.7    68.0   13:00    43.5   00:30     12.2     00.0   00.00   01.4     12.7    15:30     ESE
17    58.0    70.2   12:30    40.7   04:00     06.9     00.0   00.00   02.1     14.9    22:30     SSE
18    62.4    69.0   16:30    52.5   00:00     02.5     00.0   01.07   02.4     19.6    06:00      SW
19    48.1    57.9   15:30    38.9   22:00     16.8     00.0   00.00   01.4     19.6    15:30      SW
20    50.6    60.3   15:30    34.3   08:00     14.3     00.0   00.00   01.7     16.1    17:30      SW
21    45.9    55.6   00:30    39.8   00:00     19.0     00.0   00.58   02.2     13.8    10:00      E 
22    45.1    50.7   15:30    39.3   03:00     19.8     00.0   00.48   00.8     11.5    01:29     NNE
23    56.6    68.5   16:30    48.6   00:30     08.3     00.0   00.08   01.0     14.9    10:30      SW
24    49.4    54.1   16:00    38.6   00:00     15.5     00.0   00.00   01.5     11.5    11:00      E 
25    46.4    58.8   14:00    33.5   07:30     18.5     00.0   00.00   00.7     11.5    16:30      S 
26    55.9    64.0   11:30    42.6   02:30     09.0     00.0   00.47   01.9     26.4    14:00     SSW
27    45.3    58.6   00:30    35.1   00:00     19.7     00.0   00.00   02.0     18.4    16:00     WSW
28    34.9    47.0   16:30    24.0   07:30     30.1     00.0   00.00   00.9     17.3    14:30      W 
29    41.9    53.5   15:00    26.5   03:30     23.1     00.0   00.00   01.1     12.7    17:30      S 
----------------------------------------------------------------------------------------------------------------------------------------------------------
51.1 (50.8)   70.5  day 05     24.0  day 28   400.4    000.0   03.42   01.4     26.5   day 01     SSW
Min <=  86: 29
Max Rain: 1.07 ON 18-02-10
Days of Rain: 9 (> .008in) 8 (> .08in) 1 (> 0.8in)