NOAA Reports


Report for 2008 Oct
MONTHLY CLIMATOLOGICAL SUMMARY for OCT. 2008

NAME: Sunset Beach   CITY: Sunset Beach STATE: North Carolina
ELEV: 52 Feet LAT: 033:54:59 LONG: 0078:29:50

                            TEMPERATURE ( F), RAIN (in.), WIND SPEED (mph)

                                                 HEAT     COOL           AVG
      MEAN                                       DEG      DEG            WIND                        DOM
DAY   TEMP    HIGH   TIME      LOW     TIME      DAYS     DAYS   RAIN    SPEED    HIGH    TIME       DIR
----------------------------------------------------------------------------------------------------------------------------------------------------------
01    72.6    81.7   15:26    63.4   00:00     00.0     05.7   00.01   01.2     18.4    15:40      N 
02    60.3    73.7   14:14    46.9   07:37     04.4     00.0   00.00   00.8     20.7    15:20      SW
03    60.5    76.3   13:14    44.6   07:40     05.1     00.0   00.00   00.6     16.1    16:18      SW
04    64.6    79.7   12:51    49.5   07:17     01.7     00.0   00.00   00.9     18.4    14:35     SSE
05    65.7    81.4   14:56    49.9   07:39     00.7     00.0   00.00   01.2     17.3    16:26     ESE
06    65.5    82.4   16:31    48.6   07:28     01.1     00.0   00.01   01.1     16.1    17:24     ESE
07    65.1    76.2   15:21    54.0   02:32     00.2     00.0   00.01   01.9     17.3    16:45      E 
08    65.7    78.1   13:11    53.2   03:22     00.0     01.5   00.00   02.4     18.4    15:16      SE
09    73.6    78.1   16:29    69.0   22:34     00.0     08.0   00.00   01.2     17.3    14:56      E 
10    71.3    74.6   13:25    68.0   05:55     00.0     05.2   00.27   01.4     16.1    22:24     ENE
11    69.9    72.6   14:46    67.1   22:25     00.0     04.9   00.57   04.2     26.5    21:00     ENE
12    71.7    78.6   15:15    64.8   06:02     00.0     04.7   00.01   03.9     27.6    13:58     ENE
13    69.5    80.3   15:46    58.6   00:00     00.0     03.4   00.00   01.8     17.3    11:50     ENE
14    68.0    82.8   15:36    53.1   07:43     00.0     00.6   00.00   00.7     16.1    15:39      S 
15    68.6    85.4   15:51    51.7   07:13     00.0     02.0   00.01   00.5     16.1    15:17     WSW
16    70.1    85.1   13:43    55.0   07:56     00.0     03.4   00.01   00.4     17.3    12:31      SW
17    72.3    83.0   14:06    61.5   01:51     00.0     05.8   00.00   00.4     11.5    13:04     ENE
18    59.1    67.0   00:30    51.1   00:00     08.5     00.0   00.34   01.8     18.4    21:50     NNE
19    53.3    64.4   14:47    42.2   00:00     11.5     00.0   00.01   02.1     17.3    12:13     ENE
20    52.5    67.6   16:10    37.4   07:41     15.4     00.0   00.01   00.6     09.2    15:30      W 
21    55.4    72.9   15:08    37.8   06:31     11.0     00.0   00.00   00.9     15.0    13:16      SW
22    53.3    64.6   14:34    42.0   22:16     11.7     00.0   00.00   01.5     15.0    12:00      NE
23    54.2    66.4   15:32    41.9   07:55     12.2     00.0   00.00   02.0     19.6    10:33     ENE
24    61.4    70.8   12:53    52.0   02:37     03.3     00.0   01.72   03.6     20.7    17:46      E 
25    70.5    78.1   15:29    62.8   00:00     00.0     04.9   00.36   03.4     31.1    01:59      S 
26    62.0    73.4   15:47    50.6   00:00     04.1     00.0   00.00   00.5     11.5    13:38     WSW
27    55.9    71.6   14:19    40.1   00:00     09.9     00.0   00.01   01.4     20.7    18:12     WNW
28    46.9    57.2   15:59    36.6   05:33     19.6     00.0   00.00   01.8     26.5    13:17     WSW
29    47.2    61.5   15:11    32.8   07:50     19.5     00.0   00.00   01.2     16.1    12:40      SW
30    46.8    61.7   15:26    31.9   08:19     19.6     00.0   00.00   01.0     15.0    12:26      NE
31    48.0    66.3   16:23    29.7   07:47     19.5     00.0   00.01   00.6     08.1    15:37      NE
----------------------------------------------------------------------------------------------------------------------------------------------------------
60.8 (62.0)   85.4  day 15     29.7  day 31   178.9    050.0   03.70   01.5     31.1   day 12      E 
Min <=  86: 31
Max Rain: 1.72 ON 24-10-09
Days of Rain: 15 (> .008in) 5 (> .08in) 1 (> 0.8in)