NOAA Reports


Report for 2009 May
MONTHLY CLIMATOLOGICAL SUMMARY for MAY. 2009

NAME: Sunset Beach   CITY: Sunset Beach STATE: North Carolina
ELEV: 52 Feet LAT: 033:54:59 LONG: 0078:29:50

                            TEMPERATURE ( F), RAIN (in.), WIND SPEED (mph)

                                                 HEAT     COOL           AVG
      MEAN                                       DEG      DEG            WIND                        DOM
DAY   TEMP    HIGH   TIME      LOW     TIME      DAYS     DAYS   RAIN    SPEED    HIGH    TIME       DIR
----------------------------------------------------------------------------------------------------------------------------------------------------------
01    73.4    78.5   14:44    68.2   06:14     00.0     07.6   00.01   02.9     18.4    17:44      W 
02    73.6    77.6   16:59    69.5   06:59     00.0     07.3   00.00   04.8     19.6    09:59      W 
03    73.9    78.8   13:29    69.1   06:44     00.0     07.7   00.00   04.0     18.4    18:59      W 
04    72.2    78.7   12:44    65.7   00:00     00.0     08.1   00.00   03.6     17.3    15:44      W 
05    70.3    76.5   14:59    64.1   02:29     00.0     06.1   00.69   02.1     19.6    15:59      W 
06    74.9    80.3   14:14    69.5   04:59     00.0     08.9   00.00   01.7     16.1    15:59      W 
07    72.9    79.8   14:14    66.1   09:59     00.0     08.7   00.94   02.9     18.4    09:44      W 
08    74.9    81.1   13:44    68.6   07:14     00.0     09.5   00.00   02.7     15.0    19:29      W 
09    76.7    81.8   12:59    71.5   05:14     00.0     10.5   00.00   04.2     19.6    17:29      W 
10    74.5    84.0   12:44    65.0   06:59     00.0     08.6   00.00   00.7     11.5    12:59     SSE
11    64.8    76.5   11:29    53.0   00:00     00.0     01.5   00.63   00.7     11.5    21:14      E 
12    61.5    75.2   15:44    47.7   03:59     03.9     00.0   00.00   01.0     11.5    14:29      E 
13    63.8    76.2   15:29    51.4   03:29     00.0     01.2   00.00   03.1     19.6    16:59      E 
14    71.7    76.0   15:14    67.3   00:00     00.0     07.3   00.14   01.3     19.6    08:59      SE
15    71.1    79.0   14:44    63.1   03:14     00.0     05.9   00.02   00.3     12.7    16:59     SSW
16    72.6    81.4   14:29    63.7   06:29     00.0     09.7   00.00   01.0     11.5    13:44      SW
17    68.7    80.3   13:59    57.0   00:00     00.0     05.2   01.04   02.6     18.4    17:44      W 
18    54.1    58.1   17:29    50.1   09:29     10.8     00.0   00.32   03.6     19.6    10:59     ENE
19    59.4    68.5   17:29    50.3   03:44     06.2     00.0   00.00   04.3     18.4    17:44     ENE
20    66.4    78.6   15:14    54.2   00:29     00.0     03.9   00.00   04.4     19.6    15:29     ENE
21    71.3    78.8   15:14    63.7   06:44     00.0     05.2   00.00   03.2     19.6    14:14      E 
22    71.6    80.3   15:14    62.9   06:29     00.0     06.9   00.00   01.4     13.8    15:44      E 
23    71.6    80.9   14:29    62.3   06:44     00.0     07.8   00.00   01.2     12.7    15:44     ESE
24    73.4    81.7   13:44    65.1   06:14     00.0     09.6   00.00   00.8     16.1    15:14     SSE
25    74.4    80.3   12:29    68.4   04:59     00.0     09.0   00.01   00.7     13.8    14:14     SSE
26    73.4    80.0   14:14    66.8   00:00     00.0     08.7   00.24   00.8     18.4    16:44     ESE
27    73.5    83.0   15:44    63.9   05:14     00.0     08.9   00.00   01.1     11.5    19:14     WSW
28    75.2    82.5   15:14    67.9   06:44     00.0     10.1   00.00   01.1     12.7    19:44     WSW
29    76.4    83.6   12:14    69.2   03:29     00.0     10.6   00.58   01.6     18.4    18:59     WSW
30    74.1    82.1   13:29    66.1   03:14     00.0     08.9   00.00   00.6     11.5    12:14     WSW
31    73.9    85.7   14:14    62.0   06:44     00.0     11.0   00.02   01.6     13.8    17:59      W 
----------------------------------------------------------------------------------------------------------------------------------------------------------
71.2 (71.0)   85.7  day 31     47.7  day 12   021.0    214.6   04.64   02.1     19.6   day 13      W 
Min <=  86: 31
Max Rain: 1.04 ON 17-05-09
Days of Rain: 12 (> .008in) 8 (> .08in) 2 (> 0.8in)