NOAA Reports


Report for 2009 Jun
MONTHLY CLIMATOLOGICAL SUMMARY for JUN. 2009

NAME: Sunset Beach   CITY: Sunset Beach STATE: North Carolina
ELEV: 52 Feet LAT: 033:54:59 LONG: 0078:29:50

                            TEMPERATURE ( F), RAIN (in.), WIND SPEED (mph)

                                                 HEAT     COOL           AVG
      MEAN                                       DEG      DEG            WIND                        DOM
DAY   TEMP    HIGH   TIME      LOW     TIME      DAYS     DAYS   RAIN    SPEED    HIGH    TIME       DIR
----------------------------------------------------------------------------------------------------------------------------------------------------------
01    76.8    84.3   14:29    69.2   06:59     00.0     11.4   00.04   00.3     12.7    18:29     WSW
02    80.6    93.1   09:44    68.1   06:14     00.0     12.2   00.01   00.8     11.5    17:29     WSW
03    79.6    93.1   23:29    66.1   06:44     00.0     11.8   00.00   01.1     13.8    18:29     WSW
04    81.9    93.2   22:29    70.6   06:44     00.0     11.8   00.00   00.9     15.0    17:59     WSW
05    82.0    93.2   09:14    70.8   00:59     00.0     11.2   00.01   03.1     19.6    09:08     WSW
06    80.7    93.2   19:59    68.1   07:29     00.0     07.1   00.00   00.6     10.4    15:14     ENE
07    81.0    93.2   17:59    68.7   02:14     00.0     11.3   00.00   01.3     15.0    11:59     ESE
08    80.0    93.3   06:14    66.7   06:44     00.0     10.9   00.22   00.4     11.5    14:29      SW
09    81.8    93.3   04:44    70.2   00:00     00.0     13.5   00.22   00.5     18.4    23:59     WSW
10    79.5    93.3   02:14    65.7   06:44     00.0     10.7   00.40   00.5     15.0    00:14      E 
11    81.4    93.4   11:44    69.3   22:44     00.0     12.8   00.35   00.8     25.3    21:14      SW
12    81.7    93.4   09:59    69.9   01:29     00.0     14.3   00.21   02.1     19.6    16:44      W 
13    80.1    88.2   13:29    72.0   18:29     00.0     13.4   00.21   00.9     17.3    17:59      W 
14    81.0    93.3   17:44    68.7   06:29     00.0     11.7   01.07   00.3     16.1    16:29     WSW
15    82.4    93.2   20:59    71.5   00:14     00.0     14.6   00.15   01.1     13.8    14:59     ESE
16    81.8    93.3   21:14    70.3   23:59     00.0     11.9   00.37   01.1     13.8    14:44      E 
17    80.7    93.3   12:29    68.1   00:44     00.0     12.9   00.01   01.5     16.1    13:29      E 
18    79.7    86.6   15:59    72.8   06:29     00.0     15.1   00.00   01.0     11.5    16:44      SW
19    83.6    93.6   19:59    73.5   06:59     00.0     17.6   00.00   01.3     11.5    18:29      W 
20    84.8    94.7   16:14    74.8   05:44     00.0     20.6   00.00   01.7     13.8    18:14      W 
21    82.5    94.0   14:29    70.9   00:00     00.0     19.5   00.00   01.1     19.6    13:59     WNW
22    76.8    87.6   14:59    66.0   06:59     00.0     12.9   00.00   00.6     11.5    14:29      NE
23    80.7    94.0   02:59    67.3   04:14     00.0     12.3   00.13   00.8     13.8    15:14     ESE
24    79.9    94.1   12:44    65.6   06:14     00.0     12.7   00.01   01.4     13.8    18:14      W 
25    82.8    94.1   11:29    71.5   06:29     00.0     16.9   00.01   01.0     11.5    00:00      W 
26    83.1    94.2   20:44    72.0   18:59     00.0     16.9   00.57   03.1     21.9    15:44      W 
27    85.2    94.3   14:31    76.2   06:44     00.0     17.4   00.79   01.8     11.5    14:29      W 
28    79.3    87.9   13:05    70.7   06:36     00.0     13.9   00.00   00.4     09.2    23:10      E 
29    83.2    92.2   15:04    74.2   06:29     00.0     18.6   00.00   00.7     09.2    16:28      W 
30    82.5    92.0   15:44    72.9   06:14     00.0     16.9   00.00   01.0     15.0    16:29      W 
----------------------------------------------------------------------------------------------------------------------------------------------------------
78.8 (81.2)   94.7  day 20     65.6  day 24   000.0    414.8   04.78   01.1     25.3   day 11     WSW
Max >=  86: 29
Min <=  86: 30
Max Rain: 1.07 ON 14-06-09
Days of Rain: 18 (> .008in) 12 (> .08in) 1 (> 0.8in)