NOAA Reports


Report for 2009 Jul
MONTHLY CLIMATOLOGICAL SUMMARY for JUL. 2009

NAME: Sunset Beach   CITY: Sunset Beach (Mainland) STATE: North Carolina
ELEV: 52 Feet LAT: 033:54:59 LONG: 0078:29:50

                            TEMPERATURE ( F), RAIN (in.), WIND SPEED (mph)

                                                 HEAT     COOL           AVG
      MEAN                                       DEG      DEG            WIND                        DOM
DAY   TEMP    HIGH   TIME      LOW     TIME      DAYS     DAYS   RAIN    SPEED    HIGH    TIME       DIR
----------------------------------------------------------------------------------------------------------------------------------------------------------
01    80.5    91.5   13:59    69.4   06:59     00.0     17.9   00.00   02.3     15.0    19:59     WSW
02    79.1    88.7   11:44    69.4   06:14     00.0     17.8   00.00   02.5     16.1    15:59     WSW
03    78.5    88.0   15:44    69.0   07:14     00.0     13.1   00.00   00.6     10.4    14:44     WNW
04    73.9    86.7   13:59    61.1   05:44     00.0     11.0   00.00   00.8     11.5    16:14     WSW
05    78.4    87.3   12:59    69.5   03:59     00.0     16.0   00.00   02.3     13.8    22:44     WSW
06    76.9    84.2   17:14    69.5   02:59     00.0     12.5   00.40   02.8     26.5    01:44      W 
07    77.6    85.6   13:29    69.5   20:44     00.0     11.8   00.03   00.3     10.4    16:29      E 
08    77.9    86.3   15:14    69.5   23:14     00.0     12.7   00.01   00.3     11.5    16:44      SE
09    73.5    79.2   13:14    67.7   23:29     00.0     07.6   00.31   00.3     08.1    13:29      E 
10    74.0    84.7   14:14    63.3   05:44     00.0     08.7   00.01   01.1     12.7    15:14      E 
11    73.4    83.8   14:14    63.0   06:14     00.0     09.5   00.00   00.3     09.2    18:59      S 
12    78.4    87.0   12:44    69.7   18:44     00.0     14.5   00.00   03.2     17.3    19:59     WSW
13    76.3    82.8   11:59    69.7   18:14     00.0     13.2   00.64   01.7     15.0    06:14     WSW
14    79.5    89.6   15:14    69.4   00:00     00.0     13.3   00.14   01.0     11.5    16:29     ENE
15    76.6    86.6   12:29    66.5   05:29     00.0     11.5   00.00   00.4     10.4    16:14     ESE
16    77.4    86.4   15:44    68.3   06:29     00.0     12.0   00.34   01.3     19.6    18:44     WSW
17    78.7    87.7   13:29    69.7   13:14     00.0     15.4   00.36   03.2     19.6    21:29     WSW
18    77.9    86.1   14:59    69.8   21:29     00.0     12.9   00.09   01.7     15.0    14:44      W 
19    76.0    85.9   12:53    66.0   06:28     00.0     10.5   00.10   00.3     10.4    18:17      S 
20    76.1    84.1   15:25    68.1   00:00     00.0     11.1   00.00   00.2     09.2    17:07     SSW
21    76.3    85.5   13:20    67.1   02:07     00.0     11.4   00.00   00.5     13.8    16:21      E 
22    78.0    87.0   13:19    69.0   05:33     00.0     13.2   00.00   00.5     11.5    14:54      SE
23    79.0    88.4   14:08    69.6   06:45     00.0     14.7   00.00   01.4     16.1    22:36      SW
24    82.1    88.4   14:00    75.8   15:53     00.0     16.3   00.10   02.0     16.1    13:20     WSW
25    80.7    87.9   12:46    73.6   06:27     00.0     16.7   00.00   02.1     17.3    18:26     WSW
26    84.1    89.0   14:37    79.3   07:09     00.0     18.0   00.00   02.8     23.0    20:30     WSW
27    80.7    88.2   13:24    73.2   00:00     00.0     17.0   00.00   02.9     19.6    17:16     WSW
28    79.8    87.3   14:12    72.3   00:15     00.0     16.1   00.02   02.4     18.4    11:16     WSW
29    81.0    86.8   12:17    75.2   19:43     00.0     15.8   00.27   04.2     20.7    19:16     WSW
30    80.9    88.0   14:43    73.7   20:05     00.0     15.4   00.11   03.4     20.7    19:17     WSW
31    81.4    88.3   13:55    74.5   22:07     00.0     16.5   00.02   03.3     18.4    09:26     WSW
----------------------------------------------------------------------------------------------------------------------------------------------------------
78.6 (78.2)   91.5  day 01     61.1  day 04   000.0    424.1   02.90   01.7     26.5   day 30     WSW
Max >=  86: 22
Min <=  86: 31
Max Rain: 0.64 ON 13-07-09
Days of Rain: 16 (> .008in) 11 (> .08in) 0 (> 0.8in)