NOAA Reports


Report for 2009 Aug
MONTHLY CLIMATOLOGICAL SUMMARY for AUG. 2009

NAME: Sunset Beach   CITY: Sunset Beach (Mainland) STATE: North Carolina
ELEV: 52 Feet LAT: 033:54:59 LONG: 0078:29:50

                            TEMPERATURE ( F), RAIN (in.), WIND SPEED (mph)

                                                 HEAT     COOL           AVG
      MEAN                                       DEG      DEG            WIND                        DOM
DAY   TEMP    HIGH   TIME      LOW     TIME      DAYS     DAYS   RAIN    SPEED    HIGH    TIME       DIR
----------------------------------------------------------------------------------------------------------------------------------------------------------
01    80.7    87.5   13:59    73.9   06:44     00.0     15.7   00.00   01.7     15.0    21:59     WSW
02    80.9    86.5   13:29    75.2   16:44     00.0     15.4   00.18   03.2     17.3    14:29     WSW
03    79.3    86.6   13:59    71.9   22:44     00.0     13.7   00.05   01.1     13.8    14:44     WSW
04    80.6    89.3   13:44    71.9   01:14     00.0     16.3   00.02   01.3     13.8    17:29     WSW
05    82.4    87.5   16:14    77.3   03:14     00.0     16.8   00.00   02.0     18.4    14:14     WSW
06    80.6    87.0   14:59    74.1   00:00     00.0     16.5   00.01   01.9     15.0    16:59     WSW
07    78.3    87.7   13:59    68.9   00:00     00.0     13.0   00.00   01.0     16.1    13:29     ESE
08    77.0    88.2   12:59    65.7   07:14     00.0     13.2   00.00   00.5     11.5    15:29     ESE
09    79.6    89.1   15:59    70.1   07:29     00.0     16.4   00.00   00.8     11.5    17:59      SW
10    81.7    90.5   15:14    72.8   06:59     00.0     17.7   00.00   02.3     13.8    15:29     WSW
11    83.4    90.6   14:44    76.2   06:44     00.0     17.8   00.00   02.0     13.8    20:29     WSW
12    81.4    89.5   13:29    73.3   23:14     00.0     15.2   00.02   01.0     12.7    16:29     WSW
13    78.8    84.2   14:14    73.3   04:29     00.0     12.2   00.00   00.1     08.1    14:14      E 
14    75.7    80.9   17:44    70.5   00:00     00.0     10.8   00.23   00.3     11.5    06:59     ESE
15    76.9    85.6   16:29    68.2   03:59     00.0     11.1   00.00   00.2     09.2    15:44     ESE
16    78.6    88.0   15:59    69.1   05:14     00.0     13.0   00.01   00.1     06.9    14:59     SSW
17    79.8    88.0   12:29    71.5   07:29     00.0     14.4   00.00   00.1     09.2    17:14     SSW
18    79.0    88.6   14:29    69.4   07:14     00.0     14.4   00.00   00.4     10.4    15:59     SSW
19    80.6    89.9   14:59    71.3   06:59     00.0     16.4   00.00   00.7     12.7    13:14      SW
20    82.3    90.0   13:44    74.6   07:14     00.0     17.7   00.00   01.5     17.3    15:44     WSW
21    83.2    90.4   15:29    75.9   06:14     00.0     17.8   00.10   01.3     16.1    13:59     WSW
22    81.1    87.9   13:44    74.2   16:44     00.0     15.6   00.32   01.6     17.3    15:59     WSW
23    79.5    86.2   15:44    72.7   06:44     00.0     14.9   00.00   01.3     17.3    16:44     WSW
24    79.2    88.8   14:44    69.5   00:00     00.0     13.8   00.00   00.4     12.7    16:59      SW
25    76.9    87.3   11:59    66.5   03:44     00.0     12.0   00.00   00.8     12.7    15:44      SE
26    79.4    88.6   14:44    70.1   04:59     00.0     14.2   00.00   00.3     10.4    13:44      S 
27    80.5    90.7   14:14    70.3   07:14     00.0     15.2   00.00   00.4     13.8    15:14      SE
28    80.6    88.4   13:14    72.8   06:59     00.0     13.1   00.28   01.1     16.1    13:44     ENE
29    79.8    86.6   15:59    72.9   07:29     00.0     13.9   00.00   01.8     13.8    17:14      W 
30    82.0    89.0   13:29    74.9   07:29     00.0     16.9   00.00   01.5     15.0    17:14     WSW
31    74.4    78.8   00:14    70.0   23:54     00.0     08.7   01.26   00.2     11.5    22:29      N 
----------------------------------------------------------------------------------------------------------------------------------------------------------
79.6 (79.8)   90.7  day 27     65.7  day 08   000.0    453.6   02.16   01.1     18.4   day 22     WSW
Max >=  86: 27
Min <=  86: 31
Max Rain: 1.26 ON 31-08-09
Days of Rain: 11 (> .008in) 6 (> .08in) 1 (> 0.8in)