NOAA Reports


Report for 2009 Nov
MONTHLY CLIMATOLOGICAL SUMMARY for NOV. 2009

NAME: Sunset Beach   CITY: Sunset Beach (Mainland) STATE: North Carolina
ELEV: 52 Feet LAT: 033:54:59 LONG: 0078:29:50

                            TEMPERATURE ( F), RAIN (in.), WIND SPEED (mph)

                                                 HEAT     COOL           AVG
      MEAN                                       DEG      DEG            WIND                        DOM
DAY   TEMP    HIGH   TIME      LOW     TIME      DAYS     DAYS   RAIN    SPEED    HIGH    TIME       DIR
----------------------------------------------------------------------------------------------------------------------------------------------------------
01    55.9    63.8   03:45    48.0   00:59     09.5     00.0   00.00   00.8     11.5    08:44     NNE
02    58.2    69.5   14:29    46.8   00:00     06.7     00.0   00.00   00.8     10.4    13:14      N 
03    59.7    74.2   14:29    45.1   01:29     07.3     00.0   00.00   00.3     06.9    15:14      E 
04    55.5    70.0   13:29    40.9   00:00     09.4     00.0   00.01   00.6     12.7    13:44     WNW
05    50.2    63.7   03:29    36.6   07:14     16.5     00.0   00.00   00.7     13.8    09:59      NE
06    50.4    66.1   13:29    34.8   07:14     15.1     00.0   00.00   00.2     09.2    13:44     ESE
07    56.5    73.3   13:14    39.6   07:14     10.4     00.0   00.00   00.2     08.1    13:59     SSE
08    61.9    76.0   13:29    47.7   00:49     02.6     00.0   00.00   01.0     12.7    10:09      E 
09    66.4    69.8   11:19    62.9   04:19     00.0     00.3   00.83   00.5     10.4    00:59     ENE
10    61.4    66.3   01:09    56.4   00:00     03.2     00.0   03.34   02.3     19.6    10:29     ENE
11    55.8    63.6   10:59    47.9   21:49     13.2     00.0   00.08   02.1     19.6    12:59      N 
12    56.1    63.5   10:39    48.6   00:09     11.5     00.0   00.13   02.2     20.7    05:39     NNE
13    56.2    63.4   12:19    49.0   00:00     08.2     00.0   00.00   00.8     11.5    13:39      N 
14    59.7    72.4   14:59    46.9   00:00     08.6     00.0   00.01   00.3     10.4    12:59      N 
15    58.3    73.6   13:29    43.0   06:39     09.7     00.0   00.01   00.3     08.1    15:29     ESE
16    58.1    71.4   14:39    44.7   06:59     07.7     00.0   00.00   01.3     11.5    21:49     ENE
17    62.7    69.7   15:49    55.7   00:09     03.7     00.0   00.17   01.6     12.7    12:29      NE
18    69.9    76.6   13:39    63.1   14:29     00.0     03.7   00.10   00.6     12.7    09:29     ESE
19    64.3    71.0   13:59    57.6   21:29     01.6     00.0   00.00   00.8     11.5    22:59     NNE
20    55.9    63.3   19:59    48.5   00:00     09.2     00.0   00.00   00.9     11.5    14:39      NE
21    50.7    56.6   13:59    44.7   04:29     13.8     00.0   00.24   01.6     16.1    19:49      NE
22    60.3    67.2   10:21    53.3   00:49     06.2     00.0   00.07   01.3     11.5    04:49      NE
23    58.4    63.3   19:09    53.5   00:00     09.9     00.0   00.01   00.0     04.6    00:59      NW
24    56.7    63.3   22:09    50.1   00:00     12.3     00.0   00.10   00.0     05.8    22:09      NE
25    54.8    63.3   11:49    46.3   05:19     13.0     00.0   00.00   01.0     17.3    23:29      W 
26    51.2    63.3   14:19    39.1   07:29     18.2     00.0   00.00   02.2     16.1    15:29      W 
27    47.0    63.3   22:59    30.7   07:09     21.5     00.0   00.00   00.6     11.5    13:09      NW
29    50.5    63.7   15:00    37.4   00:19     15.3     00.0   00.00   00.4     09.2    23:32     WSW
30    58.2    68.0   11:51    48.4   05:41     06.2     00.0   00.20   02.8     17.3    20:28     WSW
----------------------------------------------------------------------------------------------------------------------------------------------------------
55.7 (56.6)   76.6  day 18    30.7  day 27    270.7    004.0   05.48   01.0     20.7   day 30     NNE
Min <=  86: 29
Min <=  23: 1
Max Rain: 3.34 ON 10-11-09
Days of Rain: 14 (> .008in) 8 (> .08in) 2 (> 0.8in)