NOAA Reports


Report for 2009 Dec





                            MONTHLY CLIMATOLOGICAL SUMMARY for DEC. 2009

NAME: Sunset Beach   CITY: Sunset Beach (Mainland) STATE: North Carolina
ELEV: 52 Feet LAT: 033:54:59 LONG: 0078:29:50

                            TEMPERATURE ( F), RAIN (in.), WIND SPEED (mph)

                                                 HEAT     COOL           AVG
      MEAN                                       DEG      DEG            WIND                        DOM
DAY   TEMP    HIGH   TIME      LOW     TIME      DAYS     DAYS   RAIN    SPEED    HIGH    TIME       DIR
----------------------------------------------------------------------------------------------------------------------------------------------------------
01    47.3    58.3   14:00    36.4   07:50     18.0     00.0   00.00   00.6     11.5    01:09     ENE
02    58.9    69.8   22:00    47.9   00:40     03.7     00.0   03.05   02.2     19.6    22:50      S 
03    57.4    66.1   00:10    48.7   21:20     06.0     00.0   00.07   02.4     17.3    02:00     WSW
04    50.0    56.8   13:20    43.1   08:10     14.6     00.0   00.17   00.2     06.9    15:40      NE
05    46.8    53.9   13:20    39.6   00:00     15.3     00.0   00.68   01.6     16.1    17:00     WNW
06    41.0    47.5   14:50    34.5   07:50     24.4     00.0   00.00   00.5     11.5    10:00     NNE
07    47.1    56.6   14:00    37.6   05:40     18.5     00.0   00.00   00.2     05.8    20:00      NE
08    53.6    60.6   00:00    46.5   07:32     13.2     00.0   00.06   01.9     11.5    17:48     ENE
09    64.4    67.9   14:23    60.8   00:01     00.0     00.6   00.11   07.1     24.2    08:42     WSW
10    51.5    65.9   00:29    37.0   22:50     11.0     00.0   00.00   02.8     18.4    02:42      W 
11    37.3    41.6   10:51    32.9   00:00     27.7     00.0   00.00   00.7     15.0    10:39     NNE
12    39.7    47.8   14:42    31.6   03:58     24.3     00.0   00.02   01.4     10.4    20:17      NE
13    56.2    66.4   13:12    45.9   00:06     05.1     00.0   00.59   01.4     13.8    18:53      SW
14    51.6    56.5   16:01    46.7   07:41     12.8     00.0   00.00   00.1     05.8    23:17      N 
15    60.3    65.0   15:00    55.5   00:01     03.8     00.0   00.03   00.4     10.4    23:28     WSW
16    45.2    60.0   00:03    30.4   23:49     18.7     00.0   00.00   01.6     18.4    09:08      NE
17    40.5    51.9   13:23    29.0   02:55     26.9     00.0   00.00   00.6     10.4    11:30      NE
18    42.9    49.5   23:11    36.3   02:13     20.5     00.0   03.33   04.2     20.7    16:54     ENE
19    41.6    49.3   00:04    33.9   23:14     23.7     00.0   00.01   03.0     21.9    14:31      W 
20    42.5    52.2   14:08    32.8   22:58     24.3     00.0   00.01   00.7     15.0    11:21     WNW
21    38.8    49.8   12:59    27.8   07:29     27.8     00.0   00.01   00.4     09.2    12:59      W 
22    41.0    52.8   13:55    29.2   07:43     27.0     00.0   00.00   00.5     11.5    09:55      NE
23    42.1    56.7   14:16    27.4   07:28     25.7     00.0   00.01   00.4     08.1    10:46      NE
24    46.1    59.0   13:21    33.2   04:48     19.1     00.0   00.00   03.7     19.6    18:08     ENE
25    55.4    64.6   19:02    46.3   00:56     06.1     00.0   00.56   04.6     24.2    14:42      E 
26    47.1    55.4   00:01    38.8   22:08     18.2     00.0   00.00   01.0     15.0    09:23     WNW
27    47.3    55.2   15:14    39.5   08:16     18.4     00.0   00.01   00.9     12.7    23:46      W 
28    43.0    52.3   14:40    33.7   22:30     19.6     00.0   00.00   03.4     19.6    11:16     WSW
29    37.6    48.0   14:57    27.2   23:51     29.2     00.0   00.00   00.9     17.3    10:23      N 
30    38.4    50.5   14:56    26.4   03:23     25.9     00.0   00.06   01.7     12.7    13:21      NE
31    49.8    56.8   23:00    42.9   05:37     15.8     00.0   00.59   00.1     11.5    00:46     NNE
----------------------------------------------------------------------------------------------------------------------------------------------------------
47.4 (47.2)   69.8  day 02     26.4  day 30   545.4    000.6   09.39   01.6     24.2   day 09     NNW
Min <=  86: 31
Max Rain: 3.33 ON 18-12-10
Days of Rain: 18 (> .008in) 8 (> .08in) 2 (> 0.8in)