NOAA Reports


Report for 2010 Jun

Daily noaa report



                            MONTHLY CLIMATOLOGICAL SUMMARY for JUN. 2010

NAME: Sunset Beach   CITY: Sunset Beach (Mainland) STATE: North Carolina
ELEV: 52 LAT: 033:54:59 LONG: 0078:29:50

                            TEMPERATURE ( F), RAIN (in.), WIND SPEED (mph)

                                                 HEAT     COOL           AVG
      MEAN                                       DEG      DEG            WIND                        DOM
DAY   TEMP    HIGH   TIME      LOW     TIME      DAYS     DAYS   RAIN    SPEED    HIGH    TIME       DIR
----------------------------------------------------------------------------------------------------------------------------------------------------------
01    76.0    80.7   16:30    71.1   11:30     00.0     11.1   00.54   00.7     12.7    16:30      SW
02    76.7    85.9   14:00    68.7   17:50     00.0     11.8   00.51   01.5     17.3    23:20     WSW
03    76.1    83.7   15:00    68.4   06:10     00.0     11.2   00.00   01.9     13.8    17:00     WSW
04    80.2    87.2   13:10    74.9   02:40     00.0     15.3   00.00   02.4     16.1    15:10     WSW
05    81.3    87.5   13:50    75.0   06:10     00.0     16.4   00.00   01.6     11.5    18:00     WSW
06    82.6    91.3   17:40    75.6   07:20     00.0     17.6   00.00   03.4     18.4    18:40     WSW
07    78.1    85.5   16:20    66.6   00:13     00.0     13.1   00.00   00.9     14.9    11:00     NNW
08    74.7    85.1   11:50    62.6   06:00     00.0     09.7   00.00   00.7     11.5    17:50     WSW
09    76.5    84.4   12:30    65.6   06:30     00.0     11.6   00.00   02.9     21.9    23:00     WSW
10    81.5    90.4   14:30    76.3   22:30     00.0     16.5   00.00   03.5     18.4    04:30     WSW
11    81.4    91.6   14:30    71.0   06:40     00.0     16.4   00.00   00.3     11.5    15:20      SW
12    80.4    88.2   14:20    71.5   06:30     00.0     15.4   00.00   00.3     11.5    16:20     SSE
13    83.4    91.5   14:30    74.0   23:00     00.0     18.5   01.56   02.5     17.3    22:00     WSW
14    83.4    95.1   17:13    73.3   05:30     00.0     18.5   01.57   00.9     13.8    13:02      W 
15    82.9    96.3   15:28    73.4   06:21     00.0     18.0   00.59   00.3     16.1    05:23      W 
16    82.0    88.8   15:28    76.3   06:21     00.0     17.1   00.00   00.9     12.7    16:21      SW
17    83.3    93.7   14:26    76.6   06:30     00.0     18.3   00.00   00.9     16.1    14:56     WSW
18    80.2    89.3   10:37    72.5   00:00     00.0     15.2   00.15   00.7     14.9    15:34     ESE
19    79.3    88.8   14:13    71.5   03:18     00.0     14.4   00.02   00.4     12.7    15:12     SSE
20    82.2    89.8   13:29    74.4   06:38     00.0     17.2   00.00   01.3     14.9    15:35      SW
21    82.9    90.4   13:51    75.4   05:24     00.0     18.0   00.00   01.7     16.1    16:09     WSW
22    82.9    90.3   13:40    71.4   17:11     00.0     18.0   00.00   02.7     16.1    18:24     WSW
23    84.2    92.7   13:42    78.0   06:02     00.0     19.3   00.00   03.8     16.1    17:29     WSW
24    84.0    92.5   12:23    77.4   05:01     00.0     19.0   00.00   03.7     14.9    19:29     WSW
25    83.2    90.2   13:58    79.1   06:37     00.0     18.3   00.00   03.5     17.3    19:15     WSW
26    81.7    88.5   13:59    75.6   06:27     00.0     16.8   00.00   02.6     13.8    16:06     WSW
27    80.9    89.5   13:31    74.0   22:06     00.0     15.9   00.10   01.5     13.8    13:14     WSW
28    81.3    89.2   15:32    76.1   07:03     00.0     16.3   00.01   04.6     21.9    12:25     WSW
29    82.4    89.3   13:23    75.0   00:00     00.0     17.5   00.00   04.1     19.6    19:56     WSW
30    78.9    87.4   12:47    73.2   06:23     00.0     14.0   00.30   00.0     00.0    23:44     WSW
----------------------------------------------------------------------------------------------------------------------------------------------------------
80.8 (81.2)   96.3  day 15     62.6  day 08   000.0    476.3   03.78   01.9     21.9   day 07     WSW
Max >=  86: 24
Min <=  86: 30
Max Rain: 1.57 ON 14-06-10
Days of Rain: 54 (> .008in) 52 (> .08in) 2 (> 0.8in)