NOAA Reports


Report for 2011 Jul

Daily noaa report



                            MONTHLY CLIMATOLOGICAL SUMMARY for JUL. 2011

NAME: Sunset Beach   CITY: Sunset Beach (Mainland) STATE: North Carolina
ELEV: 52 LAT: 033:54:59 LONG: 0078:29:50

                            TEMPERATURE ( F), RAIN (in.), WIND SPEED (mph)

                                               HEAT     COOL           AVG
      MEAN                                     DEG      DEG            WIND                       DOM
DAY   TEMP    HIGH   TIME     LOW    TIME      DAYS     DAYS    RAIN   SPEED    HIGH    TIME      DIR
----------------------------------------------------------------------------------------------------------------------------------------------------------
01    78.1   090.6   21:21    69.2   05:41     00.0     13.1   00.00   00.3     11.5    17:21      S 
02    76.7   090.7   23:09    66.9   06:30     00.0     11.8   00.00   00.2     10.3    23:29     WSW
03    80.3   090.8   22:01    69.6   07:11     00.0     15.4   00.00   02.4     16.1    21:21     WSW
04    81.6   090.8   22:01    77.2   07:11     00.0     16.7   00.00   02.7     20.7    16:31     WSW
05    82.0   090.8   06:51    77.1   07:01     00.0     17.1   00.00   01.8     17.3    19:11     WSW
06    82.0   090.7   12:01    78.5   04:11     00.0     17.0   00.00   01.7     16.1    14:11     WSW
07    82.7   090.7   17:11    73.7   07:11     00.0     17.8   00.00   00.5     11.5    18:51      SW
08    79.5   090.7   21:51    75.6   11:31     00.0     14.6   00.71   01.6     20.7    19:11     WSW
09    80.4   088.6   15:31    73.5   00:00     00.0     15.4   00.12   01.7     16.1    02:11     WSW
10    79.1   090.7   04:21    71.0   04:11     00.0     14.1   00.04   00.7     18.4    11:01     ESE
11    80.0   090.6   08:11    69.7   06:41     00.0     15.0   00.00   00.4     13.8    08:11     WSW
12    83.5   094.6   17:00    75.8   06:51     00.0     18.6   00.00   02.2     17.3    18:21      W 
13    90.0   100.7   19:21    75.2   23:31     00.0     25.1   00.00   01.0     16.1    17:31      W 
14    79.5   090.6   00:11    71.1   07:01     00.0     14.5   00.01   01.6     42.5    00:14      E 
15    76.5   090.6   04:11    67.7   06:51     00.0     11.5   00.02   01.9     24.1    16:31     ESE
16    77.8   090.6   13:01    62.3   06:09     00.0     12.9   00.01   02.2     19.6    16:01     ESE
17    75.7   090.5   22:11    60.9   06:41     00.0     10.8   00.00   01.5     21.9    14:01      SE
18    75.7   088.4   12:11    61.3   06:41     00.0     10.7   00.00   00.4     11.5    15:51     SSW
19    78.9   090.7   15:11    63.9   03:51     00.0     13.9   00.00   01.0     16.1    18:01     WSW
20    84.8   093.3   16:21    77.1   06:41     00.0     19.8   00.00   00.8     11.5    00:00      W 
21    84.8   092.9   11:21    80.2   06:01     00.0     19.9   00.00   01.5     12.7    19:41      W 
22    84.9   092.4   14:51    81.1   07:11     00.0     20.0   00.00   02.8     16.1    00:31      W 
23    84.5   091.3   13:31    80.4   05:31     00.0     19.6   00.00   02.7     19.6    16:51      W 
24    82.9   094.0   14:31    75.5   22:41     00.0     18.0   00.07   02.3     21.9    16:31      W 
25    79.1   090.4   06:51    73.7   13:31     00.0     14.1   01.58   01.5     18.4    17:11      W 
26    75.8   090.4   15:21    72.4   03:11     00.0     10.9   00.86   00.8     14.9    16:01      W 
27    80.6   090.4   19:31    74.2   06:31     00.0     15.6   00.11   00.9     13.8    16:01      W 
28    82.5   089.8   12:01    75.8   06:51     00.0     17.5   00.00   01.9     14.9    18:11      W 
29    84.5   093.1   14:21    76.8   06:31     00.0     19.6   00.00   01.3     12.7    19:21      W 
30    85.1   094.3   12:41    75.0   07:11     00.0     20.1   00.00   00.4     11.5    17:01      W 
31    80.7   091.5   14:41    74.8   20:15     00.0     15.7   00.05   00.5     19.6    16:30      W 
----------------------------------------------------------------------------------------------------------------------------------------------------------
81.0 (82.2)   100.7  day 13     60.9  day 17   000.0    496.9   03.58   01.4     42.6   day 14     WSW
Max >=  86: 31
Min <=  86: 31
Max Rain: 1.58 ON 25-07-11
Days of Rain: 76 (> .008in) 5 (> .08in) 2 (> 0.8in)