NOAA Reports


Report for 2011 Sep

Daily noaa report



                            MONTHLY CLIMATOLOGICAL SUMMARY for SEP. 2011

NAME: Sunset Beach   CITY: Sunset Beach (Mainland) STATE: North Carolina
ELEV: 52 LAT: 033:54:59 LONG: 0078:29:50

                            TEMPERATURE ( F), RAIN (in.), WIND SPEED (mph)

                                               HEAT     COOL           AVG
      MEAN                                     DEG      DEG            WIND                       DOM
DAY   TEMP    HIGH   TIME     LOW    TIME      DAYS     DAYS    RAIN   SPEED    HIGH    TIME      DIR
----------------------------------------------------------------------------------------------------------------------------------------------------------
01    72.8   086.9   16:51    61.2   06:41     00.0     07.8   00.00   00.3     11.5    15:31      SE
02    74.3   086.9   15:01    59.9   05:41     00.0     09.3   00.00   00.1     09.2    17:21      SE
03    76.6   085.6   13:41    65.7   00:00     00.0     11.6   00.00   00.6     11.5    17:11     SSE
04    74.3   085.1   15:11    59.8   06:30     00.0     09.4   00.00   00.3     11.5    14:01      S 
05    81.6   086.5   15:01    75.6   04:01     00.0     16.7   00.00   01.3     18.4    14:31     WSW
06    82.1   087.8   15:11    73.5   06:51     00.0     17.2   01.73   01.5     19.6    10:21      SW
07    77.4   085.0   14:31    70.5   04:51     00.0     12.4   00.26   00.3     11.5    02:21     WSW
08    74.7   083.7   14:21    66.0   07:31     00.0     09.7   00.00   00.8     12.7    17:21      W 
09    75.4   082.6   15:51    63.6   07:31     00.0     10.4   00.00   01.5     14.9    16:41      W 
10    76.7   087.7   14:41    65.8   07:41     00.0     11.7   00.00   00.2     11.5    16:51      W 
11    75.0   087.7   13:01    59.8   07:31     00.0     10.1   00.00   00.1     11.5    14:21      SW
12    75.9   085.8   14:31    68.3   23:31     00.0     11.0   00.00   00.6     12.7    16:01      SW
13    75.2   086.0   12:31    64.3   07:31     00.0     10.2   00.00   00.2     10.3    16:11     SSE
14    75.4   087.0   14:41    64.0   07:21     00.0     10.5   00.00   00.2     09.2    16:21      SW
15    76.2   086.9   14:41    62.2   07:11     00.0     11.3   00.00   00.5     11.5    22:01     WSW
16    64.8   080.3   00:41    59.1   07:41     00.2     00.0   00.82   01.6     19.6    02:11     ENE
17    64.0   075.8   00:14    60.4   03:11     01.0     00.0   00.00   00.4     42.5    00:14     ENE
18    65.7   074.5   16:31    61.5   07:31     00.0     00.8   00.00   00.3     11.5    17:01     ENE
19    68.6   080.6   15:41    60.4   05:41     00.0     03.6   00.00   00.5     11.5    13:31      E 
20    71.6   078.4   15:51    65.4   01:39     00.0     06.6   00.00   00.3     11.5    16:01      E 
21    74.2   081.3   13:11    68.1   01:31     00.0     09.2   00.01   00.0     08.1    19:21     ESE
22    76.2   084.8   13:31    71.0   07:01     00.0     11.3   00.59   00.1     08.1    23:51     SSW
23    75.7   083.9   14:51    69.0   22:51     00.0     10.8   00.63   00.7     17.3    12:21     WSW
24    74.6   085.2   14:51    68.4   02:51     00.0     09.6   00.06   00.4     13.8    17:01      SE
25    73.9   082.6   14:31    66.9   06:21     00.0     09.0   00.02   00.7     12.7    11:41      E 
26    74.6   081.3   14:21    70.0   07:31     00.0     09.6   00.09   00.1     09.2    18:11     ESE
27    77.7   085.0   15:27    72.6   08:51     00.0     12.8   00.52   01.3     89.7    00:14      SW
28    77.9   086.4   13:43    68.6   07:07     00.0     13.0   00.00   01.1     20.7    17:49      SW
29    75.5   084.2   14:53    67.0   00:00     00.0     10.5   00.01   01.6     23.0    12:19      W 
30    73.8   085.1   13:32    63.4   04:10     00.0     08.9   00.39   02.6     26.4    17:52     WSW
----------------------------------------------------------------------------------------------------------------------------------------------------------
74.4 (74.9)   87.8  day 06     59.1  day 16   001.1    285.2   05.14   00.7     89.7   day 27      SW
Max >=  86: 10
Min <=  86: 30
Max Rain: 1.73 ON 6-09-11
Days of Rain: 83 (> .008in) 79 (> .08in) 2 (> 0.8in)