NOAA Reports


Report for 2011 Dec

Daily noaa report



                            MONTHLY CLIMATOLOGICAL SUMMARY for DEC. 2011

NAME: Sunset Beach   CITY: Sunset Beach (Mainland) STATE: North Carolina
ELEV: 52 LAT: 033:54:59 LONG: 0078:29:50

                            TEMPERATURE ( F), RAIN (in.), WIND SPEED (mph)

                                               HEAT     COOL           AVG
      MEAN                                     DEG      DEG            WIND                       DOM
DAY   TEMP    HIGH   TIME     LOW    TIME      DAYS     DAYS    RAIN   SPEED    HIGH    TIME      DIR
----------------------------------------------------------------------------------------------------------------------------------------------------------
01    41.0   056.9   13:51    29.3   00:00     23.9     00.0   00.01   00.9     18.4    11:12     WSW
02    40.8   062.5   14:09    27.4   05:45     24.2     00.0   00.00   00.1     05.8    14:18      NE
03    46.1   065.5   13:28    29.1   02:35     18.8     00.0   00.01   02.1     23.0    11:13     SSW
04    55.9   071.9   13:28    42.0   07:15     09.1     00.0   00.00   01.2     18.4    11:05      E 
05    61.8   072.8   11:25    52.9   03:41     03.2     00.0   00.14   00.9     19.6    13:13      E 
06    63.7   073.3   11:51    55.1   04:05     01.2     00.0   00.00   00.5     16.1    11:14     ESE
07    64.4   071.2   12:01    49.1   23:18     00.6     00.0   00.03   07.2     46.0    18:07     WSW
08    44.4   056.1   14:12    33.6   21:47     20.6     00.0   00.00   00.6     19.6    00:02     WSW
09    51.0   062.6   13:33    37.5   00:01     13.9     00.0   00.03   00.1     09.2    08:55     WSW
10    49.4   056.2   13:06    38.8   00:00     15.6     00.0   00.01   00.7     18.4    12:43      W 
11    41.2   051.3   15:02    35.5   07:26     23.8     00.0   00.00   01.3     23.0    10:10      W 
12    44.6   050.7   13:58    38.9   05:27     20.3     00.0   00.00   00.4     12.7    09:31     WSW
13    46.4   064.7   14:38    37.9   00:00     18.6     00.0   00.00   00.3     10.3    11:05     WSW
14    46.6   064.9   13:04    34.2   07:33     18.3     00.0   00.00   00.5     09.2    10:02      SW
15    54.1   069.3   12:56    37.1   06:50     10.8     00.0   00.00   01.7     18.4    22:47     WSW
16    63.4   074.9   12:57    55.5   07:14     01.5     00.0   00.00   03.7     19.6    10:56     WSW
17    50.5   061.4   00:43    34.0   00:00     14.4     00.0   00.00   00.7     12.7    13:04     WSW
18    37.1   052.8   12:31    28.2   23:04     27.9     00.0   00.00   00.6     13.8    11:01     WSW
19    42.6   059.9   13:09    26.0   06:47     22.3     00.0   00.00   00.4     18.4    11:01      SW
20    53.1   070.6   12:24    39.6   03:08     11.9     00.0   00.01   00.4     11.5    12:12     SSE
21    59.5   067.6   10:20    48.9   03:26     05.5     00.0   00.09   02.5     24.1    12:08     ESE
22    65.1   072.5   12:13    61.7   02:05     00.0     00.2   00.00   01.9     20.7    17:45     SSW
23    64.3   070.0   13:08    56.0   00:00     00.6     00.0   00.00   02.5     27.6    03:24     WSW
24    50.0   059.2   14:11    35.8   00:00     15.0     00.0   00.00   01.2     18.4    11:03     SSW
25    47.4   059.3   12:11    34.8   01:10     17.6     00.0   00.06   00.6     12.7    19:37      E 
26    45.0   056.9   13:48    33.8   22:17     20.0     00.0   00.06   01.2     18.4    11:55      NE
27    56.0   065.4   14:05    36.5   00:02     09.0     00.0   00.31   07.7     46.0    14:09     WSW
28    45.3   056.4   14:42    33.0   23:25     19.6     00.0   00.00   03.1     26.4    01:21      W 
29    42.6   057.6   12:30    26.5   07:50     22.3     00.0   00.00   01.6     20.7    13:47      W 
30    50.0   062.0   13:32    33.8   05:52     14.9     00.0   00.00   01.1     18.4    15:01     WSW
31    56.2   068.5   12:29    38.2   23:42     08.8     00.0   00.00   03.9     26.4    11:33      W 
----------------------------------------------------------------------------------------------------------------------------------------------------------
51.0 (51.1)   74.9  day 16     26.0  day 19   433.9    000.2   00.76   01.7     46.0   day 07     WSW
Min <=  86: 31
Max Rain: 0.31 ON 27-12-12
Days of Rain: 11 (> .008in) 3 (> .08in) 0 (> 0.8in)