NOAA Reports


Report for 2012 Mar

Daily noaa report




                            MONTHLY CLIMATOLOGICAL SUMMARY for MAR. 2012

NAME: Sunset Beach   CITY: Sunset Beach (Mainland) STATE: North Carolina
ELEV: 52 Feet LAT: 033:54:59.65 LONG: 0078:29:49.39

                            TEMPERATURE ( F), RAIN (in.), WIND SPEED (mph)

                                               HEAT     COOL           AVG
      MEAN                                     DEG      DEG            WIND                       DOM
DAY   TEMP    HIGH   TIME     LOW    TIME      DAYS     DAYS    RAIN   SPEED    HIGH    TIME      DIR
----------------------------------------------------------------------------------------------------------------------------------------------------------
01    65.4   076.9   12:25    58.5   00:00     00.0     00.4   00.00   06.7     28.8    15:36      W 
02    61.6   075.6   13:12    53.5   03:39     03.3     00.0   00.02   03.0     27.6    20:27     WSW
03    60.6   064.0   11:08    57.7   20:53     04.4     00.0   01.06   04.4     27.6    02:17     WSW
04    49.5   057.9   13:19    38.2   00:00     15.5     00.0   01.58   02.2     24.1    17:11      NW
05    51.8   065.0   12:14    38.0   00:25     13.2     00.0   00.01   07.5     42.5    12:00     WNW
06    42.9   057.6   13:10    27.7   07:02     22.0     00.0   00.00   03.4     27.6    13:58     ESE
07    53.7   070.3   13:57    35.8   00:12     11.3     00.0   00.00   01.7     23.0    13:09      E 
08    62.5   074.4   12:34    48.5   02:46     02.4     00.0   00.00   00.9     20.7    13:53      S 
09    61.4   071.3   15:00    48.0   00:00     03.5     00.0   00.01   00.6     16.1    10:32     WNW
10    50.2   064.0   14:01    38.2   04:07     14.7     00.0   00.01   02.0     24.1    10:50     ENE
11    49.3   066.8   13:12    36.9   07:58     15.7     00.0   00.00   01.5     20.7    13:37      E 
12    55.1   072.0   13:12    38.3   07:20     09.9     00.0   00.00   00.8     18.4    11:08      SE
13    62.7   074.1   13:48    54.0   00:32     02.2     00.0   00.00   01.2     20.7    16:14      SW
14    67.0   082.1   13:35    57.8   03:50     00.0     02.0   00.00   01.5     16.1    18:12      W 
15    65.5   079.6   14:15    51.7   06:24     00.0     00.6   00.00   00.7     18.4    15:18      SW
16    67.2   076.4   14:38    58.6   07:36     00.0     02.3   00.01   02.4     24.1    16:17     WSW
17    67.3   080.6   12:52    58.2   07:16     00.0     02.3   00.01   01.2     19.6    16:17     WSW
18    64.7   076.2   15:32    59.8   00:03     00.2     00.0   00.34   00.1     10.3    17:56     WSW
19    64.8   078.6   12:29    57.7   08:03     00.1     00.0   01.05   00.3     25.3    15:08      SW
20    63.9   080.6   13:06    51.4   07:14     01.1     00.0   00.01   00.6     19.6    15:39      S 
21    63.2   075.5   16:43    54.6   06:14     01.8     00.0   00.01   00.3     23.0    16:01     SSE
22    69.7   077.8   13:19    61.8   08:11     00.0     04.7   00.00   01.0     24.1    12:07     SSE
23    68.3   080.6   15:06    56.2   07:45     00.0     03.3   00.00   01.3     16.1    14:04      SW
24    69.0   078.0   14:09    63.2   21:16     00.0     04.1   00.06   02.3     24.1    16:32     WSW
25    63.5   075.5   13:49    55.9   07:43     01.5     00.0   00.13   02.2     28.8    01:06     WNW
26    65.0   080.6   16:13    55.1   01:27     00.0     00.0   00.01   01.7     18.4    11:32     NNW
27    55.6   066.8   14:12    42.3   00:00     09.3     00.0   00.00   02.2     26.4    00:55      E 
28    58.6   073.7   14:42    38.9   04:53     06.4     00.0   00.00   06.4     31.1    17:20     WSW
29    71.2   089.1   15:01    63.5   03:13     00.0     06.3   00.00   02.2     18.4    17:46      W 
30    67.3   078.9   12:51    57.3   07:50     00.0     02.4   00.00   02.9     28.8    21:03     WSW
31    69.1   078.2   15:39    65.6   11:18     00.0     04.2   00.06   03.3     24.1    10:27      W 
----------------------------------------------------------------------------------------------------------------------------------------------------------
61.5 (62.6)   89.1  day 29     27.7  day 06   138.3    032.6   04.50   02.2     42.6   day 05     WSW
Max >=  86: 1
Min <=  86: 31
Max Rain: 1.58 ON 4-03-14
Days of Rain: 16 (> .008in) 5 (> .08in) 3 (> 0.8in)