NOAA Reports


Report for 2012 Oct

Daily noaa report




                            MONTHLY CLIMATOLOGICAL SUMMARY for OCT. 2012

NAME: Sunset Beach   CITY: Sunset Beach (Mainland) STATE: North Carolina
ELEV: 52 Feet LAT: 033:54:59.65 LONG: 0078:29:49.39

                            TEMPERATURE ( F), RAIN (in.), WIND SPEED (mph)

                                               HEAT     COOL           AVG
      MEAN                                     DEG      DEG            WIND                       DOM
DAY   TEMP    HIGH   TIME     LOW    TIME      DAYS     DAYS    RAIN   SPEED    HIGH    TIME      DIR
----------------------------------------------------------------------------------------------------------------------------------------------------------
01    74.0   084.9   15:19    67.4   02:44     00.0     09.1   00.82   00.7     14.9    16:03      NE
02    79.0   084.5   14:47    75.3   03:10     00.0     14.1   00.50   01.5     16.1    14:39     SSE
03    77.8   082.7   17:07    74.4   05:28     00.0     12.9   00.17   01.0     16.1    03:30     SSW
04    76.9   085.4   13:54    69.4   07:59     00.0     12.0   00.00   00.0     12.7    12:19     SSW
05    72.1   086.5   15:04    62.3   00:00     00.0     07.2   00.01   00.1     09.2    16:14     ESE
06    71.1   085.0   13:10    58.1   07:58     00.0     06.1   00.00   00.7     13.8    16:20     SSE
07    73.0   085.7   13:30    60.8   00:00     00.0     08.1   00.04   00.6     16.1    16:22      S 
08    58.0   066.3   14:49    52.9   23:34     06.9     00.0   00.42   00.5     12.7    11:33      N 
09    56.6   063.0   14:04    53.1   08:01     08.3     00.0   00.00   00.0     09.2    12:01     NNW
10    60.2   074.2   16:24    51.2   07:45     04.7     00.0   00.01   01.0     13.8    12:32     WSW
11    58.1   073.6   15:35    48.7   05:17     06.8     00.0   00.01   00.6     14.9    10:02     NNE
12    53.9   077.2   22:01    43.3   07:47     11.0     00.0   00.00   00.0     05.8    23:28     ENE
13    61.8   073.6   15:04    51.0   07:54     03.1     00.0   00.00   01.5     14.9    15:51     NNE
14    65.0   082.8   13:34    50.1   06:37     00.0     00.0   00.00   00.2     11.5    15:36     ENE
15    67.5   080.5   13:23    56.7   05:04     00.0     02.6   00.32   02.2     20.7    16:11     SSW
16    59.3   072.1   16:16    48.6   00:00     05.6     00.0   00.01   00.3     12.7    12:20     NNW
17    56.6   071.6   14:54    45.7   06:34     08.4     00.0   00.00   00.0     06.9    14:04     NNE
18    64.7   078.2   14:27    50.2   04:21     00.2     00.0   00.02   00.2     11.5    14:26      E 
19    69.5   080.0   14:31    53.4   00:00     00.0     04.6   00.41   01.1     12.7    15:50     SSW
20    62.2   075.5   13:12    49.6   08:19     02.7     00.0   00.00   01.8     21.9    13:18     SSW
21    58.1   073.4   15:35    45.8   00:00     06.8     00.0   00.00   00.2     13.8    10:36      NW
22    52.9   074.0   14:12    39.2   07:46     12.1     00.0   00.00   00.1     06.9    13:21      N 
23    55.5   078.3   13:27    42.8   07:59     09.5     00.0   00.00   00.0     08.1    13:36     ENE
24    61.8   082.8   14:59    49.7   06:41     03.2     00.0   00.00   00.0     05.8    16:00      SE
25    67.2   083.2   14:21    54.5   05:42     00.0     02.2   00.01   00.8     20.7    15:37     ENE
26    67.2   073.1   15:14    60.9   07:53     00.0     02.3   00.01   01.2     19.6    15:19      N 
27    65.3   067.6   00:30    63.8   19:33     00.0     00.3   00.91   03.0     23.0    21:44      N 
28    63.4   067.0   14:40    58.0   00:00     01.5     00.0   00.00   01.6     27.6    04:23      NW
29    54.0   061.5   14:31    48.7   08:06     10.9     00.0   00.00   06.2     32.2    23:37      SW
30    52.0   060.2   15:33    48.2   02:26     12.9     00.0   00.00   09.5     34.5    00:08      SW
31    52.0   062.8   16:49    43.9   07:57     13.0     00.0   00.00   03.7     20.7    15:19      SW
----------------------------------------------------------------------------------------------------------------------------------------------------------
63.4 (64.9)   86.5  day 05     39.2  day 22   127.7    081.5   03.82   01.3     34.5   day 30      SW
Max >=  86: 1
Min <=  86: 31
Max Rain: 0.91 ON 27-10-14
Days of Rain: 15 (> .008in) 7 (> .08in) 2 (> 0.8in)