NOAA Reports


Report for 2012 Dec

Daily noaa report




                            MONTHLY CLIMATOLOGICAL SUMMARY for DEC. 2012

NAME: Sunset Beach   CITY: Sunset Beach (Mainland) STATE: North Carolina
ELEV: 52 Feet LAT: 033:54:59.65 LONG: 0078:29:49.39

                            TEMPERATURE ( F), RAIN (in.), WIND SPEED (mph)

                                               HEAT     COOL           AVG
      MEAN                                     DEG      DEG            WIND                       DOM
DAY   TEMP    HIGH   TIME     LOW    TIME      DAYS     DAYS    RAIN   SPEED    HIGH    TIME      DIR
----------------------------------------------------------------------------------------------------------------------------------------------------------
01    49.9   069.5   13:41    35.7   05:11     15.1     00.0   00.00   00.2     09.2    15:51      E 
02    52.4   066.5   13:11    39.6   05:11     12.6     00.0   00.01   00.1     08.1    13:11      SE
03    56.7   075.8   13:41    43.8   07:51     08.3     00.0   00.00   00.4     09.2    14:01     SSW
04    58.6   073.7   12:54    46.0   06:31     06.3     00.0   00.00   00.6     13.8    22:40     SSW
05    61.6   075.9   13:56    49.3   06:16     03.3     00.0   00.00   01.2     14.9    12:23      SW
06    52.3   061.1   00:04    47.2   23:36     12.6     00.0   00.00   01.9     17.3    12:12      N 
07    57.7   067.7   15:14    47.4   00:02     07.2     00.0   00.16   00.5     12.7    14:14     NNE
08    57.7   065.6   13:06    51.4   23:38     07.2     00.0   00.00   00.1     11.5    11:48     WNW
09    62.3   073.8   12:32    49.8   06:39     02.6     00.0   00.01   00.1     10.3    15:07      E 
10    64.0   068.4   12:52    60.6   22:12     00.9     00.0   00.00   03.2     26.4    16:17     SSW
11    64.8   072.1   13:50    60.7   08:11     00.1     00.0   00.05   02.2     23.0    03:45     SSW
12    48.9   061.6   00:42    42.2   00:00     16.0     00.0   00.51   02.7     21.9    18:34      N 
13    44.4   049.7   16:10    41.9   05:52     20.5     00.0   00.15   02.0     21.9    01:46      N 
14    44.8   060.6   14:54    33.3   00:00     20.1     00.0   00.01   00.5     12.7    11:04      N 
15    50.1   060.8   14:24    33.3   00:27     14.9     00.0   00.04   00.0     04.6    13:25      N 
16    59.5   063.3   00:00    56.4   08:09     05.5     00.0   00.01   00.1     14.9    23:13     SSW
17    62.5   066.5   13:06    58.2   00:00     02.5     00.0   00.39   01.2     17.3    21:40     SSW
18    58.0   067.9   13:54    42.7   00:00     06.9     00.0   00.01   07.2     33.4    11:55      SW
19    50.7   068.5   13:36    39.3   03:01     14.2     00.0   00.00   01.9     18.4    09:34      SW
20    55.0   069.7   15:06    37.0   07:08     09.9     00.0   00.20   02.8     31.1    23:17     SSE
21    47.5   065.2   00:01    39.2   00:00     17.5     00.0   00.01   15.8     39.1    02:55      SW
22    41.7   052.2   15:27    33.3   07:58     23.2     00.0   00.00   05.9     20.7    12:22      SW
23    44.4   056.6   12:48    27.9   08:02     20.6     00.0   00.00   01.1     16.1    14:24      SW
24    51.3   062.1   12:47    40.6   07:51     13.6     00.0   00.02   01.6     17.3    12:10     SSW
25    54.1   063.3   12:11    46.5   00:01     10.8     00.0   00.06   00.3     12.7    23:39      SE
26    56.7   065.4   12:12    44.2   00:00     08.2     00.0   00.93   08.8     38.0    20:24     SSW
27    42.4   055.3   13:50    34.7   00:00     22.5     00.0   00.00   05.5     27.6    01:57      SW
28    40.3   051.2   13:33    30.6   04:22     24.6     00.0   00.00   00.1     08.1    09:05     NNW
29    48.9   056.3   14:09    44.2   20:59     16.1     00.0   01.13   03.0     25.3    21:22     WSW
30    39.5   051.1   13:37    27.5   00:00     25.5     00.0   00.00   01.6     17.3    12:03      W 
31    37.8   054.8   00:00    24.0   07:26     27.1     00.0   00.00   01.5     13.8    14:09      SW
----------------------------------------------------------------------------------------------------------------------------------------------------------
52.1 (52.9)   75.9  day 05     24.0  day 31   396.6    000.0   03.96   02.4     39.1   day 21      SW
Min <=  86: 31
Max Rain: 1.13 ON 29-12-14
Days of Rain: 17 (> .008in) 7 (> .08in) 2 (> 0.8in)