NOAA Reports


Report for 2013 Apr

Daily noaa report




                            MONTHLY CLIMATOLOGICAL SUMMARY for APR. 2013

NAME: Sunset Beach   CITY: Sunset Beach (Mainland) STATE: North Carolina
ELEV: 52 Feet LAT: 033:54:59.65 LONG: 0078:29:49.39

                            TEMPERATURE ( F), RAIN (in.), WIND SPEED (mph)

                                               HEAT     COOL           AVG
      MEAN                                     DEG      DEG            WIND                       DOM
DAY   TEMP    HIGH   TIME     LOW    TIME      DAYS     DAYS    RAIN   SPEED    HIGH    TIME      DIR
----------------------------------------------------------------------------------------------------------------------------------------------------------
01    62.3   070.8   16:21    53.8   00:00     02.7     00.0   00.11   01.1     11.5    12:51     WSW
02    54.6   064.4   13:41    44.1   00:00     10.3     00.0   00.00   01.1     13.8    11:01     ENE
03    53.2   063.3   15:51    43.1   01:18     11.7     00.0   00.00   01.2     17.3    10:21      NE
04    51.7   061.6   21:11    48.0   10:31     13.2     00.0   01.03   03.3     20.7    19:31     ENE
05    49.0   058.6   18:21    42.9   07:31     16.0     00.0   00.00   01.1     09.2    09:01     NNW
06    52.1   068.5   13:41    37.1   07:31     12.8     00.0   00.01   01.5     16.1    16:31     ENE
07    55.5   071.7   14:51    35.3   07:31     09.4     00.0   00.00   00.5     12.7    13:11     ESE
08    64.1   076.8   15:01    48.6   07:11     00.8     00.0   00.00   00.8     11.5    15:31      S 
09    66.9   079.3   14:11    52.9   07:41     00.0     01.9   00.00   00.6     12.7    18:11     SSW
10    68.9   077.6   14:51    58.4   07:31     00.0     04.0   00.01   02.4     17.3    15:01     WSW
11    68.6   078.7   14:41    59.0   04:51     00.0     03.6   00.01   01.4     13.8    16:21      SW
12    69.1   076.2   13:51    66.5   06:01     00.0     04.2   02.67   03.8     23.0    13:41     WSW
13    63.1   075.1   14:11    51.2   00:00     01.8     00.0   00.00   01.2     14.9    14:31      E 
14    61.5   074.7   15:01    45.1   06:41     03.5     00.0   00.00   00.2     11.5    23:41     ESE
15    66.4   073.5   16:01    60.3   07:51     00.0     01.5   00.78   01.8     26.4    03:51      E 
16    65.9   078.9   13:16    55.1   04:01     00.0     01.0   00.00   00.7     17.3    13:17     ENE
17    66.1   080.6   14:29    32.0   23:00     00.0     01.1   00.00   00.1     12.7    14:56      E 
18    68.5   078.7   14:39    55.9   07:36     00.0     03.5   00.00   01.8     23.0    13:56     ENE
19    72.3   077.6   14:52    67.2   23:41     00.0     07.3   00.77   03.0     31.1    14:05      S 
20    57.5   067.9   01:40    43.9   00:00     07.5     00.0   00.19   01.4     21.9    03:21      W 
21    54.3   067.2   15:07    40.5   04:33     10.6     00.0   00.00   06.1     28.8    14:26     NNE
22    53.5   067.7   16:00    44.8   07:29     11.4     00.0   00.00   03.6     20.7    21:13      N 
23    57.5   070.4   17:47    50.4   00:00     07.5     00.0   00.00   01.1     17.3    07:12      N 
24    61.4   073.9   15:56    44.6   05:18     03.5     00.0   00.00   01.4     25.3    15:07     SSE
25    66.1   079.0   13:23    54.4   00:00     00.0     01.2   00.43   01.2     17.3    15:50      E 
26    59.9   074.2   14:50    47.8   06:55     05.1     00.0   00.01   01.7     21.9    13:28      NE
27    61.3   074.8   14:36    47.3   02:39     03.6     00.0   00.02   01.4     23.0    15:47     ENE
28    65.2   074.2   14:19    57.8   07:12     00.0     00.2   00.00   01.3     17.3    21:20     ENE
29    65.5   069.4   14:38    62.5   22:16     00.0     00.6   02.08   00.3     21.9    08:49     ESE
30    67.1   076.6   16:00    60.3   05:08     00.0     02.2   00.00   00.9     17.3    14:29     NNE
----------------------------------------------------------------------------------------------------------------------------------------------------------
61.6 (61.5)   80.6  day 17     32.0  day 17   131.5    032.3   08.33   01.6     31.1   day 19     ENE
Min <=  86: 30
Max Rain: 2.67 ON 12-04-14
Days of Rain: 13 (> .008in) 8 (> .08in) 3 (> 0.8in)