NOAA Reports


Report for 2013 Jun

Daily noaa report




                            MONTHLY CLIMATOLOGICAL SUMMARY for JUN. 2013

NAME: Sunset Beach   CITY: Sunset Beach (Mainland) STATE: North Carolina
ELEV: 52 Feet LAT: 033:54:59.65 LONG: 0078:29:49.39

                            TEMPERATURE ( F), RAIN (in.), WIND SPEED (mph)

                                               HEAT     COOL           AVG
      MEAN                                     DEG      DEG            WIND                       DOM
DAY   TEMP    HIGH   TIME     LOW    TIME      DAYS     DAYS    RAIN   SPEED    HIGH    TIME      DIR
----------------------------------------------------------------------------------------------------------------------------------------------------------
01    77.8   084.8   00:28    72.7   00:00     00.0     12.8   00.33   00.4     11.5    18:31     NNW
02    77.4   084.8   20:51    72.3   00:31     00.0     12.4   02.92   04.4     25.3    12:01      NW
03    80.3   086.8   13:01    76.7   02:51     00.0     15.3   00.00   03.1     16.1    17:10     WNW
04    79.5   087.7   14:00    75.0   05:11     00.0     14.6   00.00   00.9     11.5    23:01     WNW
05    78.9   084.8   22:51    72.8   21:30     00.0     14.0   00.08   02.3     19.6    17:11     WNW
06    78.1   085.7   16:31    72.7   00:41     00.0     13.2   00.10   02.8     13.8    18:01     WNW
07    80.8   091.0   12:51    67.8   04:41     00.0     15.9   00.01   01.0     11.5    18:11     WNW
08    84.7   091.6   14:51    78.8   04:51     00.0     19.8   00.00   03.5     19.6    16:31     WNW
09    75.6   086.2   16:21    63.6   00:00     00.0     10.7   00.71   00.6     11.5    13:21      NE
10    72.7   084.7   05:51    56.1   06:01     00.0     07.8   00.00   01.0     14.9    16:51     WNW
11    78.2   084.7   14:01    72.5   07:01     00.0     13.3   00.00   02.3     14.9    13:11     WNW
12    79.2   085.9   13:31    74.6   07:01     00.0     14.3   00.05   02.3     14.9    15:41     WNW
13    79.4   088.2   14:21    71.8   01:31     00.0     14.5   00.24   02.6     17.3    16:51      NW
14    76.1   084.7   17:01    72.0   23:41     00.0     11.2   00.02   01.3     14.9    03:51     NNE
15    74.9   086.1   15:31    66.7   07:11     00.0     10.0   00.00   02.2     13.8    15:21     ESE
16    72.5   083.8   15:11    62.8   06:11     00.0     07.5   00.12   01.1     11.5    16:21     ESE
17    75.8   084.7   13:51    71.1   01:28     00.0     10.8   00.23   01.0     11.5    14:01     NNW
18    77.6   084.5   16:11    70.7   07:11     00.0     12.7   00.11   00.5     10.3    16:31     WNW
19    79.3   086.0   14:41    74.9   09:11     00.0     14.4   00.66   01.5     13.8    23:01      NW
20    80.7   087.1   16:11    76.0   06:31     00.0     15.7   00.01   02.2     12.7    16:31      NW
21    79.1   087.0   13:21    69.6   00:00     00.0     14.2   00.48   02.4     14.9    14:31      NW
22    79.6   087.1   14:21    69.3   01:01     00.0     14.7   00.12   03.0     21.9    16:51      NW
23    82.3   087.8   12:41    78.0   06:51     00.0     17.3   00.03   04.1     20.7    17:11      NW
24    79.0   084.8   15:11    71.5   19:51     00.0     14.1   02.40   03.2     19.6    15:11      NW
25    78.7   084.8   06:11    72.7   09:11     00.0     13.7   02.06   02.1     18.4    03:21      NW
30    74.5   079.4   00:00    74.1   00:11     00.0     09.6   00.00   00.2     12.7    00:00     WNW
----------------------------------------------------------------------------------------------------------------------------------------------------------
78.2 (78.7)   91.6  day 08     56.1  day 10   000.0    344.4   11.23   02.0     25.3   day 08      NW
Max >=  86: 12
Min <=  86: 26
Max Rain: 2.92 ON 2-06-14
Days of Rain: 19 (> .008in) 14 (> .08in) 3 (> 0.8in)