NOAA Reports


Report for 2013 Jul

Daily noaa report




                            MONTHLY CLIMATOLOGICAL SUMMARY for JUL. 2013

NAME: Sunset Beach   CITY: Sunset Beach (Mainland) STATE: North Carolina
ELEV: 52 Feet LAT: 033:54:59.65 LONG: 0078:29:49.39

                            TEMPERATURE ( F), RAIN (in.), WIND SPEED (mph)

                                               HEAT     COOL           AVG
      MEAN                                     DEG      DEG            WIND                       DOM
DAY   TEMP    HIGH   TIME     LOW    TIME      DAYS     DAYS    RAIN   SPEED    HIGH    TIME      DIR
----------------------------------------------------------------------------------------------------------------------------------------------------------
01    77.6   083.7   13:04    72.4   15:00     00.0     12.6   02.20   03.3     20.7    23:48      NW
02    79.4   085.4   11:31    76.2   00:14     00.0     14.5   00.01   02.3     20.7    00:46      NW
03    81.6   087.1   13:33    77.8   03:28     00.0     16.6   00.00   02.3     20.7    18:08      E 
04    81.5   086.8   15:21    78.3   06:27     00.0     16.6   00.00   02.4     17.3    16:56      SE
05    81.5   086.4   15:22    78.2   04:46     00.0     16.6   00.00   01.6     19.6    12:27     ESE
06    81.1   086.8   15:29    73.7   06:49     00.0     16.2   00.00   01.3     16.1    14:38      S 
07    81.4   086.6   15:25    76.7   03:24     00.0     16.5   00.00   01.5     14.9    17:38      NW
08    80.5   088.3   14:24    70.4   06:12     00.0     15.6   00.00   01.5     14.9    15:56      NW
09    81.5   088.9   15:18    72.9   06:01     00.0     16.6   00.00   01.9     14.9    13:01      NW
10    81.4   087.9   15:23    72.9   06:06     00.0     16.5   00.00   01.7     17.3    14:58      NW
11    82.5   088.4   12:21    77.5   00:59     00.0     17.6   00.00   03.8     19.6    15:57      NW
12    75.4   081.2   00:44    71.9   11:20     00.0     10.5   01.91   00.7     20.7    02:03     NNW
13    76.6   084.5   15:13    71.1   06:34     00.0     11.6   04.39   02.5     26.4    13:47      SE
14    81.8   087.0   15:19    76.9   23:42     00.0     16.9   00.00   04.9     25.3    15:49      SE
15    81.1   088.5   14:15    73.5   00:00     00.0     16.1   00.00   02.6     20.7    15:06      SE
16    80.2   091.1   14:44    69.7   05:20     00.0     15.3   00.00   00.6     09.2    17:37     ESE
17    80.9   093.9   12:57    74.5   23:25     00.0     15.9   00.33   00.6     14.9    11:43      NW
18    80.9   089.7   13:50    70.3   06:18     00.0     15.9   00.00   00.8     13.8    14:46      NW
19    81.6   088.3   13:28    71.7   06:32     00.0     16.7   00.00   02.5     17.3    23:42      NW
20    82.0   088.4   12:11    77.6   00:00     00.0     17.0   00.00   06.1     21.9    02:50      NW
21    79.5   085.7   16:03    75.0   06:51     00.0     14.6   00.00   03.6     19.6    20:33      NW
22    80.7   088.5   15:46    75.3   07:32     00.0     15.7   00.00   03.1     18.4    16:30      NW
23    80.8   087.9   16:18    76.1   07:02     00.0     15.9   00.00   03.3     17.3    14:23      NW
24    80.6   088.3   13:07    74.9   23:54     00.0     15.7   00.00   01.2     11.5    16:58      NW
25    79.6   091.1   15:36    69.9   05:55     00.0     14.7   00.00   00.6     11.5    17:03      E 
26    77.6   086.9   15:01    69.4   06:28     00.0     12.7   00.00   01.1     16.1    16:00     ESE
27    77.7   086.5   14:37    66.1   06:16     00.0     12.8   00.00   00.8     17.3    15:48      SE
28    78.7   086.8   16:32    70.1   03:17     00.0     13.8   00.00   00.9     12.7    22:00     WNW
29    78.6   089.4   13:03    71.6   00:00     00.0     13.7   01.34   01.3     14.9    15:06     WNW
30    78.2   087.3   14:33    71.1   00:24     00.0     13.2   00.46   00.5     14.9    15:03     ESE
31    78.2   085.9   11:47    71.2   06:22     00.0     13.3   00.02   00.6     11.5    15:52      SE
----------------------------------------------------------------------------------------------------------------------------------------------------------
80.0 (80.5)   93.9  day 17     66.1  day 27   000.0    467.8   10.69   02.0     26.5   day 20      NW
Max >=  86: 25
Min <=  86: 31
Max Rain: 4.39 ON 13-07-14
Days of Rain: 8 (> .008in) 6 (> .08in) 4 (> 0.8in)