NOAA Reports


Report for 2013 Oct

Daily noaa report




                            MONTHLY CLIMATOLOGICAL SUMMARY for OCT. 2013

NAME: Sunset Beach   CITY: Sunset Beach (Mainland) STATE: North Carolina
ELEV: 52 Feet LAT: 033:54:59.65 LONG: 0078:29:49.39

                            TEMPERATURE ( F), RAIN (in.), WIND SPEED (mph)

                                               HEAT     COOL           AVG
      MEAN                                     DEG      DEG            WIND                       DOM
DAY   TEMP    HIGH   TIME     LOW    TIME      DAYS     DAYS    RAIN   SPEED    HIGH    TIME      DIR
----------------------------------------------------------------------------------------------------------------------------------------------------------
01    63.7   082.1   15:39    48.2   07:32     01.3     00.0   00.00   00.6     16.1    13:03     ESE
02    68.3   085.7   14:15    53.5   06:23     00.0     03.4   00.00   00.5     11.5    12:57      E 
03    70.5   083.4   15:18    56.8   07:29     00.0     05.6   00.00   00.5     11.5    14:35      S 
04    72.5   085.5   13:46    61.2   07:23     00.0     07.6   00.00   00.6     11.5    16:53      SE
05    72.3   086.1   12:28    60.0   04:06     00.0     07.3   00.00   00.8     14.9    16:13      SE
06    72.9   079.6   11:32    63.9   05:10     00.0     08.0   00.66   00.6     12.7    10:50      SE
07    74.9   079.1   08:58    70.8   00:00     00.0     10.0   01.79   00.7     11.5    16:32      E 
08    63.7   071.7   02:43    57.3   23:53     01.2     00.0   00.74   03.8     19.6    09:34     ENE
09    62.8   071.8   12:41    57.3   01:18     02.1     00.0   00.01   02.2     20.7    13:38     ENE
10    62.7   069.6   13:07    58.7   07:37     02.2     00.0   00.00   00.5     10.3    01:21     NNW
11    67.7   079.1   13:44    62.2   00:16     00.0     02.8   00.00   00.3     13.8    11:47      NW
12    68.7   081.2   14:48    62.7   00:00     00.0     03.8   00.00   00.5     11.5    14:02     NNE
13    68.9   077.8   15:09    62.5   00:27     00.0     03.9   00.00   00.7     11.5    11:15      NE
14    70.3   077.6   14:26    65.2   00:00     00.0     05.4   00.00   03.3     17.3    16:33     ENE
15    65.2   070.6   13:55    60.7   07:41     00.0     00.2   00.00   01.3     12.7    14:37     ENE
16    67.4   076.0   15:52    59.2   23:55     00.0     02.4   00.00   00.2     10.3    13:34      NE
17    68.1   078.8   14:17    55.9   03:52     00.0     03.2   00.00   01.3     16.1    15:57     WNW
18    69.9   078.0   14:20    64.0   20:38     00.0     05.0   00.03   00.5     10.3    12:39      NE
19    65.1   069.9   15:40    61.3   07:28     00.0     00.2   00.00   01.8     16.1    10:02     ENE
20    62.7   069.9   15:40    51.5   00:00     02.2     00.0   00.01   01.1     12.7    10:20     ENE
21    60.0   069.9   16:10    51.3   00:40     05.0     00.0   00.00   00.4     09.2    14:00      E 
22    61.1   068.5   14:40    56.5   07:40     03.8     00.0   00.10   00.0     02.3    14:50     NNE
23    62.2   074.7   14:57    49.4   21:39     02.7     00.0   00.27   02.1     21.9    15:29      NW
24    49.8   064.0   16:27    36.4   07:03     15.1     00.0   00.00   00.7     11.5    13:25      NW
25    47.9   062.3   14:06    34.7   23:48     17.0     00.0   00.00   01.6     17.3    13:18     ENE
26    47.2   066.9   14:56    31.4   06:31     17.7     00.0   00.00   00.7     12.7    14:52     NNW
27    54.3   069.5   14:35    38.8   07:50     10.6     00.0   00.00   00.6     09.2    15:03     WNW
28    58.4   073.6   14:11    45.3   02:20     06.5     00.0   00.00   00.3     11.5    10:48     SSW
29    59.6   075.7   14:03    47.5   06:20     05.4     00.0   00.00   00.4     10.3    15:40     ESE
30    60.4   076.2   14:33    47.8   07:05     04.5     00.0   00.00   00.4     08.1    16:44     SSW
31    63.9   078.1   13:11    50.5   03:52     01.0     00.0   00.00   00.5     10.3    14:00      SW
----------------------------------------------------------------------------------------------------------------------------------------------------------
64.2 (64.8)   86.1  day 05     31.4  day 26   098.5    073.6   04.25   00.9     21.9   day 23     ENE
Max >=  86: 1
Min <=  86: 32
Max Rain: 1.79 ON 7-10-14
Days of Rain: 9 (> .008in) 6 (> .08in) 1 (> 0.8in)