NOAA Reports


Report for 2013 Dec

Daily noaa report




                            MONTHLY CLIMATOLOGICAL SUMMARY for DEC. 2013

NAME: Sunset Beach   CITY: Sunset Beach (Mainland) STATE: North Carolina
ELEV: 52 Feet LAT: 033:54:59.65 LONG: 0078:29:49.39

                            TEMPERATURE ( F), RAIN (in.), WIND SPEED (mph)

                                               HEAT     COOL           AVG
      MEAN                                     DEG      DEG            WIND                       DOM
DAY   TEMP    HIGH   TIME     LOW    TIME      DAYS     DAYS    RAIN   SPEED    HIGH    TIME      DIR
----------------------------------------------------------------------------------------------------------------------------------------------------------
01    50.7   060.8   15:21    44.2   05:31     14.2     00.0   00.00   00.3     06.9    04:41      E 
02    51.9   063.1   14:51    42.9   00:00     13.0     00.0   00.00   00.3     05.8    13:41     NNE
03    52.0   061.9   13:41    38.8   06:41     13.0     00.0   00.00   00.1     05.8    22:11      SW
04    61.7   073.0   13:31    51.4   23:31     03.2     00.0   00.19   00.3     10.3    11:31      W 
05    63.6   072.7   14:01    49.8   02:11     01.4     00.0   00.01   00.8     10.3    19:31     WNW
06    68.2   075.1   12:01    64.3   08:21     00.0     03.2   00.00   03.0     16.1    11:51     WNW
07    54.8   071.2   11:11    44.2   00:00     10.2     00.0   00.17   02.3     13.8    12:41      E 
08    42.6   044.2   00:21    41.2   21:51     22.4     00.0   00.05   02.0     11.5    02:21      E 
09    52.4   066.5   15:31    41.7   00:01     12.6     00.0   00.00   00.1     09.2    15:01      N 
10    56.9   066.0   14:11    41.5   00:00     08.0     00.0   00.09   01.6     17.3    13:31      NW
11    39.4   053.3   15:11    28.6   08:01     25.5     00.0   00.01   00.5     09.2    11:01      E 
12    37.9   052.5   14:51    27.1   00:00     27.1     00.0   00.01   00.6     14.9    13:01     ENE
13    36.6   053.1   12:41    23.5   07:41     28.3     00.0   00.00   00.2     06.9    14:31     NNE
14    57.4   069.1   13:01    37.7   00:21     07.5     00.0   00.35   02.0     18.4    20:41      NE
15    52.6   062.7   00:01    36.3   00:00     12.3     00.0   00.08   01.4     16.1    11:21      NW
16    42.9   059.5   14:21    30.1   07:21     22.0     00.0   00.01   00.2     09.2    15:51      NW
17    51.2   062.3   14:21    34.4   07:51     13.8     00.0   00.00   02.3     17.3    20:21     WNW
18    43.3   056.2   14:41    29.5   00:00     21.7     00.0   00.00   00.6     18.4    00:11     NNW
19    42.7   061.1   14:11    27.4   07:11     22.3     00.0   00.00   00.6     10.3    14:31      NW
20    55.0   073.8   13:01    39.1   00:21     10.0     00.0   00.01   00.3     11.5    13:21     WNW
21    63.6   074.6   12:21    49.0   01:51     01.3     00.0   00.00   00.7     10.3    20:11     WNW
22    69.0   075.9   12:51    65.1   07:31     00.0     04.1   00.01   01.7     14.9    13:51     WNW
23    66.0   069.0   11:11    59.2   00:00     00.0     01.0   00.33   02.3     17.3    17:51     WNW
24    48.0   059.2   00:01    34.8   21:31     17.0     00.0   00.11   00.5     11.5    08:51     NNE
25    37.1   046.9   13:01    28.3   07:41     27.8     00.0   00.00   00.8     10.3    09:01      E 
26    41.8   048.2   15:41    33.5   02:41     23.1     00.0   00.00   00.0     06.9    12:01     ENE
27    42.9   055.9   12:50    31.6   23:36     22.1     00.0   00.00   00.9     16.1    10:40      E 
28    46.6   064.5   14:31    27.9   06:37     18.4     00.0   00.00   00.7     10.3    22:05      E 
29    61.1   066.3   11:27    48.2   23:36     03.8     00.0   00.65   02.7     25.3    11:08     WNW
30    48.8   059.1   13:20    39.8   07:24     16.2     00.0   00.01   00.2     09.2    09:54      NW
31    47.6   056.9   12:54    36.2   23:59     17.4     00.0   00.00   00.7     12.7    10:05      NW
----------------------------------------------------------------------------------------------------------------------------------------------------------
51.2 (51.0)   75.9  day 22     23.5  day 13   435.3    008.4   02.15   01.0     25.3   day 29     NNW
Min <=  86: 31
Max Rain: 0.65 ON 29-12-14
Days of Rain: 16 (> .008in) 8 (> .08in) 0 (> 0.8in)