NOAA Reports


Report for 2014 Feb

Daily noaa report




                            MONTHLY CLIMATOLOGICAL SUMMARY for FEB. 2014

NAME: Sunset Beach   CITY: Sunset Beach (Mainland) STATE: North Carolina
ELEV: 52 Feet LAT: 033:54:59.65 LONG: 0078:29:49.39

                            TEMPERATURE ( F), RAIN (in.), WIND SPEED (mph)

                                               HEAT     COOL           AVG
      MEAN                                     DEG      DEG            WIND                       DOM
DAY   TEMP    HIGH   TIME     LOW    TIME      DAYS     DAYS    RAIN   SPEED    HIGH    TIME      DIR
----------------------------------------------------------------------------------------------------------------------------------------------------------
01    41.5   053.5   13:50    27.6   03:04     23.4     00.0   00.05   00.7     11.5    10:52     ENE
02    52.2   067.9   14:30    43.7   00:11     12.8     00.0   00.00   00.7     12.7    11:53      NW
03    57.6   066.7   16:45    50.0   00:00     07.3     00.0   00.01   02.6     19.6    20:38     WNW
04    45.2   050.0   00:02    43.3   08:23     19.7     00.0   00.00   03.0     16.1    04:43      E 
05    53.2   063.3   16:44    44.1   03:40     11.7     00.0   00.31   02.5     20.7    13:51     WNW
06    45.4   052.9   14:20    38.5   00:00     19.6     00.0   00.02   01.9     17.3    09:52      E 
07    40.0   052.8   15:02    31.9   00:00     24.9     00.0   00.01   01.4     11.5    14:39      E 
08    38.8   049.2   16:08    31.0   00:00     26.2     00.0   00.34   01.1     12.7    15:23      E 
09    43.2   058.7   13:42    29.1   03:55     21.7     00.0   00.01   00.9     12.7    12:25      SE
10    47.6   059.6   13:26    36.4   06:33     17.3     00.0   00.00   02.5     16.1    23:35      E 
11    34.2   042.9   00:04    29.4   00:00     30.7     00.0   00.58   04.6     17.3    08:26      E 
12    32.0   034.8   20:24    29.0   03:34     32.9     00.0   00.26   03.3     21.9    16:15      E 
13    36.0   038.2   20:34    34.1   04:02     28.9     00.0   00.11   04.2     21.9    13:49      NW
14    45.1   054.6   13:07    34.6   07:37     19.8     00.0   00.00   04.3     17.3    19:34     WNW
15    48.1   057.1   15:12    32.8   00:00     16.8     00.0   00.23   04.7     27.6    07:21      NW
16    41.8   055.9   14:05    30.5   02:21     23.2     00.0   00.00   00.9     13.8    15:57      NW
17    43.0   054.9   14:27    31.9   02:59     22.0     00.0   00.00   03.6     20.7    09:37     ESE
18    52.5   074.4   14:55    39.7   07:48     12.5     00.0   00.00   00.7     11.5    13:22      NW
19    58.0   068.2   12:04    42.7   00:05     06.9     00.0   00.00   03.2     23.0    16:02     WNW
20    61.1   073.7   15:28    50.0   04:42     03.8     00.0   00.00   01.4     17.3    14:08     WNW
21    61.6   069.3   10:32    51.8   00:00     03.4     00.0   00.03   02.7     23.0    13:39     WNW
22    52.7   069.6   13:05    41.6   00:00     12.2     00.0   00.01   01.4     17.3    10:49     ESE
23    51.4   067.7   12:09    35.0   06:53     13.5     00.0   00.00   00.4     09.2    23:39     WSW
24    55.5   069.6   14:03    40.8   23:58     09.4     00.0   00.00   01.1     16.1    12:39      E 
25    52.8   071.1   14:20    37.7   07:14     12.2     00.0   00.00   01.9     19.6    15:11      W 
26    41.1   046.0   00:01    37.7   22:09     23.9     00.0   00.46   01.1     12.7    15:01      E 
27    43.4   055.4   13:43    31.7   07:48     21.5     00.0   00.01   01.5     14.9    15:54     WNW
28    42.9   054.0   15:01    31.3   02:13     22.0     00.0   00.00   04.4     23.0    09:05      NE
----------------------------------------------------------------------------------------------------------------------------------------------------------
47.1 (47.7)   74.4  day 18     27.6  day 01   500.2    000.0   02.98   02.2     27.6   day 15     N
Min <=  86: 28
Max Rain: 0.58 ON 11-02-14
Days of Rain: 15 (> .008in) 7 (> .08in) 0 (> 0.8in)