NOAA Reports


Report for 2014 Mar

Daily noaa report




                            MONTHLY CLIMATOLOGICAL SUMMARY for MAR. 2014

NAME: Sunset Beach   CITY: Sunset Beach (Mainland) STATE: North Carolina
ELEV: 52 Feet LAT: 033:54:59.65 LONG: 0078:29:49.39

                            TEMPERATURE ( F), RAIN (in.), WIND SPEED (mph)

                                               HEAT     COOL           AVG
      MEAN                                     DEG      DEG            WIND                       DOM
DAY   TEMP    HIGH   TIME     LOW    TIME      DAYS     DAYS    RAIN   SPEED    HIGH    TIME      DIR
----------------------------------------------------------------------------------------------------------------------------------------------------------
01    46.2   057.4   17:21    37.2   07:51     18.8     00.0   00.00   01.6     11.5    12:21     NNE
02    56.2   071.4   12:01    43.5   07:41     08.7     00.0   00.00   02.0     13.8    21:11     WSW
03    51.8   066.7   10:41    32.5   00:00     13.1     00.0   00.03   04.2     21.9    20:11      NW
04    31.6   036.5   17:11    25.1   07:21     33.3     00.0   00.00   03.2     19.6    00:21     NNE
05    38.1   041.2   15:11    34.4   07:31     26.9     00.0   00.12   02.0     11.5    03:31     NNE
06    40.0   042.9   00:00    35.6   05:11     25.0     00.0   01.47   06.9     28.8    21:01      NE
07    45.8   051.5   09:31    38.8   00:00     19.2     00.0   00.55   05.1     29.9    00:31      NE
08    49.9   069.2   15:01    33.6   07:11     15.1     00.0   00.01   02.6     11.5    19:41     WNW
09    58.9   074.4   15:11    48.2   08:11     06.0     00.0   00.00   02.3     14.9    15:21     WNW
10    57.0   077.4   14:01    40.8   08:01     08.0     00.0   00.00   01.6     13.8    18:21      W 
11    59.0   074.0   12:41    45.6   06:01     06.0     00.0   00.00   03.0     19.6    18:51      W 
12    60.1   065.8   14:21    54.2   00:00     04.8     00.0   00.23   04.6     25.3    13:51      W 
13    45.9   054.9   15:31    30.8   00:00     19.0     00.0   00.00   03.1     14.9    14:41     NNW
14    44.0   059.6   14:51    24.0   08:01     21.0     00.0   00.00   01.4     17.3    13:11     WSW
15    60.5   072.1   13:51    48.5   00:41     04.5     00.0   00.00   04.0     19.6    14:11      W 
16    53.5   059.8   12:31    48.2   02:41     11.4     00.0   00.57   01.8     16.1    20:11      E 
17    41.9   057.1   00:11    39.7   00:00     23.0     00.0   00.29   03.2     14.9    07:31      NE
18    41.0   047.3   17:11    36.6   06:11     23.9     00.0   00.07   03.4     17.3    19:31     NNE
19    47.8   058.0   15:11    41.8   08:01     17.1     00.0   00.01   01.7     11.5    15:01     NNW
20    55.4   071.8   14:41    38.9   04:51     09.6     00.0   00.00   02.2     11.5    19:01     WNW
21    54.2   068.5   12:51    40.9   04:01     10.7     00.0   00.00   02.3     14.9    16:21     ESE
22    59.5   075.1   12:41    43.9   04:01     05.4     00.0   01.68   01.7     17.3    15:31      SW
23    59.1   072.3   12:11    46.2   00:00     05.8     00.0   00.01   01.9     14.9    00:00      N 
24    45.3   055.4   14:01    37.9   07:41     19.7     00.0   00.00   02.7     17.3    09:31     ENE
25    45.4   057.0   12:41    38.2   00:31     19.5     00.0   00.42   02.4     14.9    19:51      N 
26    41.8   054.3   16:11    31.9   00:00     23.1     00.0   00.01   02.7     14.9    14:41      NW
27    44.3   059.3   14:11    26.8   06:41     20.6     00.0   00.00   01.8     16.1    12:01      E 
28    57.5   072.8   12:01    43.2   02:01     07.4     00.0   01.12   01.5     17.3    14:21     SSW
29    63.0   067.3   14:51    60.9   03:51     02.0     00.0   01.47   02.8     19.6    22:01      SW
30    54.0   061.6   00:01    47.2   00:00     10.9     00.0   00.00   04.6     20.7    09:31      NW
31    56.8   074.6   16:21    40.2   07:41     08.2     00.0   00.00   01.6     17.3    15:11      NW
----------------------------------------------------------------------------------------------------------------------------------------------------------
50.5 (51.0)   77.4  day 10     24.0  day 14   447.7    000.0   08.17   02.8     29.9   day 07     NNW
Min <=  86: 31
Max Rain: 1.68 ON 22-03-14
Days of Rain: 16 (> .008in) 10 (> .08in) 4 (> 0.8in)