NOAA Reports


Report for 2014 Jul

Daily noaa report




                            MONTHLY CLIMATOLOGICAL SUMMARY for JUL. 2014

NAME: Sunset Beach   CITY: Sunset Beach (Mainland) STATE: North Carolina
ELEV: 52 Feet LAT: 033:54:59.65 LONG: 0078:29:49.39

                            TEMPERATURE ( F), RAIN (in.), WIND SPEED (mph)

                                               HEAT     COOL           AVG
      MEAN                                     DEG      DEG            WIND                       DOM
DAY   TEMP    HIGH   TIME     LOW    TIME      DAYS     DAYS    RAIN   SPEED    HIGH    TIME      DIR
----------------------------------------------------------------------------------------------------------------------------------------------------------
01    80.1   088.7   15:55    67.9   06:26     00.0     15.1   00.00   02.0     16.1    16:05     SSW
02    83.4   088.7   14:29    78.5   05:33     00.0     18.4   00.00   03.2     19.6    14:08     SSW
03    76.0   081.4   05:31    71.7   11:10     00.0     11.1   02.59   04.5     23.0    10:15     NNE
04    81.4   090.4   12:40    74.0   06:32     00.0     16.5   00.00   01.9     13.8    01:51      W 
05    77.0   084.7   15:14    69.2   00:00     00.0     12.0   00.00   03.9     18.4    16:15      E 
06    76.5   085.2   11:20    66.1   06:11     00.0     11.5   00.00   02.0     16.1    09:50     ESE
07    79.2   088.6   13:33    68.4   06:44     00.0     14.2   00.00   02.7     20.7    16:06     WSW
08    83.7   092.1   11:49    79.6   04:27     00.0     18.8   00.00   07.3     26.4    19:12     WSW
09    83.8   091.7   11:16    79.7   07:05     00.0     18.9   00.00   06.1     21.9    17:48     WSW
10    80.8   087.7   14:32    72.5   23:52     00.0     15.8   00.57   03.7     19.6    18:06     WSW
11    75.1   080.8   16:41    70.6   06:09     00.0     10.1   00.81   00.4     16.1    01:03     ESE
12    78.4   087.0   14:28    70.2   03:07     00.0     13.5   00.02   00.5     13.8    15:49      S 
13    80.8   088.3   12:41    72.2   06:30     00.0     15.9   00.00   01.5     13.8    15:39      SW
14    82.6   090.0   11:42    75.3   05:46     00.0     17.7   00.00   04.5     23.0    16:56     WSW
15    81.2   089.6   12:43    73.6   00:00     00.0     16.3   00.09   05.9     31.1    13:10      W 
16    76.6   083.3   13:33    71.8   02:47     00.0     11.7   00.42   01.2     18.4    14:56     WSW
17    78.0   088.9   14:39    69.2   06:49     00.0     13.0   00.00   01.6     14.9    15:05      E 
18    76.8   088.4   15:48    65.4   06:54     00.0     11.8   00.00   02.2     16.1    13:17      E 
19    77.4   088.2   15:41    66.3   06:11     00.0     12.4   00.00   00.0     08.1    14:29     NNW
20    79.8   088.9   12:27    71.2   06:25     00.0     14.9   00.00   00.6     10.3    16:22     SSW
21    79.3   087.1   12:41    73.5   22:52     00.0     14.3   00.14   01.2     13.8    06:27     SSW
22    78.7   087.9   13:17    72.8   04:29     00.0     13.8   00.03   00.1     10.3    20:10      E 
23    82.1   091.4   12:40    72.5   07:00     00.0     17.2   00.00   02.0     17.3    18:32     WSW
24    83.9   091.1   13:19    74.5   23:16     00.0     19.0   00.93   05.5     31.1    16:15      W 
25    77.5   084.1   13:18    72.6   06:28     00.0     12.6   00.73   00.1     13.8    03:34     ENE
26    81.1   090.4   15:27    72.1   03:56     00.0     16.2   00.01   01.3     14.9    23:29     WSW
27    85.8   094.9   15:33    78.6   06:57     00.0     20.8   00.00   04.4     21.9    23:35      W 
28    83.9   092.6   15:31    75.1   00:00     00.0     19.0   00.06   04.2     21.9    15:39      W 
29    79.3   092.5   15:33    69.8   07:01     00.0     14.4   00.00   00.6     12.7    10:03      NE
30    77.7   087.8   12:29    66.9   06:29     00.0     12.8   00.00   02.3     19.6    16:06     ESE
31    78.0   087.9   13:37    69.2   06:14     00.0     13.1   00.09   03.5     19.6    13:18      E 
----------------------------------------------------------------------------------------------------------------------------------------------------------
79.9 (80.2)   94.9  day 27     65.4  day 18   000.0    462.8   06.53   02.6     31.1   day 15     WSW
Max >=  86: 25
Min <=  86: 31
Max Rain: 2.59 ON 3-07-14
Days of Rain: 13 (> .008in) 9 (> .08in) 3 (> 0.8in)