NOAA Reports


Report for 2014 Aug

Daily noaa report




                            MONTHLY CLIMATOLOGICAL SUMMARY for AUG. 2014

NAME: Sunset Beach   CITY: Sunset Beach (Mainland) STATE: North Carolina
ELEV: 52 Feet LAT: 033:54:59.65 LONG: 0078:29:49.39

                            TEMPERATURE ( F), RAIN (in.), WIND SPEED (mph)

                                               HEAT     COOL           AVG
      MEAN                                     DEG      DEG            WIND                       DOM
DAY   TEMP    HIGH   TIME     LOW    TIME      DAYS     DAYS    RAIN   SPEED    HIGH    TIME      DIR
----------------------------------------------------------------------------------------------------------------------------------------------------------
01    76.8   080.0   16:22    73.3   10:00     00.0     11.9   02.47   01.3     27.6    05:26     SSE
02    75.2   077.3   18:38    73.0   05:13     00.0     10.3   01.63   00.5     12.7    13:44     ESE
03    74.2   077.9   18:10    72.4   08:27     00.0     09.3   01.37   00.9     12.7    13:42      E 
04    76.0   079.8   16:40    72.5   05:50     00.0     11.1   00.42   00.0     13.8    17:12      E 
05    77.8   088.3   15:15    73.7   06:49     00.0     12.9   00.32   00.4     12.7    12:07     ENE
06    81.3   091.8   14:02    71.2   06:04     00.0     16.3   00.07   00.8     13.8    18:20     WSW
07    80.7   093.8   13:46    69.8   07:06     00.0     15.8   00.50   00.8     21.9    19:01      SW
08    78.9   089.0   13:50    72.6   06:10     00.0     14.0   00.00   01.3     14.9    15:37     ENE
09    77.8   086.7   12:51    73.4   06:54     00.0     12.8   00.22   01.0     12.7    17:26      E 
10    76.9   085.0   13:59    73.5   03:26     00.0     12.0   01.06   01.1     20.7    12:04      E 
11    79.6   088.4   13:13    72.4   06:54     00.0     14.7   00.06   02.3     19.6    16:21      E 
12    81.1   091.1   14:29    71.9   07:04     00.0     16.2   00.01   01.8     18.4    18:23     WSW
13    81.3   091.1   17:37    73.8   23:26     00.0     16.4   00.00   01.1     16.1    15:32      W 
14    76.6   087.7   14:34    67.0   07:13     00.0     11.7   00.00   01.0     10.3    18:08      NW
15    76.0   088.8   12:05    62.2   06:44     00.0     11.1   00.00   01.0     12.7    15:48      SW
16    76.2   086.9   10:06    66.7   06:59     00.0     11.2   00.61   00.7     18.4    15:02      S 
17    82.1   092.6   12:57    72.0   03:07     00.0     17.1   00.00   01.7     19.6    17:05     WSW
18    82.7   090.9   11:30    75.5   05:45     00.0     17.7   00.00   03.2     24.1    16:18     WSW
19    81.2   091.3   13:58    75.0   07:10     00.0     16.2   00.74   03.3     19.6    15:34      W 
20    79.5   088.7   12:50    73.0   05:59     00.0     14.6   00.35   00.5     19.6    14:07     WSW
21    81.0   095.2   12:06    72.4   00:00     00.0     16.1   01.83   00.5     23.0    15:08      SW
22    85.5   095.1   14:01    72.4   00:01     00.0     20.6   00.00   00.7     18.4    21:45     SSW
23    81.0   094.4   13:13    75.8   00:00     00.0     16.1   00.19   00.4     14.9    16:34     ESE
24    77.7   086.0   13:15    69.4   00:00     00.0     12.7   00.01   03.6     18.4    17:15     ENE
25    73.4   083.4   13:38    63.4   07:19     00.0     08.4   00.00   02.0     16.1    18:41      NE
26    75.3   086.0   13:38    64.9   07:09     00.0     10.4   00.00   01.9     14.9    16:37      NE
27    77.1   090.9   15:27    65.0   07:04     00.0     12.2   00.00   00.6     11.5    14:19     NNE
28    76.9   091.4   13:26    61.1   05:30     00.0     12.0   00.01   01.9     17.3    16:27      W 
29    80.6   091.5   13:10    69.8   06:13     00.0     15.7   00.00   01.2     13.8    18:05      SW
30    76.0   087.1   11:49    70.3   07:14     00.0     11.1   00.00   00.2     05.8    11:20      SE
31    83.8   085.6   18:03    71.1   00:01     00.0     18.9   00.05   01.7     08.1    18:21      S 
----------------------------------------------------------------------------------------------------------------------------------------------------------
78.7 (79.4)   95.2  day 21     61.1  day 28   000.0    427.2   12.13   01.3     27.6   day 18     SSE
Max >=  86: 24
Min <=  86: 31
Max Rain: 2.47 ON 1-08-14
Days of Rain: 19 (> .008in) 13 (> .08in) 5 (> 0.8in)