NOAA Reports


Report for 2015 Feb

Daily noaa report


                            MONTHLY CLIMATOLOGICAL SUMMARY for FEB. 2015

NAME: Sunset Beach   CITY: Sunset Beach (Mainland) STATE: North Carolina
ELEV: 52 Feet LAT: 033:54:59.65 LONG: 0078:29:49.39

                            TEMPERATURE ( F), RAIN (in.), WIND SPEED (mph)

                                               HEAT     COOL           AVG
      MEAN                                     DEG      DEG            WIND                      DOM
DAY   TEMP    HIGH   TIME     LOW    TIME      DAYS     DAYS    RAIN   SPEED   HIGH    TIME      DIR
----------------------------------------------------------------------------------------------------------------------------------------------------------
01    48.0   062.3   13:29    27.9   02:17     16.9     00.0   00.27   002     022    21:19      SW
02    54.8   062.1   14:25    38.1   00:00     10.2     00.0   00.34   008     037    09:42      NW
03    36.5   047.0   13:30    28.2   07:31     28.4     00.0   00.00   001     014    09:12     SSE
04    44.7   059.8   15:03    26.8   03:50     20.2     00.0   00.27   001     012    12:08     NNE
05    47.4   059.1   14:40    34.2   23:59     17.5     00.0   00.09   002     022    12:37      N 
06    35.3   048.2   13:47    23.8   07:30     29.6     00.0   00.00   001     012    09:17     WSW
07    45.4   058.4   11:48    30.9   08:00     19.6     00.0   00.00   004     020    21:17     WSW
08    56.6   065.4   13:10    47.5   01:54     08.3     00.0   00.00   007     024    09:18      SW
09    57.7   069.4   11:22    48.5   07:26     07.2     00.0   00.00   003     018    01:12      W 
10    44.6   053.9   02:24    39.8   11:26     20.4     00.0   00.37   003     020    06:27      N 
11    41.8   053.5   14:53    34.8   23:59     23.2     00.0   00.00   002     017    09:08     NNE
12    47.0   065.1   16:30    33.0   01:32     17.9     00.0   00.00   004     023    16:21      NW
13    33.0   042.5   15:38    23.4   23:58     31.9     00.0   00.00   002     016    09:29      S 
14    39.8   052.9   14:45    19.8   06:51     25.2     00.0   00.00   006     028    13:35     WNW
15    32.8   052.9   00:13    22.4   23:58     32.2     00.0   00.00   003     018    00:19      NW
16    34.4   056.4   23:27    21.9   01:07     30.5     00.0   00.09   003     022    23:25      N 
17    39.7   057.0   04:54    31.6   00:00     25.2     00.0   00.49   003     026    04:44      N 
18    37.8   049.3   14:12    27.9   07:28     27.1     00.0   00.00   004     026    18:59     WNW
19    28.1   035.8   15:25    16.9   00:00     36.8     00.0   00.00   003     020    13:09      NW
20    24.3   036.9   16:01    14.4   07:11     40.7     00.0   00.00   001     015    09:02     ENE
21    42.4   054.4   23:09    22.5   00:01     22.5     00.0   00.17   001     014    10:11     SSE
22    56.1   062.9   16:11    52.7   02:56     08.8     00.0   00.01   000     008    13:42      S 
23    48.5   058.2   08:09    34.4   23:59     16.4     00.0   00.67   003     020    17:35     NNE
24    31.5   034.4   00:01    28.2   08:06     33.5     00.0   00.03   003     018    01:42     NNE
25    35.6   040.5   14:53    31.7   00:11     29.3     00.0   01.19   001     023    23:36     NNE
26    39.1   041.4   15:42    36.1   07:25     25.9     00.0   00.55   002     021    01:34     NNW
27    40.5   053.4   14:45    31.7   07:25     24.4     00.0   00.00   001     013    13:57     NNE
28    40.7   051.2   15:20    31.5   07:17     24.2     00.0   00.00   004     017    14:21     NNE
----------------------------------------------------------------------------------------------------------------------------------------------------------
41.6 (41.9)   69.4  day 09     14.4  day 20   654.1    000.0   04.54   02.9     037   day 02      NW
Min <=  86: 28
Min <=  23: 6
Max Rain: 1.19 ON 25-02-15
Days of Rain: 13 (> .008in) 11 (> .08in) 1 (> 0.8in)