NOAA Reports


Report for 2015 Mar

Daily noaa report


                            MONTHLY CLIMATOLOGICAL SUMMARY for MAR. 2015

NAME: Sunset Beach   CITY: Sunset Beach (Mainland) STATE: North Carolina
ELEV: 52 Feet LAT: 033:54:59.65 LONG: 0078:29:49.39

                            TEMPERATURE ( F), RAIN (in.), WIND SPEED (mph)

                                               HEAT     COOL           AVG
      MEAN                                     DEG      DEG            WIND                      DOM
DAY   TEMP    HIGH   TIME     LOW    TIME      DAYS     DAYS    RAIN   SPEED   HIGH    TIME      DIR
----------------------------------------------------------------------------------------------------------------------------------------------------------
01    44.6   056.4   11:53    37.7   05:45     20.3     00.0   00.12   002     010    09:29      SW
02    51.8   064.8   15:56    43.4   00:09     13.1     00.0   00.01   002     012    23:53      N 
03    48.1   053.9   13:21    44.2   07:28     16.9     00.0   00.03   003     014    04:18      N 
04    57.9   067.0   14:16    47.2   00:02     07.1     00.0   00.01   007     024    16:58      SW
05    56.1   069.4   13:58    37.9   23:59     08.9     00.0   00.41   009     030    14:17      SW
06    38.3   047.2   15:18    31.6   23:55     26.6     00.0   00.00   003     018    09:37      SE
07    41.0   058.6   14:10    24.0   07:06     24.0     00.0   00.00   001     015    16:29      SW
08    52.6   066.7   12:16    37.7   06:10     12.3     00.0   00.00   004     017    18:20     NNW
09    56.1   067.9   12:42    44.7   04:00     08.9     00.0   00.00   001     010    00:04      NE
10    62.0   072.9   14:07    50.8   01:02     02.9     00.0   00.04   002     017    22:09     ESE
11    64.9   072.2   15:20    60.7   08:32     00.1     00.0   00.00   005     025    18:59     WSW
12    62.3   070.8   14:04    52.6   23:56     02.7     00.0   00.00   004     020    13:20      N 
13    57.0   065.3   15:01    48.2   05:10     08.0     00.0   00.00   006     020    01:22      SW
14    63.1   065.4   13:23    60.9   23:58     01.8     00.0   00.37   005     026    12:11      N 
15    64.2   078.3   15:58    47.9   23:59     00.7     00.0   00.01   002     017    11:51      E 
16    56.9   071.8   14:19    39.2   07:59     08.0     00.0   00.00   002     016    16:07     NNE
17    65.8   083.0   17:30    49.4   07:38     00.0     00.9   00.00   003     020    17:31      NW
18    56.6   067.6   00:18    45.4   23:58     08.4     00.0   00.00   003     018    10:19      S 
19    52.1   059.3   13:57    45.3   00:15     12.8     00.0   00.04   003     017    14:56     NNE
20    56.9   069.1   15:19    48.4   08:28     08.1     00.0   00.37   002     015    15:26     NNE
21    55.5   064.9   13:33    50.8   23:44     09.5     00.0   00.00   002     014    17:17     ENE
22    57.1   067.9   13:37    51.2   00:01     07.8     00.0   00.15   001     012    22:51     ESE
26    58.7   074.0   14:00    50.3   01:45     06.3     00.0   00.44   004     020    19:26      SW
27    57.7   070.9   12:17    44.5   23:47     07.2     00.0   00.53   004     022    13:40     WSW
28    47.8   058.0   15:18    34.4   23:59     17.1     00.0   00.16   002     022    16:52     WNW
29    41.9   056.3   16:46    30.4   07:19     23.0     00.0   00.00   002     016    09:45     NNW
30    53.9   069.2   17:32    32.2   02:27     11.1     00.0   00.00   005     029    13:48     WSW
31    59.8   072.4   12:35    42.9   07:34     05.1     00.0   00.00   004     024    22:15      SW
----------------------------------------------------------------------------------------------------------------------------------------------------------
55.0 (55.3)   83.0  day 17     24.0  day 07   278.6    000.9   03.28   03.2     030   day 05     WSW
Min <=  86: 28
Max Rain: 0.53 ON 27-03-15
Days of Rain: 14 (> .008in) 8 (> .08in) 0 (> 0.8in)