NOAA Reports


Report for 2015 May

Daily noaa report


                            MONTHLY CLIMATOLOGICAL SUMMARY for MAY. 2015

NAME: Sunset Beach   CITY: Sunset Beach (Mainland) STATE: North Carolina
ELEV: 52 Feet LAT: 033:54:59.65 LONG: 0078:29:49.39

                            TEMPERATURE ( F), RAIN (in.), WIND SPEED (mph)

                                               HEAT     COOL           AVG
      MEAN                                     DEG      DEG            WIND                      DOM
DAY   TEMP    HIGH   TIME     LOW    TIME      DAYS     DAYS    RAIN   SPEED   HIGH    TIME      DIR
----------------------------------------------------------------------------------------------------------------------------------------------------------
01    58.5   070.6   12:32    49.1   00:00     06.4     00.0   00.10   001     014    19:10     NNE
02    62.0   079.7   15:18    46.3   06:47     02.9     00.0   00.00   001     014    13:39      N 
03    66.2   079.1   12:51    50.5   06:35     00.0     01.2   00.00   001     015    17:34     SSE
04    66.6   079.8   15:20    50.0   06:57     00.0     01.6   00.00   002     014    18:19     SSE
05    65.4   078.5   11:45    50.2   06:33     00.0     00.5   00.00   002     017    15:19     ESE
06    66.4   077.7   13:04    54.8   05:10     00.0     01.5   00.00   003     017    14:03      NE
07    68.3   074.6   18:27    62.5   06:37     00.0     03.3   00.13   005     023    18:18      NE
08    71.0   078.5   13:15    66.3   06:55     00.0     06.0   00.22   004     023    14:08      NE
09    72.4   080.1   14:44    67.0   02:27     00.0     07.4   00.67   008     033    17:39     ENE
10    69.8   071.4   00:02    68.6   11:02     00.0     04.8   04.51   011     052    02:00      SW
11    74.0   082.6   12:56    69.1   06:31     00.0     09.1   00.01   004     030    15:41      W 
12    75.8   081.9   13:11    72.0   06:50     00.0     10.8   00.00   006     023    18:22      W 
13    74.6   076.5   09:46    70.5   06:00     00.0     09.7   00.00   001     053    00:00     NNW
14    73.5   076.4   15:33    62.2   23:32     00.0     08.6   00.00   002     053    15:33     ESE
15    67.6   076.9   14:13    58.7   06:24     00.0     02.6   00.00   002     014    16:03     SSE
16    68.7   081.0   14:16    54.5   05:50     00.0     03.8   00.00   001     014    16:37      SW
17    72.1   083.9   10:55    57.3   06:35     00.0     07.2   00.00   002     016    18:01      W 
18    76.4   085.3   11:30    67.4   05:17     00.0     11.4   00.00   004     018    18:48     WNW
19    77.5   087.9   13:03    70.0   06:02     00.0     12.6   00.31   003     018    16:22     WNW
20    76.3   089.9   13:22    69.6   06:25     00.0     11.3   01.09   001     018    15:21      NW
21    76.3   086.5   17:48    68.0   00:00     00.0     11.3   00.00   002     029    16:21     WNW
22    67.8   078.4   15:31    58.1   00:00     00.0     02.9   00.00   002     017    10:47     ESE
23    68.0   081.0   12:51    50.2   06:31     00.0     03.1   00.00   003     021    15:15     SSE
24    72.1   081.4   13:30    56.4   06:31     00.0     07.2   00.00   003     021    15:55     SSE
25    73.0   081.4   14:43    57.3   06:42     00.0     08.0   00.00   002     017    15:36      S 
26    78.1   085.7   12:57    72.1   02:47     00.0     13.1   00.00   003     018    13:08      SW
27    78.4   085.3   13:18    73.7   06:02     00.0     13.5   00.00   003     016    13:47     WSW
28    74.7   083.9   13:51    63.4   23:58     00.0     09.7   00.00   002     017    14:26     SSW
29    73.3   084.6   12:37    58.6   04:43     00.0     08.4   00.00   003     022    18:08     SSE
30    75.4   085.8   12:51    65.4   05:44     00.0     10.5   00.00   002     020    14:52      S 
31    75.9   086.2   14:34    63.6   06:38     00.0     11.0   00.00   002     017    14:42      SW
----------------------------------------------------------------------------------------------------------------------------------------------------------
71.5 (71.2)   89.9  day 20     46.3  day 02   009.4    212.2   07.05   02.9     053   day 10     SSW
Max >=  86: 4
Min <=  86: 31
Max Rain: 4.51 ON 10-05-15
Days of Rain: 8 (> .008in) 7 (> .08in) 2 (> 0.8in)