NOAA Reports


Report for 2015 Jul

Daily noaa report


                            MONTHLY CLIMATOLOGICAL SUMMARY for JUL. 2015

NAME: Sunset Beach   CITY: Sunset Beach (Mainland) STATE: North Carolina
ELEV: 52 Feet LAT: 033:54:59.65 LONG: 0078:29:49.39

                            TEMPERATURE ( F), RAIN (in.), WIND SPEED (mph)

                                               HEAT     COOL           AVG
      MEAN                                     DEG      DEG            WIND                      DOM
DAY   TEMP    HIGH   TIME     LOW    TIME      DAYS     DAYS    RAIN   SPEED   HIGH    TIME      DIR
----------------------------------------------------------------------------------------------------------------------------------------------------------
01    79.6   087.5   14:01    73.8   05:21     00.0     14.6   00.00   003     013    17:01      NW
02    81.2   090.7   13:31    71.0   22:01     00.0     16.3   00.41   005     025    19:11      NW
03    76.7   087.9   13:31    71.0   03:01     00.0     11.7   00.14   004     026    17:41      NW
04    82.7   089.4   15:31    76.6   07:41     00.0     17.7   00.00   005     020    14:51      NW
05    81.5   088.3   14:11    75.0   03:51     00.0     16.5   00.07   003     018    19:41     WNW
06    81.8   088.2   15:31    75.7   07:31     00.0     16.8   00.00   003     015    17:21     WNW
07    81.8   089.0   13:41    74.2   06:01     00.0     16.8   00.00   003     017    18:41     WNW
08    83.1   089.3   13:11    77.8   04:21     00.0     18.1   00.00   004     017    17:41     WNW
09    83.5   094.7   13:11    77.5   03:41     00.0     18.6   00.00   004     018    18:31      NW
10    86.0   099.6   13:11    77.3   06:21     00.0     21.0   00.00   003     014    00:11      NW
11    86.3   102.9   14:21    77.0   23:01     00.0     21.3   00.00   003     016    15:01     WNW
12    82.1   097.9   15:11    72.6   07:01     00.0     17.2   00.00   001     012    19:01     WNW
13    79.5   090.8   12:11    70.3   16:51     00.0     14.6   02.04   002     017    16:21     NNW
14    81.9   090.3   11:41    73.9   07:31     00.0     17.0   00.05   003     033    14:31     NNW
15    84.1   094.9   13:31    78.3   07:31     00.0     19.2   00.00   004     016    16:41      N 
16    82.6   093.1   12:41    73.5   07:01     00.0     17.7   00.00   002     015    15:31      E 
17    81.4   090.4   14:31    73.9   06:41     00.0     16.5   00.00   002     015    16:41     ESE
18    80.7   091.9   11:41    68.8   07:01     00.0     15.8   00.00   001     014    15:21     NNE
19    83.6   091.1   14:41    74.7   06:21     00.0     18.7   00.00   002     017    19:51      N 
20    84.1   091.8   16:11    77.9   06:51     00.0     19.2   00.00   003     017    20:31      N 
21    86.6   094.8   15:41    80.5   07:21     00.0     21.6   00.01   004     018    17:21      N 
22    85.8   097.9   14:01    75.7   07:11     00.0     20.9   00.01   001     010    15:11      N 
24    80.8   089.4   14:20    73.1   00:00     00.0     15.9   00.08   001     016    17:19      N 
25    78.2   090.5   15:19    64.7   06:59     00.0     13.3   00.01   002     018    16:07      N 
26    78.6   092.1   15:35    65.9   05:09     00.0     13.7   00.00   002     018    17:16      N 
27    80.5   090.9   12:50    72.0   04:21     00.0     15.6   00.00   002     022    16:48      N 
28    81.2   091.2   13:38    70.4   06:49     00.0     16.3   00.00   002     016    16:28      N 
29    81.2   093.7   14:40    70.1   04:07     00.0     16.3   00.00   002     020    16:06      N 
30    82.7   097.7   14:52    69.7   06:41     00.0     17.8   00.00   001     015    15:18      N 
31    82.8   092.9   16:21    76.0   04:57     00.0     17.9   00.06   001     013    18:14      N 
----------------------------------------------------------------------------------------------------------------------------------------------------------
82.1 (83.0)   102.9  day 11     64.7  day 25   000.0    514.5   03.72   02.6     033   day 27     NNW
Max >=  86: 30
Min <=  86: 30
Max Rain: 2.04 ON 13-07-15
Days of Rain: 10 (> .008in) 4 (> .08in) 1 (> 0.8in)