NOAA Reports


Report for 2015 Oct

Daily noaa report


                            MONTHLY CLIMATOLOGICAL SUMMARY for OCT. 2015

NAME: Sunset Beach   CITY: Sunset Beach (Mainland) STATE: North Carolina
ELEV: 52 Feet LAT: 033:54:59.65 LONG: 0078:29:49.39

                            TEMPERATURE ( F), RAIN (in.), WIND SPEED (mph)

                                               HEAT     COOL           AVG
      MEAN                                     DEG      DEG            WIND                      DOM
DAY   TEMP    HIGH   TIME     LOW    TIME      DAYS     DAYS    RAIN   SPEED   HIGH    TIME      DIR
----------------------------------------------------------------------------------------------------------------------------------------------------------
01    70.3   075.0   01:22    63.9   00:00     00.0     05.4   00.33   002     016    18:14      N 
02    65.4   071.2   22:45    61.0   07:49     00.0     00.4   08.24   003     015    00:12      N 
03    74.9   083.9   16:08    66.9   03:52     00.0     09.9   01.58   006     031    10:22      N 
04    73.3   079.4   00:35    69.3   18:58     00.0     08.4   04.27   006     022    14:07      N 
05    66.4   070.5   00:17    62.5   23:54     00.0     01.5   02.50   004     021    00:02     NNW
06    62.4   067.2   13:06    56.9   23:57     02.6     00.0   02.12   002     014    02:11     NNW
07    65.4   081.4   16:08    54.4   07:25     00.0     00.4   00.00   001     012    12:20     NNW
08    68.6   083.8   14:18    57.0   07:27     00.0     03.7   00.00   001     010    14:58     NNW
09    70.1   082.5   13:06    57.1   07:13     00.0     05.2   00.00   001     015    15:28     NNW
10    71.0   081.1   12:39    64.1   23:56     00.0     06.1   00.74   002     013    15:16     NNW
11    65.3   077.1   15:31    58.9   07:30     00.0     00.4   00.01   002     013    05:21     NNW
12    67.0   079.8   15:31    58.7   03:40     00.0     02.0   00.02   001     010    16:57     NNW
13    72.1   080.5   14:43    65.3   06:36     00.0     07.2   00.00   005     021    11:22     NNW
14    69.7   080.6   12:40    57.3   00:00     00.0     04.7   00.00   002     013    16:16     NNW
15    63.4   080.1   14:49    51.4   07:32     01.5     00.0   00.00   000     012    11:07     NNW
16    65.2   080.4   13:50    50.1   03:28     00.0     00.3   00.01   002     015    16:52     NNW
17    62.8   075.4   15:03    49.1   22:48     02.1     00.0   00.00   001     014    12:52     NNW
18    51.6   064.1   14:34    40.0   23:12     13.3     00.0   00.00   002     017    10:54      N 
19    47.2   064.0   14:45    33.7   07:59     17.7     00.0   00.00   001     014    10:59      N 
20    54.0   074.3   14:06    37.5   03:45     10.9     00.0   00.00   001     009    14:39      N 
21    61.6   080.8   14:07    46.2   03:56     03.4     00.0   00.00   001     010    14:04     NNW
22    64.1   084.3   14:49    50.5   05:37     00.9     00.0   00.01   000     009    13:17     NNW
23    64.8   084.2   13:50    51.1   08:02     00.2     00.0   00.01   000     009    16:12     NNW
24    64.6   078.5   14:45    56.0   23:50     00.3     00.0   00.01   001     012    13:51     NNW
25    65.2   082.3   13:17    53.5   07:33     00.0     00.3   00.00   000     006    15:19     NNW
26    63.8   067.5   14:33    57.7   23:48     01.1     00.0   00.00   003     016    19:31     NNW
27    62.5   069.3   23:58    56.2   03:39     02.4     00.0   00.42   004     015    18:33      N 
28    72.0   074.8   14:32    69.3   00:01     00.0     07.1   00.48   003     017    15:54     NNW
29    70.8   077.4   12:46    65.6   07:59     00.0     05.9   00.01   003     016    15:12     NNW
30    66.7   077.4   16:11    51.0   00:00     00.0     01.8   00.00   001     014    00:06     NNW
31    59.6   074.8   14:31    47.8   04:26     05.3     00.0   00.01   001     015    16:36     NNW
----------------------------------------------------------------------------------------------------------------------------------------------------------
65.2 (66.2)   84.3  day 22     33.7  day 19   061.7    070.6   20.81   02.0     031   day 04      N 
Min <=  86: 31
Max Rain: 8.24 ON 2-10-15
Days of Rain: 17 (> .008in) 9 (> .08in) 5 (> 0.8in)