NOAA Reports


Report for 2015 Dec

Daily noaa report




                            MONTHLY CLIMATOLOGICAL SUMMARY for DEC. 2015

NAME: Sunset Beach   CITY: Sunset Beach (Mainland) STATE: North Carolina
ELEV: 52 Feet LAT: 033:54:59.65 LONG: 0078:29:49.39

                            TEMPERATURE ( F), RAIN (in.), WIND SPEED (mph)

                                               HEAT     COOL           AVG
      MEAN                                     DEG      DEG            WIND                      DOM
DAY   TEMP    HIGH   TIME     LOW    TIME      DAYS     DAYS    RAIN   SPEED   HIGH    TIME      DIR
----------------------------------------------------------------------------------------------------------------------------------------------------------
01    60.5   073.4   14:54    54.6   00:00     04.4     00.0   00.01   000     006    10:25      N 
02    63.8   076.0   13:00    54.6   00:07     01.2     00.0   00.10   001     012    22:42     NNW
03    53.5   063.9   00:58    46.0   00:00     11.5     00.0   00.00   001     014    11:23      N 
04    47.6   058.0   14:40    42.7   08:05     17.3     00.0   00.00   002     014    09:56      N 
05    50.0   064.6   14:50    38.9   07:10     14.9     00.0   00.00   002     013    15:44      N 
06    54.0   067.5   14:29    44.3   06:57     11.0     00.0   00.00   002     013    12:57      N 
07    52.2   054.1   14:57    50.3   10:52     12.7     00.0   01.22   001     015    09:56      N 
08    50.1   064.2   13:38    39.3   23:57     14.9     00.0   00.00   000     008    14:57      N 
09    54.6   068.1   14:03    38.1   01:54     10.4     00.0   00.01   001     015    12:09     NNW
10    56.0   072.7   13:17    43.9   07:23     08.9     00.0   00.00   000     009    15:22     NNW
11    57.2   070.0   13:09    43.8   07:23     07.8     00.0   00.01   001     013    10:55     NNW
12    60.9   078.1   13:35    50.5   04:36     04.0     00.0   00.01   001     012    10:43     NNW
13    61.1   076.2   12:47    47.8   06:29     03.8     00.0   00.02   001     010    13:41     NNW
14    68.2   073.5   13:16    63.7   00:36     00.0     03.3   00.20   004     021    18:49     NNW
15    62.9   075.6   13:42    47.5   00:00     02.1     00.0   00.01   002     014    03:00     NNW
16    57.9   074.6   14:03    42.9   07:16     07.1     00.0   00.01   001     013    12:25     NNW
17    64.7   074.7   12:58    53.4   01:32     00.2     00.0   00.01   004     024    14:28     NNW
18    60.8   068.7   13:13    42.5   00:00     04.2     00.0   00.30   003     026    13:21     NNW
19    39.2   052.5   13:22    29.2   08:01     25.7     00.0   00.00   001     014    14:03     NNW
20    41.5   060.2   15:28    26.8   07:23     23.4     00.0   00.00   001     010    12:36     NNW
21    57.1   071.4   12:14    41.8   02:26     07.8     00.0   00.00   000     008    22:59      N 
22    67.1   072.0   10:47    64.3   18:00     00.0     02.2   00.91   002     013    12:41     NNW
23    70.5   073.2   12:45    66.4   00:38     00.0     05.6   00.32   003     018    10:16     NNW
24    72.0   076.1   14:46    69.5   05:38     00.0     07.1   00.01   003     016    19:35     NNW
25    70.4   074.8   14:11    67.1   21:21     00.0     05.4   00.02   001     016    14:35     NNW
26    68.9   076.3   14:33    63.7   21:21     00.0     04.0   00.01   001     008    03:33     NNW
27    69.2   077.9   13:03    61.1   07:50     00.0     04.3   00.10   001     012    18:10     NNW
28    67.1   078.5   13:12    59.5   07:32     00.0     02.2   01.17   002     015    16:32     NNW
29    70.9   075.9   12:26    68.9   19:53     00.0     05.9   00.69   004     021    11:04     NNW
30    70.4   076.4   13:52    66.1   23:59     00.0     05.4   00.00   002     018    14:31     NNW
31    68.6   072.2   13:07    65.7   04:23     00.0     03.7   00.17   001     013    10:08     NNW
----------------------------------------------------------------------------------------------------------------------------------------------------------
60.3 (61.1)   78.5  day 28     26.8  day 20   193.2    048.9   05.57   01.6     026   day 17     NNW
Min <=  86: 31
Max Rain: 1.22 ON 7-12-16
Days of Rain: 21 (> .008in) 10 (> .08in) 3 (> 0.8in)