NOAA Reports


Report for 2019 Sep






                            MONTHLY CLIMATOLOGICAL SUMMARY for SEP. 2019

NAME: THE FARM   CITY: Calabash STATE: North Carolina
ELEV: 44 Feet LAT: 033:55:28.7554 LONG: -0078:34:10.7426

                            TEMPERATURE ( F), RAIN (in.), WIND SPEED (mph)

                                               HEAT     COOL           AVG
      MEAN                                     DEG      DEG            WIND                      DOM
DAY   TEMP    HIGH   TIME     LOW    TIME      DAYS     DAYS    RAIN   SPEED   HIGH    TIME      DIR
--------------------------------------------------------------------------------------------------------
01    77.4   086.7   15:20    72.2   06:04     00.0     12.4   00.48   003     018    09:37      E 
02    77.2   086.3   15:22    72.2   00:00     00.0     12.3   00.01   002     015    13:02      E 
03    78.7   089.8   15:29    70.7   04:26     00.0     13.7   00.00   002     018    10:22      E 
04    76.8   082.2   12:00    73.5   17:26     00.0     11.9   00.37   003     016    16:02     ENE
05    75.7   078.0   09:45    73.6   00:00     00.0     10.8   07.28   014     097    07:12     ESE
06    75.5   085.7   13:28    71.3   04:45     00.0     10.5   00.65   005     037    00:14      S 
07    79.8   092.6   13:14    69.5   07:20     00.0     14.9   00.00   002     014    13:47     SSE
08    81.1   090.1   13:07    75.4   05:00     00.0     16.2   00.00   003     017    14:25      S 
09    82.5   090.5   13:35    75.3   23:06     00.0     17.5   00.00   002     014    13:38      S 
10    79.0   091.0   14:39    70.8   07:11     00.0     14.1   00.00   002     014    15:43      E 
11    77.6   089.3   13:20    71.0   06:08     00.0     12.7   00.00   002     012    16:38     ESE
12    77.4   090.0   13:07    67.3   06:58     00.0     12.4   00.00   001     013    14:39     SSE
13    78.0   091.3   13:51    69.9   06:48     00.0     13.0   00.05   002     015    15:43     ESE
14    78.1   087.3   13:32    72.8   05:22     00.0     13.2   00.00   004     016    11:56      NE
15    77.8   088.6   13:11    71.9   05:28     00.0     12.8   00.07   002     014    17:34      E 
16    78.2   088.2   16:41    72.0   07:26     00.0     13.2   00.08   003     020    12:36      NE
17    78.5   089.0   15:31    69.3   07:25     00.0     13.6   00.00   003     015    15:25      NE
18    72.7   080.5   16:10    64.8   22:48     00.0     07.8   00.00   005     020    10:20      NE
19    65.6   078.3   13:03    58.8   05:11     00.0     00.7   00.01   003     018    10:59      NE
20    68.8   081.8   14:08    59.7   07:07     00.0     03.9   00.00   003     015    15:07     ENE
21    68.5   084.0   13:40    55.9   07:12     00.0     03.5   00.00   001     012    16:38     SSE
22    68.7   083.9   14:07    56.1   07:18     00.0     03.7   00.00   002     014    15:06     SSE
23    69.8   084.8   13:18    56.4   07:20     00.0     04.8   00.00   001     014    15:46      S 
24    73.9   087.5   17:11    63.1   06:57     00.0     08.9   00.00   001     013    14:12      E 
25    76.2   086.3   14:05    66.6   07:15     00.0     11.3   00.00   002     015    16:52     SSE
26    79.9   086.5   15:35    73.8   05:57     00.0     14.9   00.00   003     022    14:23     SSW
27    79.0   088.3   13:43    72.2   07:40     00.0     14.1   00.00   002     016    13:42     SSW
28    81.3   089.7   13:24    71.1   00:00     00.0     16.4   00.01   002     013    16:11      S 
29    78.1   091.6   16:25    67.4   06:54     00.0     13.2   00.00   001     010    16:13      S 
30    77.6   089.3   14:59    70.9   06:28     00.0     12.7   00.00   002     013    13:00      E 
--------------------------------------------------------------------------------------------------------
76.3 (77.7)   92.6  day 07     55.9  day 21   000.0    341.1   08.84   02.8     097   day 05     ESE
Max >=  86: 21
Min <=  86: 30
Max Rain: 7.28 ON 5-09-19
Days of Rain: 10 (> .008in) 5 (> .08in) 1 (> 0.8in)