NOAA Reports


Report for 2000 Jun
MONTHLY CLIMATOLOGICAL SUMMARY for JUN. 2000

NAME: Sunset Beach   CITY: Sunset Beach (Mainland) STATE: North Carolina
ELEV: 52 LAT: 033:54:59 LONG: 0078:29:50

                            TEMPERATURE ( F), RAIN (in.), WIND SPEED (mph)

                                               HEAT     COOL           AVG
      MEAN                                     DEG      DEG            WIND                       DOM
DAY   TEMP    HIGH   TIME     LOW    TIME      DAYS     DAYS    RAIN   SPEED    HIGH    TIME      DIR
----------------------------------------------------------------------------------------------------------------------------------------------------------
01    62.6    68.1   00:59    59.8   15:30     02.4     00.0   00.84   01.7     19.6    23:30     SSE
02    61.9    65.6   18:30    59.5   08:30     03.0     00.0   00.95   01.8     11.5    21:30     NNW
03    65.7    71.8   19:30    61.2   07:30     00.0     00.7   00.03   00.8     08.1    10:00     NNE
04    74.9    88.8   19:30    61.7   02:30     00.0     10.0   00.00   00.5     08.1    14:30      N 
05    77.5    91.4   18:00    62.5   07:00     00.0     12.6   00.00   00.5     08.1    17:30     NNE
06    78.4    92.8   16:00    61.7   14:30     00.0     13.4   00.00   00.8     11.5    17:30     SSE
07    75.0    92.4   17:00    61.7   21:30     00.0     10.1   02.93   02.1     80.5    00:33      SW
08    73.3    86.8   15:00    61.7   02:00     00.0     08.4   00.49   00.7     12.7    16:30     ESE
09    76.3    88.1   15:00    61.8   23:30     00.0     11.4   00.00   02.6     20.7    18:30     SSE
10    77.1    87.1   15:00    61.8   04:00     00.0     12.1   00.00   02.8     16.1    19:00     SSE
11    76.2    85.3   17:30    67.9   08:00     00.0     11.2   00.00   01.5     11.5    17:30      SE
12    76.3    86.6   16:30    62.1   05:20     00.0     11.3   00.01   04.2     80.5    00:33     SSE
13    78.2    88.8   18:30    62.4   19:30     00.0     13.2   00.03   02.2     11.5    16:00     SSE
14    80.5    94.8   16:30    62.4   08:50     00.0     15.6   00.00   02.6     10.3    13:30     WSW
15    80.8    92.8   16:30    62.6   13:00     00.0     15.9   00.00   01.7     12.7    15:30     WNW
16    77.0    87.8   17:10    62.5   07:00     00.0     12.1   00.00   03.4     17.3    15:30     WNW
17    72.1    83.2   19:30    62.8   17:30     00.0     07.1   00.00   02.3     16.1    12:00      NW
18    73.3    86.4   18:00    60.3   05:00     00.0     08.3   00.00   01.7     13.8    14:00     SSE
19    69.6    82.5   13:10    61.7   00:00     00.0     04.7   00.26   02.1     13.8    13:50     WNW
20    68.6    80.0   16:30    60.1   04:00     00.0     03.7   00.01   02.0     17.3    16:30     WNW
21    71.0    84.1   16:30    57.3   07:00     00.0     06.1   00.00   01.6     11.5    13:00     WNW
22    75.0    87.9   18:00    61.1   07:30     00.0     10.1   00.00   02.1     13.8    14:30     WNW
23    79.3    90.9   18:00    62.9   17:00     00.0     14.3   00.00   01.4     11.5    17:30     NNW
24    75.2    90.5   17:30    62.2   07:00     00.0     10.3   00.00   01.9     12.7    13:40     SSW
25    75.4    88.7   17:30    62.4   07:30     00.0     10.5   00.00   01.7     12.7    17:30     SSW
26    75.9    84.3   15:30    62.7   23:30     00.0     10.9   00.18   01.7     12.7    12:30     NNW
27    79.3    91.1   16:30    62.7   22:30     00.0     14.4   00.51   01.4     12.7    20:30     SSE
28    73.3    76.9   19:00    62.7   12:00     00.0     08.3   00.58   01.5     10.3    18:30      S 
29    76.5    86.9   19:30    62.8   17:00     00.0     11.6   00.01   01.6     10.3    17:30      SW
30    78.8    94.1   16:20    62.8   22:30     00.0     13.8   00.01   03.1     13.8    14:00      W 
----------------------------------------------------------------------------------------------------------------------------------------------------------
74.5 (73.9)   94.8  day 14     57.3  day 21   005.4    292.4   06.84   01.9     80.5   day 09      SW
Max >=  86: 20
Min <=  86: 30
Max Rain: 2.93 ON 7-06-10
Days of Rain: 68 (> .008in) 8 (> .08in) 3 (> 0.8in)