NOAA Reports


Report for 2001 May
MONTHLY CLIMATOLOGICAL SUMMARY for MAY. 2001

NAME: Sunset Beach   CITY: Sunset Beach (Mainland) STATE: North Carolina
ELEV: 52 LAT: 033:54:59 LONG: 0078:29:50

                            TEMPERATURE ( F), RAIN (in.), WIND SPEED (mph)

                                               HEAT     COOL           AVG
      MEAN                                     DEG      DEG            WIND                       DOM
DAY   TEMP    HIGH   TIME     LOW    TIME      DAYS     DAYS    RAIN   SPEED    HIGH    TIME      DIR
----------------------------------------------------------------------------------------------------------------------------------------------------------
01    68.2    78.6   18:00    49.8   07:30     00.0     03.2   00.00   00.8     11.5    15:30      W 
02    67.9    79.9   15:30    52.5   07:30     00.0     03.0   00.00   00.8     10.3    15:30      W 
03    67.8    81.6   15:00    51.2   07:20     00.0     02.8   00.00   00.1     08.1    16:00     WNW
04    71.7    84.0   15:00    51.1   07:30     00.0     06.7   00.00   00.1     09.2    17:30      W 
05    70.4    86.1   15:30    53.4   06:30     00.0     05.4   00.00   00.0     03.5    16:30      W 
06    68.5    75.5   15:00    62.8   00:00     00.0     03.5   00.00   01.9     12.7    16:30      E 
07    61.1    70.4   17:30    53.0   09:00     03.8     00.0   00.00   01.9     13.8    06:30     ENE
08    60.8    71.0   14:30    48.2   07:00     04.2     00.0   00.00   00.5     09.2    13:30      NW
09    67.9    78.0   18:30    58.7   07:30     00.0     03.0   00.01   00.5     06.9    15:30      W 
10    67.9    81.8   17:00    53.9   06:30     00.0     03.0   00.00   00.0     09.2    18:30      NW
11    71.5    85.3   15:30    55.6   07:30     00.0     06.6   00.00   00.4     06.9    18:30      W 
12    70.6    81.9   12:30    56.5   07:30     00.0     05.7   00.00   00.4     06.9    16:30     WSW
13    68.2    76.1   17:00    54.3   00:00     00.0     03.2   00.00   01.1     09.2    10:00      E 
14    61.7    74.7   15:00    40.9   07:30     03.2     00.0   00.00   00.3     09.2    12:30     ENE
15    68.6    85.6   16:30    52.6   02:00     00.0     03.7   00.00   00.4     08.1    20:00      W 
16    67.7    79.5   14:00    55.6   07:30     00.0     02.7   00.00   01.4     12.7    15:00      E 
17    60.4    63.8   17:30    57.0   06:30     04.6     00.0   00.14   00.5     06.9    01:29      NE
18    70.6    86.5   16:30    59.2   03:30     00.0     05.7   00.00   00.6     11.5    15:30      W 
19    74.9    89.5   15:00    56.9   07:30     00.0     10.0   00.14   00.4     10.3    21:00     SSW
20    71.0    81.3   16:30    62.5   07:00     00.0     06.1   00.01   00.4     06.9    16:00      NE
21    72.2    78.7   19:30    68.1   07:00     00.0     07.3   00.18   00.9     11.5    18:30     WNW
22    72.4    81.2   16:00    62.8   00:00     00.0     07.5   00.37   01.6     16.1    14:30      W 
23    64.8    74.1   17:00    47.7   07:30     00.2     00.0   00.00   00.6     11.5    10:30      S 
24    66.6    80.7   17:00    47.3   07:30     00.0     01.6   00.03   00.6     19.6    14:30     WSW
25    65.7    75.2   00:33    60.2   06:30     00.0     00.8   00.11   00.8     48.3    00:33     WNW
26    65.5    75.4   17:30    56.8   00:00     00.0     00.5   00.36   00.4     08.1    16:30     WNW
27    69.8    80.7   16:30    49.2   07:00     00.0     04.9   00.00   01.1     11.5    14:00      W 
28    63.4    71.5   17:30    54.4   06:30     01.6     00.0   00.48   00.3     06.9    17:00      W 
29    69.7    79.3   15:30    61.2   00:00     00.0     04.8   00.35   00.5     09.2    16:00      E 
30    68.9    80.9   17:30    53.6   07:30     00.0     03.9   00.00   00.0     04.6    16:30      E 
31    69.6    76.4   15:00    62.7   08:00     00.0     04.6   00.00   00.6     08.1    11:30     ENE
----------------------------------------------------------------------------------------------------------------------------------------------------------
67.9 (67.0)   89.5  day 19     40.9  day 14   017.6    110.3   02.68   00.6     48.3   day 25     WNW
Max >=  86: 3
Min <=  86: 31
Max Rain: 0.48 ON 28-05-10
Days of Rain: 11 (> .008in) 8 (> .08in) 0 (> 0.8in)