NOAA Reports


Report for 2002 Aug
MONTHLY CLIMATOLOGICAL SUMMARY for AUG. 2002

NAME: Sunset Beach   CITY: Sunset Beach (Mainland) STATE: North Carolina
ELEV: 52 LAT: 033:54:59 LONG: 0078:29:50

                            TEMPERATURE ( F), RAIN (in.), WIND SPEED (mph)

                                               HEAT     COOL           AVG
      MEAN                                     DEG      DEG            WIND                       DOM
DAY   TEMP    HIGH   TIME     LOW    TIME      DAYS     DAYS    RAIN   SPEED    HIGH    TIME      DIR
----------------------------------------------------------------------------------------------------------------------------------------------------------
01    83.8    101.0   17:00    70.0   07:30     00.0     18.9   00.00   01.2     17.3    17:00     ESE
02    81.6    100.8   17:00    66.4   21:30     00.0     16.7   00.00   01.0     26.4    19:30      SE
03    82.6    102.0   17:30    66.2   07:30     00.0     17.6   00.00   00.5     17.3    16:00     ESE
04    82.7    98.9   17:30    66.9   07:30     00.0     17.7   00.00   01.3     19.6    16:00     ESE
05    83.0    101.3   18:00    66.7   07:30     00.0     18.0   00.00   00.2     14.9    15:30      NE
06    82.7    97.8   17:00    68.3   07:30     00.0     17.8   00.00   02.2     23.0    11:30     NNE
07    76.3    91.2   18:00    61.0   07:30     00.0     11.3   00.00   02.0     18.4    17:00     NNE
08    73.9    93.8   19:00    55.7   07:30     00.0     09.0   00.00   01.4     19.6    15:30      NE
09    74.3    94.2   18:00    55.5   07:30     00.0     09.4   00.00   00.8     12.7    14:30     ESE
10    75.8    95.7   18:00    57.5   07:30     00.0     10.9   00.00   01.0     13.8    12:00      S 
11    78.7    99.4   18:00    59.7   08:00     00.0     13.8   00.00   01.0     11.5    14:00      W 
12    83.9    101.2   19:00    68.8   08:00     00.0     18.9   00.00   01.2     14.9    16:00      NW
13    84.4    100.2   16:30    69.6   08:30     00.0     19.4   00.00   02.4     17.3    17:00     SSE
14    78.1    94.3   17:30    66.3   08:00     00.0     13.2   00.13   02.7     28.8    18:00     SSE
15    79.5    92.8   15:00    72.6   07:30     00.0     14.6   00.56   02.1     21.9    16:30     SSE
16    77.1    92.0   17:00    66.7   07:30     00.0     12.1   00.49   01.4     12.7    16:30     NNW
17    78.1    93.0   17:30    70.4   08:00     00.0     13.2   01.08   01.5     16.1    17:30      NW
18    82.0    97.1   17:00    69.3   07:00     00.0     17.1   00.00   00.9     16.1    13:30     NNW
19    80.9    95.3   15:00    69.7   08:00     00.0     15.9   00.00   01.2     19.6    18:00      E 
20    81.4    96.7   18:30    68.0   08:00     00.0     16.5   00.00   01.3     14.9    14:00      N 
21    81.5    97.6   16:00    69.0   06:00     00.0     16.6   00.00   01.4     13.8    18:30     ENE
22    83.3    98.9   18:30    72.0   07:00     00.0     18.3   00.00   01.6     12.7    17:30     SSE
23    84.9    101.1   17:30    72.0   06:00     00.0     19.9   00.00   01.2     13.8    14:30     NNW
24    82.8    97.8   16:30    72.1   08:00     00.0     17.9   00.00   01.8     34.5    19:30     NNW
25    76.4    93.2   14:30    67.6   08:00     00.0     11.4   00.15   01.1     11.5    15:30      N 
26    74.8    84.9   15:30    70.7   02:30     00.0     09.8   00.01   01.9     19.6    18:00     NNE
27    71.2    75.7   19:30    68.0   08:00     00.0     06.3   00.26   01.8     14.9    19:00     NNE
28    67.6    69.4   15:00    66.1   08:30     00.0     02.6   00.33   03.0     14.9    18:30     NNE
29    70.2    76.3   15:30    66.3   04:00     00.0     05.2   00.00   02.1     14.9    09:30     NNE
30    66.6    67.7   00:30    64.6   22:25     00.0     01.6   00.00   02.8     16.1    15:00     NNE
----------------------------------------------------------------------------------------------------------------------------------------------------------
78.3 (80.1)   102.0  day 03     55.5  day 09   000.0    415.5   02.01   01.6     34.5   day 24     NNE
Max >=  86: 25
Min <=  86: 31
Max Rain: 0.56 ON 15-08-10
Days of Rain: 9 (> .008in) 7 (> .08in) 0 (> 0.8in)