NOAA Reports


Report for 2002 Oct
 MONTHLY CLIMATOLOGICAL SUMMARY for OCT. 2002

NAME: Sunset Beach   CITY: Sunset Beach (Mainland) STATE: North Carolina
ELEV: 52 LAT: 033:54:59 LONG: 0078:29:50

                            TEMPERATURE ( F), RAIN (in.), WIND SPEED (mph)

                                               HEAT     COOL           AVG
      MEAN                                     DEG      DEG            WIND                       DOM
DAY   TEMP    HIGH   TIME     LOW    TIME      DAYS     DAYS    RAIN   SPEED    HIGH    TIME      DIR
----------------------------------------------------------------------------------------------------------------------------------------------------------
01    73.7    91.1   17:30    62.9   02:30     00.0     08.8   00.00   00.9     06.9    18:00     ESE
02    75.1    92.5   17:00    62.5   08:30     00.0     10.2   00.00   00.6     08.1    13:30      S 
03    76.0    90.6   15:00    64.1   08:30     00.0     11.0   00.00   00.1     06.9    16:30     NNW
04    75.8    88.5   16:00    64.8   08:30     00.0     10.8   00.00   00.2     10.3    13:30     WNW
05    77.1    90.5   18:00    65.2   08:30     00.0     12.2   00.00   01.2     11.5    14:30      N 
06    70.4    85.6   18:00    62.7   07:00     00.0     05.5   00.00   01.3     14.9    11:30     NNE
07    69.7    86.0   16:00    58.9   07:30     00.0     04.8   00.00   01.0     21.9    19:30      N 
08    63.1    67.5   13:00    56.7   00:00     01.8     00.0   00.09   01.3     14.9    13:30     NNE
09    63.8    74.4   15:00    55.3   02:30     01.2     00.0   00.27   01.9     13.8    17:00     NNE
10    68.4    78.9   17:00    63.7   06:00     00.0     03.4   02.38   02.4     14.9    14:30     NNE
11    70.3    85.2   16:30    61.2   06:00     00.0     05.3   00.00   00.3     05.8    15:00     NNE
12    67.0    70.0   15:30    62.4   00:00     00.0     02.0   01.09   01.0     13.8    04:30     NNE
13    58.7    64.7   15:30    55.1   07:00     06.3     00.0   00.00   02.5     18.4    13:30     NNE
14    52.0    67.2   06:29    50.1   12:30     12.9     00.0   00.53   03.2     14.9    09:30     NNE
15    59.0    69.6   17:30    52.3   02:04     06.0     00.0   00.29   03.2     18.4    14:00      N 
16    54.1    67.6   17:00    44.8   07:00     10.8     00.0   00.00   01.3     12.7    18:00      N 
17    51.6    70.7   16:30    38.5   08:30     13.4     00.0   00.00   00.0     06.9    17:00      N 
18    55.5    76.1   17:00    40.4   08:30     09.5     00.0   00.00   00.4     11.5    17:00     SSE
19    60.8    70.0   16:30    49.9   04:30     04.2     00.0   00.03   00.7     11.5    14:00      NE
20    59.5    64.3   12:00    52.5   23:30     05.5     00.0   00.44   01.1     13.8    15:00      N 
21    53.9    57.6   18:00    51.2   06:00     11.1     00.0   00.08   01.5     10.3    15:00     NNE
22    58.4    74.2   17:30    52.9   06:00     06.5     00.0   00.00   00.8     06.9    17:30      NE
23    56.1    61.7   13:30    52.4   01:30     08.8     00.0   00.00   01.4     12.7    13:00     ENE
24    54.2    56.1   00:30    52.6   00:00     10.8     00.0   00.13   02.2     18.4    06:30     NNE
25    58.3    67.0   15:00    52.1   06:30     06.6     00.0   00.02   01.0     09.2    00:30      N 
26    62.5    72.4   15:30    57.2   02:30     02.4     00.0   00.00   00.7     09.2    14:00      NE
27    58.4    61.4   12:30    53.1   00:00     06.6     00.0   00.45   01.4     11.5    20:30      N 
28    50.3    53.1   02:30    48.4   23:30     14.7     00.0   00.13   02.1     11.5    12:00     NNE
29    52.4    61.3   16:30    38.3   03:00     12.5     00.0   00.01   02.2     14.9    19:00      N 
----------------------------------------------------------------------------------------------------------------------------------------------------------
62.3 (63.8)   92.5  day 02     38.3  day 29   151.4    074.1   06.14   01.3     21.9   day 25     NNE
Max >=  86: 6
Min <=  86: 29
Max Rain: 2.38 ON 10-10-10
Days of Rain: 14 (> .008in) 11 (> .08in) 2 (> 0.8in)